{"id":17342,"date":"2023-09-25T20:49:35","date_gmt":"2023-09-25T20:49:35","guid":{"rendered":"https:\/\/www.justice4all.org\/cerrar-el-centro-de-detencion-de-farmville\/"},"modified":"2024-02-14T16:24:48","modified_gmt":"2024-02-14T16:24:48","slug":"cerrar-el-centro-de-detencion-de-farmville","status":"publish","type":"page","link":"https:\/\/www.justice4all.org\/es\/cerrar-el-centro-de-detencion-de-farmville\/","title":{"rendered":"Cerrar el Centro de Detenci\u00f3n de Farmville"},"content":{"rendered":"\n\n\n  <style type=\"text\/css\">\n    #block_b6a4954c1f43d48d2a52f0b07ec51c6e {\n                                        margin-left: calc(0 * 16px);\n                          margin-right: calc(0 * 16px);\n              \n                                        padding-left: calc(0 * 16px);\n                          padding-right: calc(0 * 16px);\n                  }\n\n    @media screen and (min-width: 768px) and (max-width: 991px) {\n      #block_b6a4954c1f43d48d2a52f0b07ec51c6e {\n                                                  margin-left: calc(0 * 12px);  \n                                margin-right: calc(0 * 12px);  \n                    \n                                                  padding-left: calc(0 * 12px);\n                                padding-right: calc(0 * 12px);\n                        }\n    }\n\n    @media screen and (min-width: 480px) and (max-width: 767px) {\n      #block_b6a4954c1f43d48d2a52f0b07ec51c6e {\n                                                  margin-left: calc(0 * 8px);  \n                                margin-right: calc(0 * 8px);  \n                    \n                                                  padding-left: calc(0 * 8px);\n                                padding-right: calc(0 * 8px);\n                        }\n    }\n\n    @media screen and (max-width: 479px) {\n      #block_b6a4954c1f43d48d2a52f0b07ec51c6e {\n                                                  margin-left: calc(0 * 4px);  \n                                margin-right: calc(0 * 4px);  \n                    \n                                                  padding-left: calc(0 * 4px);\n                                padding-right: calc(0 * 4px);\n                        }\n    }\n\n  <\/style>\n\n\n<div id=\"block_b6a4954c1f43d48d2a52f0b07ec51c6e\" class=\"content-wrapper-block  style-normal bg-width-full \">\n\t<div class=\"container-fluid\">\n\t\t<div class=\"row justify-content-center\">\n\t\t\t<div class=\"col-lg-12\">\n\t\t\t\t\t\t\t\t\t<div class=\"row row-content justify-content-center\">\n\t\t\t\t\t\t\n\n\n\n  <style type=\"text\/css\">\n    #block_2e41e3a935bb34d338a295299873d353 > div{\n                                        margin-left: calc(6 * 16px);\n                          margin-right: calc(6 * 16px);\n              \n                                        padding-left: calc(6 * 16px);\n                          padding-right: calc(6 * 16px);\n                  }\n\n    @media screen and (min-width: 768px) and (max-width: 991px) {\n      #block_2e41e3a935bb34d338a295299873d353 > div{\n                                                  margin-left: calc(6 * 12px);  \n                                margin-right: calc(6 * 12px);  \n                    \n                                                  padding-left: calc(6 * 12px);\n                                padding-right: calc(6 * 12px);\n                        }\n    }\n\n    @media screen and (min-width: 480px) and (max-width: 767px) {\n      #block_2e41e3a935bb34d338a295299873d353 > div{\n                                                  margin-left: calc(6 * 8px);  \n                                margin-right: calc(6 * 8px);  \n                    \n                                                  padding-left: calc(6 * 8px);\n                                padding-right: calc(6 * 8px);\n                        }\n    }\n\n    @media screen and (max-width: 479px) {\n      #block_2e41e3a935bb34d338a295299873d353 > div{\n                                                  margin-left: calc(6 * 4px);  \n                                margin-right: calc(6 * 4px);  \n                    \n                                                  padding-left: calc(6 * 4px);\n                                padding-right: calc(6 * 4px);\n                        }\n    }\n\n  <\/style>\n\n<style type=\"text\/css\">\n\t.edit-post-visual-editor [data-block=\"2e41e3a935bb34d338a295299873d353\"] {\n\t\twidth: calc((12 \/ 12) * 100%)!important;\n\t\tmin-width: calc((12 \/ 12) * 100%)!important;\n\t}\n<\/style>\n\n<div id=\"block_2e41e3a935bb34d338a295299873d353\" class=\"col-lg-12 custom-column-block\">\n\t<div class=\"custom-column-wrapper  \">\n\t\t\n\n<div style=\"height:14px\" aria-hidden=\"true\" class=\"wp-block-spacer\"><\/div>\n\n\n\n\n\n\n<div id=\"block_4110b1b565274da5dd6a4e8b30c30f32\" class=\"text-image-block\">\n  <div class=\"container-fluid\">\n    <div class=\"text-image-wrapper flex-direction-row\">\n      <div class=\"text\"><p>Desde su apertura en 2010, el Centro de Detenci\u00f3n de Farmville (tambi\u00e9n conocido como ICA-Farmville) ha sido escenario de abusos contra los derechos humanos de los inmigrantes detenidos. Desde el inicio de la pandemia de COVID-19 en 2020, la <a href=\"https:\/\/www.facebook.com\/FreeThemAllVA\/\">coalici\u00f3n Free Them All VA<\/a>, de la que es miembro el Legal Aid Justice Center, se ha estado organizando para cerrar el centro de detenci\u00f3n con el objetivo de liberar a los detenidos all\u00ed.  <a href=\"https:\/\/medium.com\/@FreeThemAllVA\">M\u00e1s informaci\u00f3n sobre la campa\u00f1a y por qu\u00e9 debe cerrarse el centro de detenci\u00f3n aqu\u00ed.  <\/a><\/p><p><b>La ciudad de Farmville est\u00e1 considerando seriamente terminar su contrato con ICE e ICA (Immigration Centers of America) el 29 de marzo, \u00a1lo que ser\u00eda un gran paso hacia el cierre de ICA-Farmville!&nbsp;<\/b><\/p><\/div>\n      <div class=\"img\"><img decoding=\"async\" src=\"https:\/\/www.justice4all.org\/wp-content\/uploads\/2023\/09\/MicrosoftTeams-image-7-800x0-c-default.png\" \/><\/div>\n    <\/div>\n  <\/div>\n<\/div>\n\n\n\n<p>El 13 de septiembre, dos d\u00edas antes de que expirara el contrato anterior, la coalici\u00f3n Free Them All Virginia moviliz\u00f3 a m\u00e1s de 80 personas hasta el pleno del ayuntamiento exigiendo que no se renovara el contrato.  <strong>El ayuntamiento sinti\u00f3 la presencia de la comunidad y vot\u00f3 por unanimidad que el administrador municipal investigara las repercusiones de rescindir el contrato.<\/strong>  El contrato se prorrog\u00f3 dos veces m\u00e1s, la primera hasta el 30 de septiembre.<sup>y <\/sup>la segunda y actual hasta el 29 de marzo<sup>th<\/sup>, lo que significa<strong> <\/strong>\u00a1tenemos una oportunidad extra de movilizarnos para acabar con el contrato de una vez por todas!  <\/p>\n\n\n\n<p><strong>Act\u00faa a continuaci\u00f3n para ponerte en contacto con el Ayuntamiento, el alcalde y el vicealcalde de Farmville para poner fin al contrato de la ciudad con ICE e ICA.<\/strong>  Por favor, personalice los mensajes de abajo para reflejar si usted es un residente de Farmville y cualquier afiliaci\u00f3n organizativa que pueda tener, as\u00ed como cualquier otra cosa que le gustar\u00eda decir.  <\/p>\n\n\n\n<div style=\"height:31px\" aria-hidden=\"true\" class=\"wp-block-spacer\"><\/div>\n\n\n<div\n      data-action-center-id=\"d41c2ab5-0744-488b-a817-a329cb4ceff7\"\n      data-domain=\"https:\/\/mstr.app\"\n      data-height=\"1000\"\n      data-width=\"1055\"\n      data-height-full=\"true\"\n      id=\"muster-widget-v2-action-center-d41c2ab5-0744-488b-a817-a329cb4ceff7\"\n    ><br \/>\n      <script\n        src=\"https:\/\/widgets.muster.com\/v2\/action-center-20220425.js\"\n        widget-id=\"muster-widget-v2-action-center-d41c2ab5-0744-488b-a817-a329cb4ceff7\"\n      ><\/script>\n    <\/div>\n\n\n\n<div style=\"height:26px\" aria-hidden=\"true\" class=\"wp-block-spacer\"><\/div>\n\n\n\t<\/div>\n<\/div>\n\n\t\t\t\t\t<\/div>\n\t\t\t\t\t\t\t\n\t\t\t<\/div>\n\t\t<\/div>\n\t<\/div>\n\n\t<style type=\"text\/css\">\n\t\t.edit-post-visual-editor [data-block=\"b6a4954c1f43d48d2a52f0b07ec51c6e\"] .block-editor-block-list__layout {\n\t\t\tjustify-content: center;\n\t\t}\n\n\t\t\t<\/style>\n<\/div>\n","protected":false},"excerpt":{"rendered":"","protected":false},"author":4,"featured_media":0,"parent":0,"menu_order":4,"comment_status":"closed","ping_status":"closed","template":"","meta":{"footnotes":""},"lajc-tax-roles":[],"lajc-tax-issues":[],"lajc-tax-locations":[],"class_list":["post-17342","page","type-page","status-publish","hentry"],"acf":[],"yoast_head":"<!-- This site is optimized with the Yoast SEO plugin v27.5 - https:\/\/yoast.com\/product\/yoast-seo-wordpress\/ -->\n<title>Cerrar el Centro de Detenci\u00f3n de Farmville - Legal Aid Justice Center<\/title>\n<meta name=\"robots\" content=\"index, follow, max-snippet:-1, max-image-preview:large, max-video-preview:-1\" \/>\n<link rel=\"canonical\" href=\"https:\/\/www.justice4all.org\/es\/cerrar-el-centro-de-detencion-de-farmville\/\" \/>\n<meta property=\"og:locale\" content=\"es_ES\" \/>\n<meta property=\"og:type\" content=\"article\" \/>\n<meta property=\"og:title\" content=\"Cerrar el Centro de Detenci\u00f3n de Farmville - Legal Aid Justice Center\" \/>\n<meta property=\"og:url\" content=\"https:\/\/www.justice4all.org\/es\/cerrar-el-centro-de-detencion-de-farmville\/\" \/>\n<meta property=\"og:site_name\" content=\"Legal Aid Justice Center\" \/>\n<meta property=\"article:modified_time\" content=\"2024-02-14T16:24:48+00:00\" \/>\n<meta name=\"twitter:card\" content=\"summary_large_image\" \/>\n<meta name=\"twitter:label1\" content=\"Tiempo de lectura\" \/>\n\t<meta name=\"twitter:data1\" content=\"1 minuto\" \/>\n<script type=\"application\/ld+json\" class=\"yoast-schema-graph\">{\"@context\":\"https:\\\/\\\/schema.org\",\"@graph\":[{\"@type\":\"WebPage\",\"@id\":\"https:\\\/\\\/www.justice4all.org\\\/es\\\/cerrar-el-centro-de-detencion-de-farmville\\\/\",\"url\":\"https:\\\/\\\/www.justice4all.org\\\/es\\\/cerrar-el-centro-de-detencion-de-farmville\\\/\",\"name\":\"Cerrar el Centro de Detenci\u00f3n de Farmville - Legal Aid Justice Center\",\"isPartOf\":{\"@id\":\"https:\\\/\\\/www.justice4all.org\\\/es\\\/#website\"},\"datePublished\":\"2023-09-25T20:49:35+00:00\",\"dateModified\":\"2024-02-14T16:24:48+00:00\",\"breadcrumb\":{\"@id\":\"https:\\\/\\\/www.justice4all.org\\\/es\\\/cerrar-el-centro-de-detencion-de-farmville\\\/#breadcrumb\"},\"inLanguage\":\"es\",\"potentialAction\":[{\"@type\":\"ReadAction\",\"target\":[\"https:\\\/\\\/www.justice4all.org\\\/es\\\/cerrar-el-centro-de-detencion-de-farmville\\\/\"]}]},{\"@type\":\"BreadcrumbList\",\"@id\":\"https:\\\/\\\/www.justice4all.org\\\/es\\\/cerrar-el-centro-de-detencion-de-farmville\\\/#breadcrumb\",\"itemListElement\":[{\"@type\":\"ListItem\",\"position\":1,\"name\":\"Home\",\"item\":\"https:\\\/\\\/www.justice4all.org\\\/es\\\/\"},{\"@type\":\"ListItem\",\"position\":2,\"name\":\"Cerrar el Centro de Detenci\u00f3n de Farmville\"}]},{\"@type\":\"WebSite\",\"@id\":\"https:\\\/\\\/www.justice4all.org\\\/es\\\/#website\",\"url\":\"https:\\\/\\\/www.justice4all.org\\\/es\\\/\",\"name\":\"Legal Aid Justice Center\",\"description\":\"\",\"potentialAction\":[{\"@type\":\"SearchAction\",\"target\":{\"@type\":\"EntryPoint\",\"urlTemplate\":\"https:\\\/\\\/www.justice4all.org\\\/es\\\/?s={search_term_string}\"},\"query-input\":{\"@type\":\"PropertyValueSpecification\",\"valueRequired\":true,\"valueName\":\"search_term_string\"}}],\"inLanguage\":\"es\"}]}<\/script>\n<!-- \/ Yoast SEO plugin. -->","yoast_head_json":{"title":"Cerrar el Centro de Detenci\u00f3n de Farmville - Legal Aid Justice Center","robots":{"index":"index","follow":"follow","max-snippet":"max-snippet:-1","max-image-preview":"max-image-preview:large","max-video-preview":"max-video-preview:-1"},"canonical":"https:\/\/www.justice4all.org\/es\/cerrar-el-centro-de-detencion-de-farmville\/","og_locale":"es_ES","og_type":"article","og_title":"Cerrar el Centro de Detenci\u00f3n de Farmville - Legal Aid Justice Center","og_url":"https:\/\/www.justice4all.org\/es\/cerrar-el-centro-de-detencion-de-farmville\/","og_site_name":"Legal Aid Justice Center","article_modified_time":"2024-02-14T16:24:48+00:00","twitter_card":"summary_large_image","twitter_misc":{"Tiempo de lectura":"1 minuto"},"schema":{"@context":"https:\/\/schema.org","@graph":[{"@type":"WebPage","@id":"https:\/\/www.justice4all.org\/es\/cerrar-el-centro-de-detencion-de-farmville\/","url":"https:\/\/www.justice4all.org\/es\/cerrar-el-centro-de-detencion-de-farmville\/","name":"Cerrar el Centro de Detenci\u00f3n de Farmville - Legal Aid Justice Center","isPartOf":{"@id":"https:\/\/www.justice4all.org\/es\/#website"},"datePublished":"2023-09-25T20:49:35+00:00","dateModified":"2024-02-14T16:24:48+00:00","breadcrumb":{"@id":"https:\/\/www.justice4all.org\/es\/cerrar-el-centro-de-detencion-de-farmville\/#breadcrumb"},"inLanguage":"es","potentialAction":[{"@type":"ReadAction","target":["https:\/\/www.justice4all.org\/es\/cerrar-el-centro-de-detencion-de-farmville\/"]}]},{"@type":"BreadcrumbList","@id":"https:\/\/www.justice4all.org\/es\/cerrar-el-centro-de-detencion-de-farmville\/#breadcrumb","itemListElement":[{"@type":"ListItem","position":1,"name":"Home","item":"https:\/\/www.justice4all.org\/es\/"},{"@type":"ListItem","position":2,"name":"Cerrar el Centro de Detenci\u00f3n de Farmville"}]},{"@type":"WebSite","@id":"https:\/\/www.justice4all.org\/es\/#website","url":"https:\/\/www.justice4all.org\/es\/","name":"Legal Aid Justice Center","description":"","potentialAction":[{"@type":"SearchAction","target":{"@type":"EntryPoint","urlTemplate":"https:\/\/www.justice4all.org\/es\/?s={search_term_string}"},"query-input":{"@type":"PropertyValueSpecification","valueRequired":true,"valueName":"search_term_string"}}],"inLanguage":"es"}]}},"_links":{"self":[{"href":"https:\/\/www.justice4all.org\/es\/wp-json\/wp\/v2\/pages\/17342","targetHints":{"allow":["GET"]}}],"collection":[{"href":"https:\/\/www.justice4all.org\/es\/wp-json\/wp\/v2\/pages"}],"about":[{"href":"https:\/\/www.justice4all.org\/es\/wp-json\/wp\/v2\/types\/page"}],"author":[{"embeddable":true,"href":"https:\/\/www.justice4all.org\/es\/wp-json\/wp\/v2\/users\/4"}],"replies":[{"embeddable":true,"href":"https:\/\/www.justice4all.org\/es\/wp-json\/wp\/v2\/comments?post=17342"}],"version-history":[{"count":0,"href":"https:\/\/www.justice4all.org\/es\/wp-json\/wp\/v2\/pages\/17342\/revisions"}],"wp:attachment":[{"href":"https:\/\/www.justice4all.org\/es\/wp-json\/wp\/v2\/media?parent=17342"}],"wp:term":[{"taxonomy":"lajc-tax-roles","embeddable":true,"href":"https:\/\/www.justice4all.org\/es\/wp-json\/wp\/v2\/lajc-tax-roles?post=17342"},{"taxonomy":"lajc-tax-issues","embeddable":true,"href":"https:\/\/www.justice4all.org\/es\/wp-json\/wp\/v2\/lajc-tax-issues?post=17342"},{"taxonomy":"lajc-tax-locations","embeddable":true,"href":"https:\/\/www.justice4all.org\/es\/wp-json\/wp\/v2\/lajc-tax-locations?post=17342"}],"curies":[{"name":"wp","href":"https:\/\/api.w.org\/{rel}","templated":true}]}}

Cerrar el Centro de Detención de Farmville

<style type="text/css">
    #block_b6a4954c1f43d48d2a52f0b07ec51c6e {
                                        margin-left: calc(0 * 16px);
                          margin-right: calc(0 * 16px);
              
                                        padding-left: calc(0 * 16px);
                          padding-right: calc(0 * 16px);
                  }

    @media screen and (min-width: 768px) and (max-width: 991px) {
      #block_b6a4954c1f43d48d2a52f0b07ec51c6e {
                                                  margin-left: calc(0 * 12px);  
                                margin-right: calc(0 * 12px);  
                    
                                                  padding-left: calc(0 * 12px);
                                padding-right: calc(0 * 12px);
                        }
    }

    @media screen and (min-width: 480px) and (max-width: 767px) {
      #block_b6a4954c1f43d48d2a52f0b07ec51c6e {
                                                  margin-left: calc(0 * 8px);  
                                margin-right: calc(0 * 8px);  
                    
                                                  padding-left: calc(0 * 8px);
                                padding-right: calc(0 * 8px);
                        }
    }

    @media screen and (max-width: 479px) {
      #block_b6a4954c1f43d48d2a52f0b07ec51c6e {
                                                  margin-left: calc(0 * 4px);  
                                margin-right: calc(0 * 4px);  
                    
                                                  padding-left: calc(0 * 4px);
                                padding-right: calc(0 * 4px);
                        }
    }

  </style>


<div id="block_b6a4954c1f43d48d2a52f0b07ec51c6e" class="content-wrapper-block  style-normal bg-width-full ">
	<div class="container-fluid">
		<div class="row justify-content-center">
			<div class="col-lg-12">
									<div class="row row-content justify-content-center">
						



  <style type="text/css">
    #block_2e41e3a935bb34d338a295299873d353 > div{
                                        margin-left: calc(6 * 16px);
                          margin-right: calc(6 * 16px);
              
                                        padding-left: calc(6 * 16px);
                          padding-right: calc(6 * 16px);
                  }

    @media screen and (min-width: 768px) and (max-width: 991px) {
      #block_2e41e3a935bb34d338a295299873d353 > div{
                                                  margin-left: calc(6 * 12px);  
                                margin-right: calc(6 * 12px);  
                    
                                                  padding-left: calc(6 * 12px);
                                padding-right: calc(6 * 12px);
                        }
    }

    @media screen and (min-width: 480px) and (max-width: 767px) {
      #block_2e41e3a935bb34d338a295299873d353 > div{
                                                  margin-left: calc(6 * 8px);  
                                margin-right: calc(6 * 8px);  
                    
                                                  padding-left: calc(6 * 8px);
                                padding-right: calc(6 * 8px);
                        }
    }

    @media screen and (max-width: 479px) {
      #block_2e41e3a935bb34d338a295299873d353 > div{
                                                  margin-left: calc(6 * 4px);  
                                margin-right: calc(6 * 4px);  
                    
                                                  padding-left: calc(6 * 4px);
                                padding-right: calc(6 * 4px);
                        }
    }

  </style>

<style type="text/css">
	.edit-post-visual-editor [data-block="2e41e3a935bb34d338a295299873d353"] {
		width: calc((12 / 12) * 100%)!important;
		min-width: calc((12 / 12) * 100%)!important;
	}
</style>

<div id="block_2e41e3a935bb34d338a295299873d353" class="col-lg-12 custom-column-block">
	<div class="custom-column-wrapper  ">
		

<div style="height:14px" aria-hidden="true" class="wp-block-spacer"></div>






<div id="block_4110b1b565274da5dd6a4e8b30c30f32" class="text-image-block">
  <div class="container-fluid">
    <div class="text-image-wrapper flex-direction-row">
      <div class="text"><p>Desde su apertura en 2010, el Centro de Detención de Farmville (también conocido como ICA-Farmville) ha sido escenario de abusos contra los derechos humanos de los inmigrantes detenidos. Desde el inicio de la pandemia de COVID-19 en 2020, la <a href="https://www.facebook.com/FreeThemAllVA/">coalición Free Them All VA</a>, de la que es miembro el Legal Aid Justice Center, se ha estado organizando para cerrar el centro de detención con el objetivo de liberar a los detenidos allí.  <a href="https://medium.com/@FreeThemAllVA">Más información sobre la campaña y por qué debe cerrarse el centro de detención aquí.  </a></p><p><b>La ciudad de Farmville está considerando seriamente terminar su contrato con ICE e ICA (Immigration Centers of America) el 29 de marzo, ¡lo que sería un gran paso hacia el cierre de ICA-Farmville!&nbsp;</b></p></div>
      <div class="img"><img decoding="async" src="https://www.justice4all.org/wp-content/uploads/2023/09/MicrosoftTeams-image-7-800x0-c-default.png" /></div>
    </div>
  </div>
</div>



<p>El 13 de septiembre, dos días antes de que expirara el contrato anterior, la coalición Free Them All Virginia movilizó a más de 80 personas hasta el pleno del ayuntamiento exigiendo que no se renovara el contrato.  <strong>El ayuntamiento sintió la presencia de la comunidad y votó por unanimidad que el administrador municipal investigara las repercusiones de rescindir el contrato.</strong>  El contrato se prorrogó dos veces más, la primera hasta el 30 de septiembre.<sup>y </sup>la segunda y actual hasta el 29 de marzo<sup>th</sup>, lo que significa<strong> </strong>¡tenemos una oportunidad extra de movilizarnos para acabar con el contrato de una vez por todas!  </p>



<p><strong>Actúa a continuación para ponerte en contacto con el Ayuntamiento, el alcalde y el vicealcalde de Farmville para poner fin al contrato de la ciudad con ICE e ICA.</strong>  Por favor, personalice los mensajes de abajo para reflejar si usted es un residente de Farmville y cualquier afiliación organizativa que pueda tener, así como cualquier otra cosa que le gustaría decir.  </p>



<div style="height:31px" aria-hidden="true" class="wp-block-spacer"></div>


<div
      data-action-center-id="d41c2ab5-0744-488b-a817-a329cb4ceff7"
      data-domain="https://mstr.app"
      data-height="1000"
      data-width="1055"
      data-height-full="true"
      id="muster-widget-v2-action-center-d41c2ab5-0744-488b-a817-a329cb4ceff7"
    ><br />
      <script
        src="https://widgets.muster.com/v2/action-center-20220425.js"
        widget-id="muster-widget-v2-action-center-d41c2ab5-0744-488b-a817-a329cb4ceff7"
      ></script>
    </div>



<div style="height:26px" aria-hidden="true" class="wp-block-spacer"></div>


	</div>
</div>

					</div>
							
			</div>
		</div>
	</div>

	<style type="text/css">
		.edit-post-visual-editor [data-block="b6a4954c1f43d48d2a52f0b07ec51c6e"] .block-editor-block-list__layout {
			justify-content: center;
		}

			</style>
</div>

<!-- This site is optimized with the Yoast SEO plugin v27.5 - https://yoast.com/product/yoast-seo-wordpress/ -->
<title>Cerrar el Centro de Detención de Farmville - Legal Aid Justice Center</title>
<meta name="robots" content="index, follow, max-snippet:-1, max-image-preview:large, max-video-preview:-1" />
<link rel="canonical" href="https://www.justice4all.org/es/cerrar-el-centro-de-detencion-de-farmville/" />
<meta property="og:locale" content="es_ES" />
<meta property="og:type" content="article" />
<meta property="og:title" content="Cerrar el Centro de Detención de Farmville - Legal Aid Justice Center" />
<meta property="og:url" content="https://www.justice4all.org/es/cerrar-el-centro-de-detencion-de-farmville/" />
<meta property="og:site_name" content="Legal Aid Justice Center" />
<meta property="article:modified_time" content="2024-02-14T16:24:48+00:00" />
<meta name="twitter:card" content="summary_large_image" />
<meta name="twitter:label1" content="Tiempo de lectura" />
	<meta name="twitter:data1" content="1 minuto" />
<script type="application/ld+json" class="yoast-schema-graph">{"@context":"https:\/\/schema.org","@graph":[{"@type":"WebPage","@id":"https:\/\/www.justice4all.org\/es\/cerrar-el-centro-de-detencion-de-farmville\/","url":"https:\/\/www.justice4all.org\/es\/cerrar-el-centro-de-detencion-de-farmville\/","name":"Cerrar el Centro de Detención de Farmville - Legal Aid Justice Center","isPartOf":{"@id":"https:\/\/www.justice4all.org\/es\/#website"},"datePublished":"2023-09-25T20:49:35+00:00","dateModified":"2024-02-14T16:24:48+00:00","breadcrumb":{"@id":"https:\/\/www.justice4all.org\/es\/cerrar-el-centro-de-detencion-de-farmville\/#breadcrumb"},"inLanguage":"es","potentialAction":[{"@type":"ReadAction","target":["https:\/\/www.justice4all.org\/es\/cerrar-el-centro-de-detencion-de-farmville\/"]}]},{"@type":"BreadcrumbList","@id":"https:\/\/www.justice4all.org\/es\/cerrar-el-centro-de-detencion-de-farmville\/#breadcrumb","itemListElement":[{"@type":"ListItem","position":1,"name":"Home","item":"https:\/\/www.justice4all.org\/es\/"},{"@type":"ListItem","position":2,"name":"Cerrar el Centro de Detención de Farmville"}]},{"@type":"WebSite","@id":"https:\/\/www.justice4all.org\/es\/#website","url":"https:\/\/www.justice4all.org\/es\/","name":"Legal Aid Justice Center","description":"","potentialAction":[{"@type":"SearchAction","target":{"@type":"EntryPoint","urlTemplate":"https:\/\/www.justice4all.org\/es\/?s={search_term_string}"},"query-input":{"@type":"PropertyValueSpecification","valueRequired":true,"valueName":"search_term_string"}}],"inLanguage":"es"}]}</script>
<!-- / Yoast SEO plugin. -->

Cerrar el Centro de Detención de Farmville - Legal Aid Justice Center
