{"id":10473,"date":"2023-04-04T20:54:21","date_gmt":"2023-04-04T20:54:21","guid":{"rendered":"https:\/\/lajc2023stg.wpengine.com\/noticias\/centro-de-prensa\/"},"modified":"2023-07-25T21:50:47","modified_gmt":"2023-07-25T21:50:47","slug":"centro-de-prensa","status":"publish","type":"page","link":"https:\/\/www.justice4all.org\/es\/noticias\/centro-de-prensa\/","title":{"rendered":"Centro de prensa"},"content":{"rendered":"\n\n\n\n\n\n<div id=\"block_739ba9b46ba573f210173f99af21d0b2\" class=\"hero-block\">\n  <div class=\"layout- \" >\n      <\/div>\n<\/div>\n\n\n\n\n<div id=\"block_1a0ad5b24b711352c13b18d6cc167a44\" class=\"content-wrapper-block  style-normal bg-width-full \">\n\t<div class=\"container-fluid\">\n\t\t<div class=\"row justify-content-center\">\n\t\t\t<div class=\"col-lg-12\">\n\t\t\t\t\t\t\t\t\t<div class=\"row row-content justify-content-center\">\n\t\t\t\t\t\t\n\n\n\n\n<style type=\"text\/css\">\n\t.edit-post-visual-editor [data-block=\"032e0b761cb125dbf83eefada513f296\"] {\n\t\twidth: calc((12 \/ 12) * 100%)!important;\n\t\tmin-width: calc((12 \/ 12) * 100%)!important;\n\t}\n<\/style>\n\n<div id=\"block_032e0b761cb125dbf83eefada513f296\" class=\"col-lg-12 custom-column-block\">\n\t<div class=\"custom-column-wrapper  \">\n\t\t\n\n<h2 class=\"wp-block-heading\">Centro de prensa<\/h2>\n\n\n\t<\/div>\n<\/div>\n\n\n\n\n\n<style type=\"text\/css\">\n\t.edit-post-visual-editor [data-block=\"032e0b761cb125dbf83eefada513f296\"] {\n\t\twidth: calc((12 \/ 12) * 100%)!important;\n\t\tmin-width: calc((12 \/ 12) * 100%)!important;\n\t}\n<\/style>\n\n<div id=\"block_032e0b761cb125dbf83eefada513f296\" class=\"col-lg-12 custom-column-block\">\n\t<div class=\"custom-column-wrapper  \">\n\t\t\n\n<p>yetytdytydtytyt dkjhfkjhf<\/p>\n\n\n\t<\/div>\n<\/div>\n\n\t\t\t\t\t<\/div>\n\t\t\t\t\t\t\t\n\t\t\t<\/div>\n\t\t<\/div>\n\t<\/div>\n\n\t<style type=\"text\/css\">\n\t\t.edit-post-visual-editor [data-block=\"1a0ad5b24b711352c13b18d6cc167a44\"] .block-editor-block-list__layout {\n\t\t\tjustify-content: center;\n\t\t}\n\n\t\t\t<\/style>\n<\/div>\n<ul class=\"is-grid columns-2 wp-block-rss\"><li class='wp-block-rss__item'><div class='wp-block-rss__item-title'><a href='https:\/\/www.epi.org\/publication\/forty-organizations-call-on-congress-to-center-workers-in-federal-ai-legislation\/'>Forty organizations call on Congress to center workers in federal AI legislation<\/a><\/div><\/li><li class='wp-block-rss__item'><div class='wp-block-rss__item-title'><a href='https:\/\/www.alexandriabrief.com\/ice-out-of-alexandria-celebrates-200k-cut-to-sheriffs-office-casey-continues-to-say-he-is-following-the-law\/'>ICE Out of Alexandria celebrates $200K &quot;cut&quot; to Sheriff&#039;s Office; Casey continues to say he is following the law<\/a><\/div><\/li><li class='wp-block-rss__item'><div class='wp-block-rss__item-title'><a href='https:\/\/www.justice4all.org\/es\/news\/lajc-post-sesion-2026\/'>LAJC Post-Sesi\u00f3n 2026 - Legal Aid Justice Center<\/a><\/div><\/li><li class='wp-block-rss__item'><div class='wp-block-rss__item-title'><a href='https:\/\/nonprofitquarterly.org\/immigrant-support-networks-step-up-as-ice-enforcement-rises-and-fear-grips-communities\/'>Immigrant Support Networks Step Up as ICE Enforcement Rises and Fear Grips Communities<\/a><\/div><\/li><li class='wp-block-rss__item'><div class='wp-block-rss__item-title'><a href='https:\/\/www.quinnemanuel.com\/the-firm\/charitable-giving\/'>Charitable Giving<\/a><\/div><\/li><\/ul>\n\n\n\n\n\n<div id=\"block_739ba9b46ba573f210173f99af21d0b2\" class=\"hero-block\">\n  <div class=\"layout- \" >\n      <\/div>\n<\/div>\n\n\n\n\n<!-- check: https:\/\/timber.github.io\/docs\/guides\/acf-cookbook\/ -->\n\n<!-- dbt-acf_gutenberg_blocks\/dbt-post-list\/template.twig -->\n\n<div id=\"block_4beed6cc8d4b8b0741954c84881dd583\" class=\"block_4beed6cc8d4b8b0741954c84881dd583 post_list_block  news_list_template_b\">\n\n  \n  \n\t    \n    \n<div class=\"list-container\">\n  <div class=\"results-area list news-list-b load_more_button \" id=\"post_list_block_4beed6cc8d4b8b0741954c84881dd583\">\n    <div class=\"container-fluid\">\n              <div class=\"row row-masonry\">\n                      <div class=\"col-md-6  item\" data-aos=\"slide-up\" data-aos-once=\"true\">\n              <!-- news\/templates\/item.twig   -->\n<div class=\"card\">\n  <div class=\"card-body\">\n\t\t\t\t\t\t\t\t<span class=\"news-date\">mayo 2, 2026<\/span>\n\t\t\t\t\n\t\t<h2 class=\"news-title\"><a href=\"https:\/\/www.justice4all.org\/es\/hola-mundo\/\">\u00a1Hola, mundo!<\/a><\/h2>\n\n\t\t\t\t\t\t\t\t\t<p class=\"news-preview\">\n\t\t\t\t\tBienvenido a WordPress. Este es tu primer puesto. Ed\u00edtalo o b\u00f3rralo, y luego empieza a escribir.\n\t\t\t\t<\/p>\n\t\t\t\t\t\t\t<a class=\"more\" href=\"https:\/\/www.justice4all.org\/es\/hola-mundo\/\">Leer m\u00e1s<\/a>\n  <\/div>\n<\/div>\n<!-- END news\/templates\/item.twig  -->\n            <\/div>\n                      <div class=\"col-md-6  item\" data-aos=\"slide-up\" data-aos-once=\"true\">\n              <!-- news\/templates\/item.twig   -->\n<div class=\"card\">\n  <div class=\"card-body\">\n\t\t\t\t\t\t\t\t<span class=\"news-date\">mayo 2, 2026<\/span>\n\t\t\t\t\n\t\t<h2 class=\"news-title\"><a href=\"https:\/\/www.justice4all.org\/es\/presentado-escrito-previo-al-juicio-en-un-caso-de-desacato-en-fluvanna\/\">Presentado escrito previo al juicio en un caso de desacato en Fluvanna<\/a><\/h2>\n\n\t\t\t\t\t\t\t\t\t<p class=\"news-preview\">\n\t\t\t\t\tHoy, el Centro de Justicia de Asistencia Jur\u00eddica y sus socios pro bono, WileyRein LLP, Kelly &amp; Crandall y Consumer Litigation Associates presentan un escrito previo al juicio en apoyo de su Moci\u00f3n para Mostrar Causas por las que los Demandados no deben ser declarados en rebeld\u00eda por su continuo incumplimiento de proporcionar atenci\u00f3n m\u00e9dica [&hellip;]\n\t\t\t\t<\/p>\n\t\t\t\t\t\t\t<a class=\"more\" href=\"https:\/\/www.justice4all.org\/es\/presentado-escrito-previo-al-juicio-en-un-caso-de-desacato-en-fluvanna\/\">Leer m\u00e1s<\/a>\n  <\/div>\n<\/div>\n<!-- END news\/templates\/item.twig  -->\n            <\/div>\n                  <\/div>\n          <\/div>\n  <\/div>\n\n  \t\t\t<\/div>\n<\/div>\n\n<!-- dbt-acf_gutenberg_blocks\/dbt-post-list\/template.twig -->","protected":false},"excerpt":{"rendered":"","protected":false},"author":4,"featured_media":0,"parent":10449,"menu_order":0,"comment_status":"closed","ping_status":"closed","template":"","meta":{"footnotes":""},"lajc-tax-roles":[],"lajc-tax-issues":[],"lajc-tax-locations":[],"class_list":["post-10473","page","type-page","status-publish","hentry"],"acf":[],"yoast_head":"<!-- This site is optimized with the Yoast SEO plugin v27.5 - https:\/\/yoast.com\/product\/yoast-seo-wordpress\/ -->\n<title>Centro de prensa - Legal Aid Justice Center<\/title>\n<meta name=\"robots\" content=\"index, follow, max-snippet:-1, max-image-preview:large, max-video-preview:-1\" \/>\n<link rel=\"canonical\" href=\"https:\/\/www.justice4all.org\/es\/noticias\/centro-de-prensa\/\" \/>\n<meta property=\"og:locale\" content=\"es_ES\" \/>\n<meta property=\"og:type\" content=\"article\" \/>\n<meta property=\"og:title\" content=\"Centro de prensa - Legal Aid Justice Center\" \/>\n<meta property=\"og:url\" content=\"https:\/\/www.justice4all.org\/es\/noticias\/centro-de-prensa\/\" \/>\n<meta property=\"og:site_name\" content=\"Legal Aid Justice Center\" \/>\n<meta property=\"article:modified_time\" content=\"2023-07-25T21:50:47+00:00\" \/>\n<meta name=\"twitter:card\" content=\"summary_large_image\" \/>\n<script type=\"application\/ld+json\" class=\"yoast-schema-graph\">{\"@context\":\"https:\\\/\\\/schema.org\",\"@graph\":[{\"@type\":\"WebPage\",\"@id\":\"https:\\\/\\\/www.justice4all.org\\\/es\\\/noticias\\\/centro-de-prensa\\\/\",\"url\":\"https:\\\/\\\/www.justice4all.org\\\/es\\\/noticias\\\/centro-de-prensa\\\/\",\"name\":\"Centro de prensa - Legal Aid Justice Center\",\"isPartOf\":{\"@id\":\"https:\\\/\\\/www.justice4all.org\\\/es\\\/#website\"},\"datePublished\":\"2023-04-04T20:54:21+00:00\",\"dateModified\":\"2023-07-25T21:50:47+00:00\",\"breadcrumb\":{\"@id\":\"https:\\\/\\\/www.justice4all.org\\\/es\\\/noticias\\\/centro-de-prensa\\\/#breadcrumb\"},\"inLanguage\":\"es\",\"potentialAction\":[{\"@type\":\"ReadAction\",\"target\":[\"https:\\\/\\\/www.justice4all.org\\\/es\\\/noticias\\\/centro-de-prensa\\\/\"]}]},{\"@type\":\"BreadcrumbList\",\"@id\":\"https:\\\/\\\/www.justice4all.org\\\/es\\\/noticias\\\/centro-de-prensa\\\/#breadcrumb\",\"itemListElement\":[{\"@type\":\"ListItem\",\"position\":1,\"name\":\"Home\",\"item\":\"https:\\\/\\\/www.justice4all.org\\\/es\\\/\"},{\"@type\":\"ListItem\",\"position\":2,\"name\":\"Noticias\",\"item\":\"https:\\\/\\\/www.justice4all.org\\\/es\\\/noticias\\\/\"},{\"@type\":\"ListItem\",\"position\":3,\"name\":\"Centro de prensa\"}]},{\"@type\":\"WebSite\",\"@id\":\"https:\\\/\\\/www.justice4all.org\\\/es\\\/#website\",\"url\":\"https:\\\/\\\/www.justice4all.org\\\/es\\\/\",\"name\":\"Legal Aid Justice Center\",\"description\":\"\",\"potentialAction\":[{\"@type\":\"SearchAction\",\"target\":{\"@type\":\"EntryPoint\",\"urlTemplate\":\"https:\\\/\\\/www.justice4all.org\\\/es\\\/?s={search_term_string}\"},\"query-input\":{\"@type\":\"PropertyValueSpecification\",\"valueRequired\":true,\"valueName\":\"search_term_string\"}}],\"inLanguage\":\"es\"}]}<\/script>\n<!-- \/ Yoast SEO plugin. -->","yoast_head_json":{"title":"Centro de prensa - Legal Aid Justice Center","robots":{"index":"index","follow":"follow","max-snippet":"max-snippet:-1","max-image-preview":"max-image-preview:large","max-video-preview":"max-video-preview:-1"},"canonical":"https:\/\/www.justice4all.org\/es\/noticias\/centro-de-prensa\/","og_locale":"es_ES","og_type":"article","og_title":"Centro de prensa - Legal Aid Justice Center","og_url":"https:\/\/www.justice4all.org\/es\/noticias\/centro-de-prensa\/","og_site_name":"Legal Aid Justice Center","article_modified_time":"2023-07-25T21:50:47+00:00","twitter_card":"summary_large_image","schema":{"@context":"https:\/\/schema.org","@graph":[{"@type":"WebPage","@id":"https:\/\/www.justice4all.org\/es\/noticias\/centro-de-prensa\/","url":"https:\/\/www.justice4all.org\/es\/noticias\/centro-de-prensa\/","name":"Centro de prensa - Legal Aid Justice Center","isPartOf":{"@id":"https:\/\/www.justice4all.org\/es\/#website"},"datePublished":"2023-04-04T20:54:21+00:00","dateModified":"2023-07-25T21:50:47+00:00","breadcrumb":{"@id":"https:\/\/www.justice4all.org\/es\/noticias\/centro-de-prensa\/#breadcrumb"},"inLanguage":"es","potentialAction":[{"@type":"ReadAction","target":["https:\/\/www.justice4all.org\/es\/noticias\/centro-de-prensa\/"]}]},{"@type":"BreadcrumbList","@id":"https:\/\/www.justice4all.org\/es\/noticias\/centro-de-prensa\/#breadcrumb","itemListElement":[{"@type":"ListItem","position":1,"name":"Home","item":"https:\/\/www.justice4all.org\/es\/"},{"@type":"ListItem","position":2,"name":"Noticias","item":"https:\/\/www.justice4all.org\/es\/noticias\/"},{"@type":"ListItem","position":3,"name":"Centro de prensa"}]},{"@type":"WebSite","@id":"https:\/\/www.justice4all.org\/es\/#website","url":"https:\/\/www.justice4all.org\/es\/","name":"Legal Aid Justice Center","description":"","potentialAction":[{"@type":"SearchAction","target":{"@type":"EntryPoint","urlTemplate":"https:\/\/www.justice4all.org\/es\/?s={search_term_string}"},"query-input":{"@type":"PropertyValueSpecification","valueRequired":true,"valueName":"search_term_string"}}],"inLanguage":"es"}]}},"_links":{"self":[{"href":"https:\/\/www.justice4all.org\/es\/wp-json\/wp\/v2\/pages\/10473","targetHints":{"allow":["GET"]}}],"collection":[{"href":"https:\/\/www.justice4all.org\/es\/wp-json\/wp\/v2\/pages"}],"about":[{"href":"https:\/\/www.justice4all.org\/es\/wp-json\/wp\/v2\/types\/page"}],"author":[{"embeddable":true,"href":"https:\/\/www.justice4all.org\/es\/wp-json\/wp\/v2\/users\/4"}],"replies":[{"embeddable":true,"href":"https:\/\/www.justice4all.org\/es\/wp-json\/wp\/v2\/comments?post=10473"}],"version-history":[{"count":0,"href":"https:\/\/www.justice4all.org\/es\/wp-json\/wp\/v2\/pages\/10473\/revisions"}],"up":[{"embeddable":true,"href":"https:\/\/www.justice4all.org\/es\/wp-json\/wp\/v2\/pages\/10449"}],"wp:attachment":[{"href":"https:\/\/www.justice4all.org\/es\/wp-json\/wp\/v2\/media?parent=10473"}],"wp:term":[{"taxonomy":"lajc-tax-roles","embeddable":true,"href":"https:\/\/www.justice4all.org\/es\/wp-json\/wp\/v2\/lajc-tax-roles?post=10473"},{"taxonomy":"lajc-tax-issues","embeddable":true,"href":"https:\/\/www.justice4all.org\/es\/wp-json\/wp\/v2\/lajc-tax-issues?post=10473"},{"taxonomy":"lajc-tax-locations","embeddable":true,"href":"https:\/\/www.justice4all.org\/es\/wp-json\/wp\/v2\/lajc-tax-locations?post=10473"}],"curies":[{"name":"wp","href":"https:\/\/api.w.org\/{rel}","templated":true}]}}

<div id="block_739ba9b46ba573f210173f99af21d0b2" class="hero-block">
  <div class="layout- " >
      </div>
</div>




<div id="block_1a0ad5b24b711352c13b18d6cc167a44" class="content-wrapper-block  style-normal bg-width-full ">
	<div class="container-fluid">
		<div class="row justify-content-center">
			<div class="col-lg-12">
									<div class="row row-content justify-content-center">
						




<style type="text/css">
	.edit-post-visual-editor [data-block="032e0b761cb125dbf83eefada513f296"] {
		width: calc((12 / 12) * 100%)!important;
		min-width: calc((12 / 12) * 100%)!important;
	}
</style>

<div id="block_032e0b761cb125dbf83eefada513f296" class="col-lg-12 custom-column-block">
	<div class="custom-column-wrapper  ">
		

<h2 class="wp-block-heading">Centro de prensa</h2>


	</div>
</div>





<style type="text/css">
	.edit-post-visual-editor [data-block="032e0b761cb125dbf83eefada513f296"] {
		width: calc((12 / 12) * 100%)!important;
		min-width: calc((12 / 12) * 100%)!important;
	}
</style>

<div id="block_032e0b761cb125dbf83eefada513f296" class="col-lg-12 custom-column-block">
	<div class="custom-column-wrapper  ">
		

<p>yetytdytydtytyt dkjhfkjhf</p>


	</div>
</div>

					</div>
							
			</div>
		</div>
	</div>

	<style type="text/css">
		.edit-post-visual-editor [data-block="1a0ad5b24b711352c13b18d6cc167a44"] .block-editor-block-list__layout {
			justify-content: center;
		}

			</style>
</div>
<ul class="is-grid columns-2 wp-block-rss"><li class='wp-block-rss__item'><div class='wp-block-rss__item-title'><a href='https://www.epi.org/publication/forty-organizations-call-on-congress-to-center-workers-in-federal-ai-legislation/'>Forty organizations call on Congress to center workers in federal AI legislation</a></div></li><li class='wp-block-rss__item'><div class='wp-block-rss__item-title'><a href='https://www.alexandriabrief.com/ice-out-of-alexandria-celebrates-200k-cut-to-sheriffs-office-casey-continues-to-say-he-is-following-the-law/'>ICE Out of Alexandria celebrates $200K &quot;cut&quot; to Sheriff&#039;s Office; Casey continues to say he is following the law</a></div></li><li class='wp-block-rss__item'><div class='wp-block-rss__item-title'><a href='https://www.justice4all.org/es/news/lajc-post-sesion-2026/'>LAJC Post-Sesión 2026 - Legal Aid Justice Center</a></div></li><li class='wp-block-rss__item'><div class='wp-block-rss__item-title'><a href='https://nonprofitquarterly.org/immigrant-support-networks-step-up-as-ice-enforcement-rises-and-fear-grips-communities/'>Immigrant Support Networks Step Up as ICE Enforcement Rises and Fear Grips Communities</a></div></li><li class='wp-block-rss__item'><div class='wp-block-rss__item-title'><a href='https://www.quinnemanuel.com/the-firm/charitable-giving/'>Charitable Giving</a></div></li></ul>





<div id="block_739ba9b46ba573f210173f99af21d0b2" class="hero-block">
  <div class="layout- " >
      </div>
</div>




<!-- check: https://timber.github.io/docs/guides/acf-cookbook/ -->

<!-- dbt-acf_gutenberg_blocks/dbt-post-list/template.twig -->

<div id="block_4beed6cc8d4b8b0741954c84881dd583" class="block_4beed6cc8d4b8b0741954c84881dd583 post_list_block  news_list_template_b">

  
  
	    
    
<div class="list-container">
  <div class="results-area list news-list-b load_more_button " id="post_list_block_4beed6cc8d4b8b0741954c84881dd583">
    <div class="container-fluid">
              <div class="row row-masonry">
                      <div class="col-md-6  item" data-aos="slide-up" data-aos-once="true">
              <!-- news/templates/item.twig   -->
<div class="card">
  <div class="card-body">
								<span class="news-date">mayo 2, 2026</span>
				
		<h2 class="news-title"><a href="https://www.justice4all.org/es/hola-mundo/">¡Hola, mundo!</a></h2>

									<p class="news-preview">
					Bienvenido a WordPress. Este es tu primer puesto. Edítalo o bórralo, y luego empieza a escribir.
				</p>
							<a class="more" href="https://www.justice4all.org/es/hola-mundo/">Leer más</a>
  </div>
</div>
<!-- END news/templates/item.twig  -->
            </div>
                      <div class="col-md-6  item" data-aos="slide-up" data-aos-once="true">
              <!-- news/templates/item.twig   -->
<div class="card">
  <div class="card-body">
								<span class="news-date">mayo 2, 2026</span>
				
		<h2 class="news-title"><a href="https://www.justice4all.org/es/presentado-escrito-previo-al-juicio-en-un-caso-de-desacato-en-fluvanna/">Presentado escrito previo al juicio en un caso de desacato en Fluvanna</a></h2>

									<p class="news-preview">
					Hoy, el Centro de Justicia de Asistencia Jurídica y sus socios pro bono, WileyRein LLP, Kelly &amp; Crandall y Consumer Litigation Associates presentan un escrito previo al juicio en apoyo de su Moción para Mostrar Causas por las que los Demandados no deben ser declarados en rebeldía por su continuo incumplimiento de proporcionar atención médica [&hellip;]
				</p>
							<a class="more" href="https://www.justice4all.org/es/presentado-escrito-previo-al-juicio-en-un-caso-de-desacato-en-fluvanna/">Leer más</a>
  </div>
</div>
<!-- END news/templates/item.twig  -->
            </div>
                  </div>
          </div>
  </div>

  			</div>
</div>

<!-- dbt-acf_gutenberg_blocks/dbt-post-list/template.twig -->
