{"id":10457,"date":"2023-05-01T12:51:38","date_gmt":"2023-05-01T12:51:38","guid":{"rendered":"https:\/\/lajc2023stg.wpengine.com\/inmigracion\/"},"modified":"2023-07-25T21:50:45","modified_gmt":"2023-07-25T21:50:45","slug":"inmigracion","status":"publish","type":"page","link":"https:\/\/www.justice4all.org\/es\/inmigracion\/","title":{"rendered":"Inmigraci\u00f3n"},"content":{"rendered":"<div class=\"lajc-m-content\">\n\n\n\n\n\n\n<div id=\"block_154e79bca1ab146da2230104c5f0351b\" class=\"hero-block\">\n  <div class=\"layout- \" >\n      <\/div>\n<\/div>\n\n\n\n\n\n<div id=\"block_ac9649c3ef295d961339f554309767b1\" class=\"hero-block\">\n  <div class=\"layout-large has-bg-image\" role=\"img\" style=\"background-image: url(https:\/\/www.justice4all.org\/wp-content\/uploads\/2023\/05\/daca-1-1.jpeg);\" title=\"Hands holding protest signs that say \"I Stand for Dreamers\"\">\n          <div class=\"container-fluid\">\n        <div class=\"row justify-content-center\">\n          <div class=\"col-lg-10\">\n            <h1 class=\"has-white-color\">Inmigraci\u00f3n<\/h1>\n\n                          <h4 class=\"has-white-color\">Trabajamos para proteger a las comunidades de inmigrantes, luchar contra la separaci\u00f3n de las familias inmigrantes, poner fin a los abusos del ICE contra los inmigrantes e incluir a los inmigrantes en las prestaciones estatales, como la matr\u00edcula estatal.<\/h4>\n            \n                      <\/div>\n        <\/div>\n      <\/div>\n      <\/div>\n<\/div>\n<div style=\"height:39px\" aria-hidden=\"true\" class=\"wp-block-spacer\"><\/div>\n\n\n\n  <style type=\"text\/css\">\n    #block_cdcc1a7f05f438f73d310ac03e4ec165 {\n                                            \n                                                }\n\n    @media screen and (min-width: 768px) and (max-width: 991px) {\n      #block_cdcc1a7f05f438f73d310ac03e4ec165 {\n                                                          \n                                                              }\n    }\n\n    @media screen and (min-width: 480px) and (max-width: 767px) {\n      #block_cdcc1a7f05f438f73d310ac03e4ec165 {\n                                                          \n                                                              }\n    }\n\n    @media screen and (max-width: 479px) {\n      #block_cdcc1a7f05f438f73d310ac03e4ec165 {\n                                                          \n                                                              }\n    }\n\n  <\/style>\n\n<div id=\"block_cdcc1a7f05f438f73d310ac03e4ec165\" class=\"text-image-block\">\n  <div class=\"container-fluid\">\n    <div class=\"text-image-wrapper flex-direction-row\">\n      <div class=\"text\">Luchamos para garantizar que las comunidades de inmigrantes permanezcan intactas y protegidas en Virginia, combatimos la separaci\u00f3n de las familias inmigrantes y la exclusi\u00f3n de los inmigrantes de las prestaciones estatales, como la matr\u00edcula estatal, y protegemos a los inmigrantes en toda la Commonwealth, tanto si se encuentran bajo custodia federal como en sus comunidades. Colaboramos con miembros de la comunidad local y organizaciones comunitarias, adem\u00e1s de con organizaciones nacionales de defensa de los derechos, para promover reformas sist\u00e9micas que reduzcan los abusos y la explotaci\u00f3n de los inmigrantes, y abogar por pol\u00edticas que fomenten la integraci\u00f3n y la protecci\u00f3n de las comunidades inmigrantes.<\/div>\n      <div class=\"img\"><img decoding=\"async\" src=\"https:\/\/www.justice4all.org\/wp-content\/uploads\/2023\/04\/74531615_10157746776107579_7154111786403233792_n-1-1-800x0-c-default.jpg\" \/><\/div>\n    <\/div>\n  <\/div>\n<\/div>\n\n\n\n\n\n<div id=\"block_8866e65dacdb4cc3823ee8f01631d181\" class=\"content-wrapper-block has-background-color has-carb\u00f3n-background-color style-en \u00e1ngulo bg-width-full has-gradiente primario-border-top\">\n\t<div class=\"container-fluid\">\n\t\t<div class=\"row justify-content-center\">\n\t\t\t<div class=\"col-lg-12\">\n\t\t\t\t\t\t\t\t\t<div class=\"row row-content justify-content-center\">\n\t\t\t\t\t\t\n\n\n\n\n<style type=\"text\/css\">\n\t.edit-post-visual-editor [data-block=\"f0032955e6c6c2b1ce59a7aa1ab29746\"] {\n\t\twidth: calc((12 \/ 12) * 100%)!important;\n\t\tmin-width: calc((12 \/ 12) * 100%)!important;\n\t}\n<\/style>\n\n<div id=\"block_f0032955e6c6c2b1ce59a7aa1ab29746\" class=\"col-lg-12 custom-column-block\">\n\t<div class=\"custom-column-wrapper  \">\n\t\t\n\n<h2 class=\"wp-block-heading has-text-align-center is-style-default has-white-color has-text-color\">Nuestro trabajo<\/h2>\n\n\n\n\n\n\n\n<div id=\"block_0bb1a6c2ce9c865780e58e3383177e5b\" class=\"accordion-section-block\">\n  <div class=\"container-fluid\">\n              <div class=\"accordion-section-heading-wrapper has-charcoal-background-color has-background-color\">\n          <div class=\"row row-heading\">\n            <div class=\"col-sm-12\">\n              <h2>Detenci\u00f3n<\/h2>\n              <p>Luchar por un mundo en el que no se encarcele a la gente por buscar protecci\u00f3n  <\/p>\n              <span class=\"toggler\"><\/span>\n            <\/div>\n          <\/div>\n        <\/div>\n      \n      <div class=\"accordion-section-cols-wrapper has-whisper-background-color has-background-color\">\n        <div class=\"row row-cols\">\n          \n\n\n\n\n<style type=\"text\/css\">\n\t.edit-post-visual-editor [data-block=\"6220e20606f4b362e5d2d3c33eea7658\"] {\n\t\twidth: calc((6 \/ 12) * 100%)!important;\n\t\tmin-width: calc((6 \/ 12) * 100%)!important;\n\t}\n<\/style>\n\n<div id=\"block_6220e20606f4b362e5d2d3c33eea7658\" class=\"col-lg-6 custom-column-block\">\n\t<div class=\"custom-column-wrapper  \">\n\t\t\n\n<p>Luchamos para poner fin a la detenci\u00f3n de inmigrantes en Virginia. Tambi\u00e9n trabajamos para garantizar que los inmigrantes no se enfrentan a un segundo castigo m\u00e1s severo por cargos y condenas penales y para asegurarnos de que la detenci\u00f3n no es una sentencia de muerte debido a las condiciones entre los muros de los centros de detenci\u00f3n o a pol\u00edticas que perjudican a los detenidos.  <\/p>\n\n\n\t<\/div>\n<\/div>\n\n\n\n\n\n<style type=\"text\/css\">\n\t.edit-post-visual-editor [data-block=\"6220e20606f4b362e5d2d3c33eea7658\"] {\n\t\twidth: calc((6 \/ 12) * 100%)!important;\n\t\tmin-width: calc((6 \/ 12) * 100%)!important;\n\t}\n<\/style>\n\n<div id=\"block_6220e20606f4b362e5d2d3c33eea7658\" class=\"col-lg-6 custom-column-block\">\n\t<div class=\"custom-column-wrapper  \">\n\t\t\n\n<p>Utilizamos la representaci\u00f3n individual, los litigios de impacto y las demandas colectivas, la organizaci\u00f3n comunitaria y la defensa de pol\u00edticas para luchar por las personas encerradas entre rejas por el ICE en Virginia.<\/p>\n\n\n\t<\/div>\n<\/div>\n\n        <\/div>\n      <\/div>\n  <\/div>\n<\/div>\n\n\t<\/div>\n<\/div>\n\n\t\t\t\t\t<\/div>\n\t\t\t\t\t\t\t\n\t\t\t<\/div>\n\t\t<\/div>\n\t<\/div>\n\n\t<style type=\"text\/css\">\n\t\t.edit-post-visual-editor [data-block=\"8866e65dacdb4cc3823ee8f01631d181\"] .block-editor-block-list__layout {\n\t\t\tjustify-content: center;\n\t\t}\n\n\t\t\t<\/style>\n<\/div>\n\n\n\n\n\n<div id=\"block_fe9324458ac5e500caafca2870b8cbea\" class=\"accordion-section-block\">\n  <div class=\"container-fluid\">\n      \n      <div class=\"accordion-section-cols-wrapper has-whisper-background-color has-background-color\">\n        <div class=\"row row-cols\">\n          \n        <\/div>\n      <\/div>\n  <\/div>\n<\/div>\n\n\n\n<div id=\"block_4dab8ae3d9cb69ac2ff6f536456dc926\" class=\"text-image-block\">\n  <div class=\"container-fluid\">\n    <div class=\"text-image-wrapper flex-direction-row\">\n      <div class=\"text\"><\/div>\n      <div class=\"img\"><img decoding=\"async\" src=\"\" \/><\/div>\n    <\/div>\n  <\/div>\n<\/div>\n<\/div>\n","protected":false},"excerpt":{"rendered":"","protected":false},"author":4,"featured_media":0,"parent":0,"menu_order":0,"comment_status":"closed","ping_status":"closed","template":"","meta":{"footnotes":""},"lajc-tax-roles":[],"lajc-tax-issues":[],"lajc-tax-locations":[],"class_list":["post-10457","page","type-page","status-publish","hentry"],"acf":[],"yoast_head":"<!-- This site is optimized with the Yoast SEO plugin v27.5 - https:\/\/yoast.com\/product\/yoast-seo-wordpress\/ -->\n<title>Inmigraci\u00f3n - Legal Aid Justice Center<\/title>\n<meta name=\"description\" content=\"El trabajo de LAJC con las comunidades de inmigrantes\" \/>\n<meta name=\"robots\" content=\"index, follow, max-snippet:-1, max-image-preview:large, max-video-preview:-1\" \/>\n<link rel=\"canonical\" href=\"https:\/\/www.justice4all.org\/es\/inmigracion\/\" \/>\n<meta property=\"og:locale\" content=\"es_ES\" \/>\n<meta property=\"og:type\" content=\"article\" \/>\n<meta property=\"og:title\" content=\"Inmigraci\u00f3n - Legal Aid Justice Center\" \/>\n<meta property=\"og:description\" content=\"El trabajo de LAJC con las comunidades de inmigrantes\" \/>\n<meta property=\"og:url\" content=\"https:\/\/www.justice4all.org\/es\/inmigracion\/\" \/>\n<meta property=\"og:site_name\" content=\"Legal Aid Justice Center\" \/>\n<meta property=\"article:modified_time\" content=\"2023-07-25T21:50:45+00:00\" \/>\n<meta name=\"twitter:card\" content=\"summary_large_image\" \/>\n<meta name=\"twitter:label1\" content=\"Tiempo de lectura\" \/>\n\t<meta name=\"twitter:data1\" content=\"1 minuto\" \/>\n<script type=\"application\/ld+json\" class=\"yoast-schema-graph\">{\"@context\":\"https:\\\/\\\/schema.org\",\"@graph\":[{\"@type\":\"WebPage\",\"@id\":\"https:\\\/\\\/www.justice4all.org\\\/es\\\/inmigracion\\\/\",\"url\":\"https:\\\/\\\/www.justice4all.org\\\/es\\\/inmigracion\\\/\",\"name\":\"Inmigraci\u00f3n - Legal Aid Justice Center\",\"isPartOf\":{\"@id\":\"https:\\\/\\\/www.justice4all.org\\\/es\\\/#website\"},\"datePublished\":\"2023-05-01T12:51:38+00:00\",\"dateModified\":\"2023-07-25T21:50:45+00:00\",\"description\":\"El trabajo de LAJC con las comunidades de inmigrantes\",\"breadcrumb\":{\"@id\":\"https:\\\/\\\/www.justice4all.org\\\/es\\\/inmigracion\\\/#breadcrumb\"},\"inLanguage\":\"es\",\"potentialAction\":[{\"@type\":\"ReadAction\",\"target\":[\"https:\\\/\\\/www.justice4all.org\\\/es\\\/inmigracion\\\/\"]}]},{\"@type\":\"BreadcrumbList\",\"@id\":\"https:\\\/\\\/www.justice4all.org\\\/es\\\/inmigracion\\\/#breadcrumb\",\"itemListElement\":[{\"@type\":\"ListItem\",\"position\":1,\"name\":\"Home\",\"item\":\"https:\\\/\\\/www.justice4all.org\\\/es\\\/\"},{\"@type\":\"ListItem\",\"position\":2,\"name\":\"Inmigraci\u00f3n\"}]},{\"@type\":\"WebSite\",\"@id\":\"https:\\\/\\\/www.justice4all.org\\\/es\\\/#website\",\"url\":\"https:\\\/\\\/www.justice4all.org\\\/es\\\/\",\"name\":\"Legal Aid Justice Center\",\"description\":\"\",\"potentialAction\":[{\"@type\":\"SearchAction\",\"target\":{\"@type\":\"EntryPoint\",\"urlTemplate\":\"https:\\\/\\\/www.justice4all.org\\\/es\\\/?s={search_term_string}\"},\"query-input\":{\"@type\":\"PropertyValueSpecification\",\"valueRequired\":true,\"valueName\":\"search_term_string\"}}],\"inLanguage\":\"es\"}]}<\/script>\n<!-- \/ Yoast SEO plugin. -->","yoast_head_json":{"title":"Inmigraci\u00f3n - Legal Aid Justice Center","description":"El trabajo de LAJC con las comunidades de inmigrantes","robots":{"index":"index","follow":"follow","max-snippet":"max-snippet:-1","max-image-preview":"max-image-preview:large","max-video-preview":"max-video-preview:-1"},"canonical":"https:\/\/www.justice4all.org\/es\/inmigracion\/","og_locale":"es_ES","og_type":"article","og_title":"Inmigraci\u00f3n - Legal Aid Justice Center","og_description":"El trabajo de LAJC con las comunidades de inmigrantes","og_url":"https:\/\/www.justice4all.org\/es\/inmigracion\/","og_site_name":"Legal Aid Justice Center","article_modified_time":"2023-07-25T21:50:45+00:00","twitter_card":"summary_large_image","twitter_misc":{"Tiempo de lectura":"1 minuto"},"schema":{"@context":"https:\/\/schema.org","@graph":[{"@type":"WebPage","@id":"https:\/\/www.justice4all.org\/es\/inmigracion\/","url":"https:\/\/www.justice4all.org\/es\/inmigracion\/","name":"Inmigraci\u00f3n - Legal Aid Justice Center","isPartOf":{"@id":"https:\/\/www.justice4all.org\/es\/#website"},"datePublished":"2023-05-01T12:51:38+00:00","dateModified":"2023-07-25T21:50:45+00:00","description":"El trabajo de LAJC con las comunidades de inmigrantes","breadcrumb":{"@id":"https:\/\/www.justice4all.org\/es\/inmigracion\/#breadcrumb"},"inLanguage":"es","potentialAction":[{"@type":"ReadAction","target":["https:\/\/www.justice4all.org\/es\/inmigracion\/"]}]},{"@type":"BreadcrumbList","@id":"https:\/\/www.justice4all.org\/es\/inmigracion\/#breadcrumb","itemListElement":[{"@type":"ListItem","position":1,"name":"Home","item":"https:\/\/www.justice4all.org\/es\/"},{"@type":"ListItem","position":2,"name":"Inmigraci\u00f3n"}]},{"@type":"WebSite","@id":"https:\/\/www.justice4all.org\/es\/#website","url":"https:\/\/www.justice4all.org\/es\/","name":"Legal Aid Justice Center","description":"","potentialAction":[{"@type":"SearchAction","target":{"@type":"EntryPoint","urlTemplate":"https:\/\/www.justice4all.org\/es\/?s={search_term_string}"},"query-input":{"@type":"PropertyValueSpecification","valueRequired":true,"valueName":"search_term_string"}}],"inLanguage":"es"}]}},"_links":{"self":[{"href":"https:\/\/www.justice4all.org\/es\/wp-json\/wp\/v2\/pages\/10457","targetHints":{"allow":["GET"]}}],"collection":[{"href":"https:\/\/www.justice4all.org\/es\/wp-json\/wp\/v2\/pages"}],"about":[{"href":"https:\/\/www.justice4all.org\/es\/wp-json\/wp\/v2\/types\/page"}],"author":[{"embeddable":true,"href":"https:\/\/www.justice4all.org\/es\/wp-json\/wp\/v2\/users\/4"}],"replies":[{"embeddable":true,"href":"https:\/\/www.justice4all.org\/es\/wp-json\/wp\/v2\/comments?post=10457"}],"version-history":[{"count":0,"href":"https:\/\/www.justice4all.org\/es\/wp-json\/wp\/v2\/pages\/10457\/revisions"}],"wp:attachment":[{"href":"https:\/\/www.justice4all.org\/es\/wp-json\/wp\/v2\/media?parent=10457"}],"wp:term":[{"taxonomy":"lajc-tax-roles","embeddable":true,"href":"https:\/\/www.justice4all.org\/es\/wp-json\/wp\/v2\/lajc-tax-roles?post=10457"},{"taxonomy":"lajc-tax-issues","embeddable":true,"href":"https:\/\/www.justice4all.org\/es\/wp-json\/wp\/v2\/lajc-tax-issues?post=10457"},{"taxonomy":"lajc-tax-locations","embeddable":true,"href":"https:\/\/www.justice4all.org\/es\/wp-json\/wp\/v2\/lajc-tax-locations?post=10457"}],"curies":[{"name":"wp","href":"https:\/\/api.w.org\/{rel}","templated":true}]}}

Inmigración

<div class="lajc-m-content">






<div id="block_154e79bca1ab146da2230104c5f0351b" class="hero-block">
  <div class="layout- " >
      </div>
</div>





<div id="block_ac9649c3ef295d961339f554309767b1" class="hero-block">
  <div class="layout-large has-bg-image" role="img" style="background-image: url(https://www.justice4all.org/wp-content/uploads/2023/05/daca-1-1.jpeg);" title="Hands holding protest signs that say "I Stand for Dreamers"">
          <div class="container-fluid">
        <div class="row justify-content-center">
          <div class="col-lg-10">
            <h1 class="has-white-color">Inmigración</h1>

                          <h4 class="has-white-color">Trabajamos para proteger a las comunidades de inmigrantes, luchar contra la separación de las familias inmigrantes, poner fin a los abusos del ICE contra los inmigrantes e incluir a los inmigrantes en las prestaciones estatales, como la matrícula estatal.</h4>
            
                      </div>
        </div>
      </div>
      </div>
</div>
<div style="height:39px" aria-hidden="true" class="wp-block-spacer"></div>



  <style type="text/css">
    #block_cdcc1a7f05f438f73d310ac03e4ec165 {
                                            
                                                }

    @media screen and (min-width: 768px) and (max-width: 991px) {
      #block_cdcc1a7f05f438f73d310ac03e4ec165 {
                                                          
                                                              }
    }

    @media screen and (min-width: 480px) and (max-width: 767px) {
      #block_cdcc1a7f05f438f73d310ac03e4ec165 {
                                                          
                                                              }
    }

    @media screen and (max-width: 479px) {
      #block_cdcc1a7f05f438f73d310ac03e4ec165 {
                                                          
                                                              }
    }

  </style>

<div id="block_cdcc1a7f05f438f73d310ac03e4ec165" class="text-image-block">
  <div class="container-fluid">
    <div class="text-image-wrapper flex-direction-row">
      <div class="text">Luchamos para garantizar que las comunidades de inmigrantes permanezcan intactas y protegidas en Virginia, combatimos la separación de las familias inmigrantes y la exclusión de los inmigrantes de las prestaciones estatales, como la matrícula estatal, y protegemos a los inmigrantes en toda la Commonwealth, tanto si se encuentran bajo custodia federal como en sus comunidades. Colaboramos con miembros de la comunidad local y organizaciones comunitarias, además de con organizaciones nacionales de defensa de los derechos, para promover reformas sistémicas que reduzcan los abusos y la explotación de los inmigrantes, y abogar por políticas que fomenten la integración y la protección de las comunidades inmigrantes.</div>
      <div class="img"><img decoding="async" src="https://www.justice4all.org/wp-content/uploads/2023/04/74531615_10157746776107579_7154111786403233792_n-1-1-800x0-c-default.jpg" /></div>
    </div>
  </div>
</div>





<div id="block_8866e65dacdb4cc3823ee8f01631d181" class="content-wrapper-block has-background-color has-carbón-background-color style-en ángulo bg-width-full has-gradiente primario-border-top">
	<div class="container-fluid">
		<div class="row justify-content-center">
			<div class="col-lg-12">
									<div class="row row-content justify-content-center">
						




<style type="text/css">
	.edit-post-visual-editor [data-block="f0032955e6c6c2b1ce59a7aa1ab29746"] {
		width: calc((12 / 12) * 100%)!important;
		min-width: calc((12 / 12) * 100%)!important;
	}
</style>

<div id="block_f0032955e6c6c2b1ce59a7aa1ab29746" class="col-lg-12 custom-column-block">
	<div class="custom-column-wrapper  ">
		

<h2 class="wp-block-heading has-text-align-center is-style-default has-white-color has-text-color">Nuestro trabajo</h2>







<div id="block_0bb1a6c2ce9c865780e58e3383177e5b" class="accordion-section-block">
  <div class="container-fluid">
              <div class="accordion-section-heading-wrapper has-charcoal-background-color has-background-color">
          <div class="row row-heading">
            <div class="col-sm-12">
              <h2>Detención</h2>
              <p>Luchar por un mundo en el que no se encarcele a la gente por buscar protección  </p>
              <span class="toggler"></span>
            </div>
          </div>
        </div>
      
      <div class="accordion-section-cols-wrapper has-whisper-background-color has-background-color">
        <div class="row row-cols">
          




<style type="text/css">
	.edit-post-visual-editor [data-block="6220e20606f4b362e5d2d3c33eea7658"] {
		width: calc((6 / 12) * 100%)!important;
		min-width: calc((6 / 12) * 100%)!important;
	}
</style>

<div id="block_6220e20606f4b362e5d2d3c33eea7658" class="col-lg-6 custom-column-block">
	<div class="custom-column-wrapper  ">
		

<p>Luchamos para poner fin a la detención de inmigrantes en Virginia. También trabajamos para garantizar que los inmigrantes no se enfrentan a un segundo castigo más severo por cargos y condenas penales y para asegurarnos de que la detención no es una sentencia de muerte debido a las condiciones entre los muros de los centros de detención o a políticas que perjudican a los detenidos.  </p>


	</div>
</div>





<style type="text/css">
	.edit-post-visual-editor [data-block="6220e20606f4b362e5d2d3c33eea7658"] {
		width: calc((6 / 12) * 100%)!important;
		min-width: calc((6 / 12) * 100%)!important;
	}
</style>

<div id="block_6220e20606f4b362e5d2d3c33eea7658" class="col-lg-6 custom-column-block">
	<div class="custom-column-wrapper  ">
		

<p>Utilizamos la representación individual, los litigios de impacto y las demandas colectivas, la organización comunitaria y la defensa de políticas para luchar por las personas encerradas entre rejas por el ICE en Virginia.</p>


	</div>
</div>

        </div>
      </div>
  </div>
</div>

	</div>
</div>

					</div>
							
			</div>
		</div>
	</div>

	<style type="text/css">
		.edit-post-visual-editor [data-block="8866e65dacdb4cc3823ee8f01631d181"] .block-editor-block-list__layout {
			justify-content: center;
		}

			</style>
</div>





<div id="block_fe9324458ac5e500caafca2870b8cbea" class="accordion-section-block">
  <div class="container-fluid">
      
      <div class="accordion-section-cols-wrapper has-whisper-background-color has-background-color">
        <div class="row row-cols">
          
        </div>
      </div>
  </div>
</div>



<div id="block_4dab8ae3d9cb69ac2ff6f536456dc926" class="text-image-block">
  <div class="container-fluid">
    <div class="text-image-wrapper flex-direction-row">
      <div class="text"></div>
      <div class="img"><img decoding="async" src="" /></div>
    </div>
  </div>
</div>
</div>

<!-- This site is optimized with the Yoast SEO plugin v27.5 - https://yoast.com/product/yoast-seo-wordpress/ -->
<title>Inmigración - Legal Aid Justice Center</title>
<meta name="description" content="El trabajo de LAJC con las comunidades de inmigrantes" />
<meta name="robots" content="index, follow, max-snippet:-1, max-image-preview:large, max-video-preview:-1" />
<link rel="canonical" href="https://www.justice4all.org/es/inmigracion/" />
<meta property="og:locale" content="es_ES" />
<meta property="og:type" content="article" />
<meta property="og:title" content="Inmigración - Legal Aid Justice Center" />
<meta property="og:description" content="El trabajo de LAJC con las comunidades de inmigrantes" />
<meta property="og:url" content="https://www.justice4all.org/es/inmigracion/" />
<meta property="og:site_name" content="Legal Aid Justice Center" />
<meta property="article:modified_time" content="2023-07-25T21:50:45+00:00" />
<meta name="twitter:card" content="summary_large_image" />
<meta name="twitter:label1" content="Tiempo de lectura" />
	<meta name="twitter:data1" content="1 minuto" />
<script type="application/ld+json" class="yoast-schema-graph">{"@context":"https:\/\/schema.org","@graph":[{"@type":"WebPage","@id":"https:\/\/www.justice4all.org\/es\/inmigracion\/","url":"https:\/\/www.justice4all.org\/es\/inmigracion\/","name":"Inmigración - Legal Aid Justice Center","isPartOf":{"@id":"https:\/\/www.justice4all.org\/es\/#website"},"datePublished":"2023-05-01T12:51:38+00:00","dateModified":"2023-07-25T21:50:45+00:00","description":"El trabajo de LAJC con las comunidades de inmigrantes","breadcrumb":{"@id":"https:\/\/www.justice4all.org\/es\/inmigracion\/#breadcrumb"},"inLanguage":"es","potentialAction":[{"@type":"ReadAction","target":["https:\/\/www.justice4all.org\/es\/inmigracion\/"]}]},{"@type":"BreadcrumbList","@id":"https:\/\/www.justice4all.org\/es\/inmigracion\/#breadcrumb","itemListElement":[{"@type":"ListItem","position":1,"name":"Home","item":"https:\/\/www.justice4all.org\/es\/"},{"@type":"ListItem","position":2,"name":"Inmigración"}]},{"@type":"WebSite","@id":"https:\/\/www.justice4all.org\/es\/#website","url":"https:\/\/www.justice4all.org\/es\/","name":"Legal Aid Justice Center","description":"","potentialAction":[{"@type":"SearchAction","target":{"@type":"EntryPoint","urlTemplate":"https:\/\/www.justice4all.org\/es\/?s={search_term_string}"},"query-input":{"@type":"PropertyValueSpecification","valueRequired":true,"valueName":"search_term_string"}}],"inLanguage":"es"}]}</script>
<!-- / Yoast SEO plugin. -->

Inmigración - Legal Aid Justice Center
