{"id":19846,"date":"2025-03-07T16:36:00","date_gmt":"2025-03-07T16:36:00","guid":{"rendered":"https:\/\/www.justice4all.org\/staff\/ernesto-galeas\/"},"modified":"2026-02-05T03:02:49","modified_gmt":"2026-02-05T03:02:49","slug":"ernesto-galeas","status":"publish","type":"lajc_profiles","link":"https:\/\/www.justice4all.org\/es\/staff\/ernesto-galeas\/","title":{"rendered":"Ernesto Galeas"},"content":{"rendered":"\n<p>Ernesto ha trabajado en el movimiento obrero y en organizaciones sin \u00e1nimo de lucro durante los \u00faltimos 20 a\u00f1os. Lucha por la justicia social y econ\u00f3mica porque todo el mundo merece tener acceso a buenos salarios, asistencia sanitaria, educaci\u00f3n, vivienda y un trato justo. <\/p>\n\n<p>En 2007, debido a su condici\u00f3n de inmigrante (Estatus de Protecci\u00f3n Temporal, TPS), no pudo pagar la matr\u00edcula estatal en el Northern Virginia Community College (NVCC). Recurri\u00f3 la decisi\u00f3n ante la universidad y, al mismo tiempo, ante el Consejo Estatal de Educaci\u00f3n Superior de Virginia (SCHEV). Tras meses de duro trabajo, el SCHEV dictamin\u00f3 que todos los estudiantes acogidos al TPS pod\u00edan pagar la matr\u00edcula estatal en todos los colegios comunitarios y universidades estatales de Virginia. Su caso allan\u00f3 el camino para que los beneficiarios de la Acci\u00f3n Diferida para los Llegados en la Infancia (DACA) pudieran pagar tambi\u00e9n la matr\u00edcula estatal.   <\/p>\n\n<p>En su tiempo libre, le gusta pasar tiempo con su familia y amigos, asistir a eventos musicales en directo y ver deportes.<\/p>\n","protected":false},"excerpt":{"rendered":"<p>Ernesto ha trabajado en el movimiento obrero y en organizaciones sin \u00e1nimo de lucro durante los \u00faltimos 20 a\u00f1os. Lucha por la justicia social y econ\u00f3mica porque todo el mundo merece tener acceso a buenos salarios, asistencia sanitaria, educaci\u00f3n, vivienda y un trato justo. En 2007, debido a su condici\u00f3n de inmigrante (Estatus de Protecci\u00f3n [&hellip;]<\/p>\n","protected":false},"author":4,"featured_media":18678,"template":"","format":"standard","meta":{"footnotes":""},"lajc-tax-roles":[87],"lajc-tax-issues":[91,86],"lajc-tax-locations":[89],"lajc-tax-profile-type":[],"class_list":["post-19846","lajc_profiles","type-lajc_profiles","status-publish","format-standard","has-post-thumbnail","hentry","lajc-tax-roles-organizacion","lajc-tax-issues-deuda-medica-y-de-consumo","lajc-tax-issues-vivienda","lajc-tax-locations-falls-church-es"],"acf":[],"yoast_head":"<!-- This site is optimized with the Yoast SEO plugin v27.5 - https:\/\/yoast.com\/product\/yoast-seo-wordpress\/ -->\n<title>Ernesto Galeas - Legal Aid Justice Center<\/title>\n<meta name=\"robots\" content=\"index, follow, max-snippet:-1, max-image-preview:large, max-video-preview:-1\" \/>\n<link rel=\"canonical\" href=\"https:\/\/www.justice4all.org\/es\/staff\/ernesto-galeas\/\" \/>\n<meta property=\"og:locale\" content=\"es_ES\" \/>\n<meta property=\"og:type\" content=\"article\" \/>\n<meta property=\"og:title\" content=\"Ernesto Galeas - Legal Aid Justice Center\" \/>\n<meta property=\"og:description\" content=\"Ernesto ha trabajado en el movimiento obrero y en organizaciones sin \u00e1nimo de lucro durante los \u00faltimos 20 a\u00f1os. Lucha por la justicia social y econ\u00f3mica porque todo el mundo merece tener acceso a buenos salarios, asistencia sanitaria, educaci\u00f3n, vivienda y un trato justo. En 2007, debido a su condici\u00f3n de inmigrante (Estatus de Protecci\u00f3n [&hellip;]\" \/>\n<meta property=\"og:url\" content=\"https:\/\/www.justice4all.org\/es\/staff\/ernesto-galeas\/\" \/>\n<meta property=\"og:site_name\" content=\"Legal Aid Justice Center\" \/>\n<meta property=\"article:modified_time\" content=\"2026-02-05T03:02:49+00:00\" \/>\n<meta property=\"og:image\" content=\"https:\/\/www.justice4all.org\/wp-content\/uploads\/2025\/03\/Ernesto-Galeas.jpg\" \/>\n\t<meta property=\"og:image:width\" content=\"425\" \/>\n\t<meta property=\"og:image:height\" content=\"630\" \/>\n\t<meta property=\"og:image:type\" content=\"image\/jpeg\" \/>\n<meta name=\"twitter:card\" content=\"summary_large_image\" \/>\n<meta name=\"twitter:label1\" content=\"Tiempo de lectura\" \/>\n\t<meta name=\"twitter:data1\" content=\"1 minuto\" \/>\n<script type=\"application\/ld+json\" class=\"yoast-schema-graph\">{\"@context\":\"https:\\\/\\\/schema.org\",\"@graph\":[{\"@type\":\"WebPage\",\"@id\":\"https:\\\/\\\/www.justice4all.org\\\/es\\\/staff\\\/ernesto-galeas\\\/\",\"url\":\"https:\\\/\\\/www.justice4all.org\\\/es\\\/staff\\\/ernesto-galeas\\\/\",\"name\":\"Ernesto Galeas - Legal Aid Justice Center\",\"isPartOf\":{\"@id\":\"https:\\\/\\\/www.justice4all.org\\\/es\\\/#website\"},\"primaryImageOfPage\":{\"@id\":\"https:\\\/\\\/www.justice4all.org\\\/es\\\/staff\\\/ernesto-galeas\\\/#primaryimage\"},\"image\":{\"@id\":\"https:\\\/\\\/www.justice4all.org\\\/es\\\/staff\\\/ernesto-galeas\\\/#primaryimage\"},\"thumbnailUrl\":\"https:\\\/\\\/www.justice4all.org\\\/wp-content\\\/uploads\\\/2025\\\/03\\\/Ernesto-Galeas.jpg\",\"datePublished\":\"2025-03-07T16:36:00+00:00\",\"dateModified\":\"2026-02-05T03:02:49+00:00\",\"breadcrumb\":{\"@id\":\"https:\\\/\\\/www.justice4all.org\\\/es\\\/staff\\\/ernesto-galeas\\\/#breadcrumb\"},\"inLanguage\":\"es\",\"potentialAction\":[{\"@type\":\"ReadAction\",\"target\":[\"https:\\\/\\\/www.justice4all.org\\\/es\\\/staff\\\/ernesto-galeas\\\/\"]}]},{\"@type\":\"ImageObject\",\"inLanguage\":\"es\",\"@id\":\"https:\\\/\\\/www.justice4all.org\\\/es\\\/staff\\\/ernesto-galeas\\\/#primaryimage\",\"url\":\"https:\\\/\\\/www.justice4all.org\\\/wp-content\\\/uploads\\\/2025\\\/03\\\/Ernesto-Galeas.jpg\",\"contentUrl\":\"https:\\\/\\\/www.justice4all.org\\\/wp-content\\\/uploads\\\/2025\\\/03\\\/Ernesto-Galeas.jpg\",\"width\":425,\"height\":630},{\"@type\":\"BreadcrumbList\",\"@id\":\"https:\\\/\\\/www.justice4all.org\\\/es\\\/staff\\\/ernesto-galeas\\\/#breadcrumb\",\"itemListElement\":[{\"@type\":\"ListItem\",\"position\":1,\"name\":\"Home\",\"item\":\"https:\\\/\\\/www.justice4all.org\\\/es\\\/\"},{\"@type\":\"ListItem\",\"position\":2,\"name\":\"Ernesto Galeas\"}]},{\"@type\":\"WebSite\",\"@id\":\"https:\\\/\\\/www.justice4all.org\\\/es\\\/#website\",\"url\":\"https:\\\/\\\/www.justice4all.org\\\/es\\\/\",\"name\":\"Legal Aid Justice Center\",\"description\":\"\",\"potentialAction\":[{\"@type\":\"SearchAction\",\"target\":{\"@type\":\"EntryPoint\",\"urlTemplate\":\"https:\\\/\\\/www.justice4all.org\\\/es\\\/?s={search_term_string}\"},\"query-input\":{\"@type\":\"PropertyValueSpecification\",\"valueRequired\":true,\"valueName\":\"search_term_string\"}}],\"inLanguage\":\"es\"}]}<\/script>\n<!-- \/ Yoast SEO plugin. -->","yoast_head_json":{"title":"Ernesto Galeas - Legal Aid Justice Center","robots":{"index":"index","follow":"follow","max-snippet":"max-snippet:-1","max-image-preview":"max-image-preview:large","max-video-preview":"max-video-preview:-1"},"canonical":"https:\/\/www.justice4all.org\/es\/staff\/ernesto-galeas\/","og_locale":"es_ES","og_type":"article","og_title":"Ernesto Galeas - Legal Aid Justice Center","og_description":"Ernesto ha trabajado en el movimiento obrero y en organizaciones sin \u00e1nimo de lucro durante los \u00faltimos 20 a\u00f1os. Lucha por la justicia social y econ\u00f3mica porque todo el mundo merece tener acceso a buenos salarios, asistencia sanitaria, educaci\u00f3n, vivienda y un trato justo. En 2007, debido a su condici\u00f3n de inmigrante (Estatus de Protecci\u00f3n [&hellip;]","og_url":"https:\/\/www.justice4all.org\/es\/staff\/ernesto-galeas\/","og_site_name":"Legal Aid Justice Center","article_modified_time":"2026-02-05T03:02:49+00:00","og_image":[{"width":425,"height":630,"url":"https:\/\/www.justice4all.org\/wp-content\/uploads\/2025\/03\/Ernesto-Galeas.jpg","type":"image\/jpeg"}],"twitter_card":"summary_large_image","twitter_misc":{"Tiempo de lectura":"1 minuto"},"schema":{"@context":"https:\/\/schema.org","@graph":[{"@type":"WebPage","@id":"https:\/\/www.justice4all.org\/es\/staff\/ernesto-galeas\/","url":"https:\/\/www.justice4all.org\/es\/staff\/ernesto-galeas\/","name":"Ernesto Galeas - Legal Aid Justice Center","isPartOf":{"@id":"https:\/\/www.justice4all.org\/es\/#website"},"primaryImageOfPage":{"@id":"https:\/\/www.justice4all.org\/es\/staff\/ernesto-galeas\/#primaryimage"},"image":{"@id":"https:\/\/www.justice4all.org\/es\/staff\/ernesto-galeas\/#primaryimage"},"thumbnailUrl":"https:\/\/www.justice4all.org\/wp-content\/uploads\/2025\/03\/Ernesto-Galeas.jpg","datePublished":"2025-03-07T16:36:00+00:00","dateModified":"2026-02-05T03:02:49+00:00","breadcrumb":{"@id":"https:\/\/www.justice4all.org\/es\/staff\/ernesto-galeas\/#breadcrumb"},"inLanguage":"es","potentialAction":[{"@type":"ReadAction","target":["https:\/\/www.justice4all.org\/es\/staff\/ernesto-galeas\/"]}]},{"@type":"ImageObject","inLanguage":"es","@id":"https:\/\/www.justice4all.org\/es\/staff\/ernesto-galeas\/#primaryimage","url":"https:\/\/www.justice4all.org\/wp-content\/uploads\/2025\/03\/Ernesto-Galeas.jpg","contentUrl":"https:\/\/www.justice4all.org\/wp-content\/uploads\/2025\/03\/Ernesto-Galeas.jpg","width":425,"height":630},{"@type":"BreadcrumbList","@id":"https:\/\/www.justice4all.org\/es\/staff\/ernesto-galeas\/#breadcrumb","itemListElement":[{"@type":"ListItem","position":1,"name":"Home","item":"https:\/\/www.justice4all.org\/es\/"},{"@type":"ListItem","position":2,"name":"Ernesto Galeas"}]},{"@type":"WebSite","@id":"https:\/\/www.justice4all.org\/es\/#website","url":"https:\/\/www.justice4all.org\/es\/","name":"Legal Aid Justice Center","description":"","potentialAction":[{"@type":"SearchAction","target":{"@type":"EntryPoint","urlTemplate":"https:\/\/www.justice4all.org\/es\/?s={search_term_string}"},"query-input":{"@type":"PropertyValueSpecification","valueRequired":true,"valueName":"search_term_string"}}],"inLanguage":"es"}]}},"_links":{"self":[{"href":"https:\/\/www.justice4all.org\/es\/wp-json\/wp\/v2\/lajc_profiles\/19846","targetHints":{"allow":["GET"]}}],"collection":[{"href":"https:\/\/www.justice4all.org\/es\/wp-json\/wp\/v2\/lajc_profiles"}],"about":[{"href":"https:\/\/www.justice4all.org\/es\/wp-json\/wp\/v2\/types\/lajc_profiles"}],"author":[{"embeddable":true,"href":"https:\/\/www.justice4all.org\/es\/wp-json\/wp\/v2\/users\/4"}],"version-history":[{"count":0,"href":"https:\/\/www.justice4all.org\/es\/wp-json\/wp\/v2\/lajc_profiles\/19846\/revisions"}],"wp:featuredmedia":[{"embeddable":true,"href":"https:\/\/www.justice4all.org\/es\/wp-json\/wp\/v2\/media\/18678"}],"wp:attachment":[{"href":"https:\/\/www.justice4all.org\/es\/wp-json\/wp\/v2\/media?parent=19846"}],"wp:term":[{"taxonomy":"lajc-tax-roles","embeddable":true,"href":"https:\/\/www.justice4all.org\/es\/wp-json\/wp\/v2\/lajc-tax-roles?post=19846"},{"taxonomy":"lajc-tax-issues","embeddable":true,"href":"https:\/\/www.justice4all.org\/es\/wp-json\/wp\/v2\/lajc-tax-issues?post=19846"},{"taxonomy":"lajc-tax-locations","embeddable":true,"href":"https:\/\/www.justice4all.org\/es\/wp-json\/wp\/v2\/lajc-tax-locations?post=19846"},{"taxonomy":"lajc-tax-profile-type","embeddable":true,"href":"https:\/\/www.justice4all.org\/es\/wp-json\/wp\/v2\/lajc-tax-profile-type?post=19846"}],"curies":[{"name":"wp","href":"https:\/\/api.w.org\/{rel}","templated":true}]}}

<p>Ernesto ha trabajado en el movimiento obrero y en organizaciones sin ánimo de lucro durante los últimos 20 años. Lucha por la justicia social y económica porque todo el mundo merece tener acceso a buenos salarios, asistencia sanitaria, educación, vivienda y un trato justo. </p>

<p>En 2007, debido a su condición de inmigrante (Estatus de Protección Temporal, TPS), no pudo pagar la matrícula estatal en el Northern Virginia Community College (NVCC). Recurrió la decisión ante la universidad y, al mismo tiempo, ante el Consejo Estatal de Educación Superior de Virginia (SCHEV). Tras meses de duro trabajo, el SCHEV dictaminó que todos los estudiantes acogidos al TPS podían pagar la matrícula estatal en todos los colegios comunitarios y universidades estatales de Virginia. Su caso allanó el camino para que los beneficiarios de la Acción Diferida para los Llegados en la Infancia (DACA) pudieran pagar también la matrícula estatal.   </p>

<p>En su tiempo libre, le gusta pasar tiempo con su familia y amigos, asistir a eventos musicales en directo y ver deportes.</p>

<p>Ernesto ha trabajado en el movimiento obrero y en organizaciones sin ánimo de lucro durante los últimos 20 años. Lucha por la justicia social y económica porque todo el mundo merece tener acceso a buenos salarios, asistencia sanitaria, educación, vivienda y un trato justo. En 2007, debido a su condición de inmigrante (Estatus de Protección [&hellip;]</p>

<!-- This site is optimized with the Yoast SEO plugin v27.5 - https://yoast.com/product/yoast-seo-wordpress/ -->
<title>Ernesto Galeas - Legal Aid Justice Center</title>
<meta name="robots" content="index, follow, max-snippet:-1, max-image-preview:large, max-video-preview:-1" />
<link rel="canonical" href="https://www.justice4all.org/es/staff/ernesto-galeas/" />
<meta property="og:locale" content="es_ES" />
<meta property="og:type" content="article" />
<meta property="og:title" content="Ernesto Galeas - Legal Aid Justice Center" />
<meta property="og:description" content="Ernesto ha trabajado en el movimiento obrero y en organizaciones sin ánimo de lucro durante los últimos 20 años. Lucha por la justicia social y económica porque todo el mundo merece tener acceso a buenos salarios, asistencia sanitaria, educación, vivienda y un trato justo. En 2007, debido a su condición de inmigrante (Estatus de Protección [&hellip;]" />
<meta property="og:url" content="https://www.justice4all.org/es/staff/ernesto-galeas/" />
<meta property="og:site_name" content="Legal Aid Justice Center" />
<meta property="article:modified_time" content="2026-02-05T03:02:49+00:00" />
<meta property="og:image" content="https://www.justice4all.org/wp-content/uploads/2025/03/Ernesto-Galeas.jpg" />
	<meta property="og:image:width" content="425" />
	<meta property="og:image:height" content="630" />
	<meta property="og:image:type" content="image/jpeg" />
<meta name="twitter:card" content="summary_large_image" />
<meta name="twitter:label1" content="Tiempo de lectura" />
	<meta name="twitter:data1" content="1 minuto" />
<script type="application/ld+json" class="yoast-schema-graph">{"@context":"https:\/\/schema.org","@graph":[{"@type":"WebPage","@id":"https:\/\/www.justice4all.org\/es\/staff\/ernesto-galeas\/","url":"https:\/\/www.justice4all.org\/es\/staff\/ernesto-galeas\/","name":"Ernesto Galeas - Legal Aid Justice Center","isPartOf":{"@id":"https:\/\/www.justice4all.org\/es\/#website"},"primaryImageOfPage":{"@id":"https:\/\/www.justice4all.org\/es\/staff\/ernesto-galeas\/#primaryimage"},"image":{"@id":"https:\/\/www.justice4all.org\/es\/staff\/ernesto-galeas\/#primaryimage"},"thumbnailUrl":"https:\/\/www.justice4all.org\/wp-content\/uploads\/2025\/03\/Ernesto-Galeas.jpg","datePublished":"2025-03-07T16:36:00+00:00","dateModified":"2026-02-05T03:02:49+00:00","breadcrumb":{"@id":"https:\/\/www.justice4all.org\/es\/staff\/ernesto-galeas\/#breadcrumb"},"inLanguage":"es","potentialAction":[{"@type":"ReadAction","target":["https:\/\/www.justice4all.org\/es\/staff\/ernesto-galeas\/"]}]},{"@type":"ImageObject","inLanguage":"es","@id":"https:\/\/www.justice4all.org\/es\/staff\/ernesto-galeas\/#primaryimage","url":"https:\/\/www.justice4all.org\/wp-content\/uploads\/2025\/03\/Ernesto-Galeas.jpg","contentUrl":"https:\/\/www.justice4all.org\/wp-content\/uploads\/2025\/03\/Ernesto-Galeas.jpg","width":425,"height":630},{"@type":"BreadcrumbList","@id":"https:\/\/www.justice4all.org\/es\/staff\/ernesto-galeas\/#breadcrumb","itemListElement":[{"@type":"ListItem","position":1,"name":"Home","item":"https:\/\/www.justice4all.org\/es\/"},{"@type":"ListItem","position":2,"name":"Ernesto Galeas"}]},{"@type":"WebSite","@id":"https:\/\/www.justice4all.org\/es\/#website","url":"https:\/\/www.justice4all.org\/es\/","name":"Legal Aid Justice Center","description":"","potentialAction":[{"@type":"SearchAction","target":{"@type":"EntryPoint","urlTemplate":"https:\/\/www.justice4all.org\/es\/?s={search_term_string}"},"query-input":{"@type":"PropertyValueSpecification","valueRequired":true,"valueName":"search_term_string"}}],"inLanguage":"es"}]}</script>
<!-- / Yoast SEO plugin. -->

Ernesto ha trabajado en el movimiento obrero y en organizaciones sin ánimo de lucro durante los últimos 20 años. Lucha por la justicia social y económica porque todo el mundo merece tener acceso a buenos salarios, asistencia sanitaria, educación, vivienda y un trato justo. En 2007, debido a su condición de inmigrante (Estatus de Protección [&hellip;]
