{"id":19843,"date":"2025-03-12T17:06:31","date_gmt":"2025-03-12T17:06:31","guid":{"rendered":"https:\/\/www.justice4all.org\/staff\/andrea-fenster\/"},"modified":"2026-02-05T03:02:49","modified_gmt":"2026-02-05T03:02:49","slug":"andrea-fenster","status":"publish","type":"lajc_profiles","link":"https:\/\/www.justice4all.org\/es\/staff\/andrea-fenster\/","title":{"rendered":"Andrea Fenster"},"content":{"rendered":"\n<p>Andrea se incorpor\u00f3 al Programa de Derechos Civiles y Justicia Racial del LAJC en febrero de 2025. Antes de incorporarse al LAJC, Andrea fue Becaria Jur\u00eddica Dunn de Derechos de los Presos en la ACLU de Virginia, donde litig\u00f3 en nombre de los virginianos encarcelados. Antes de su trabajo en Virginia, Andrea fue abogada de plantilla en la Iniciativa de Pol\u00edtica Penitenciaria, donde trabaj\u00f3 en las campa\u00f1as para acabar con el gerrymandering penitenciario y para reducir el coste de las llamadas a casa desde prisiones y c\u00e1rceles. Andrea se licenci\u00f3 en Derecho por el Centro de Derecho de la Universidad de Georgetown y en Derecho y Sociedad por la American University. Andrea es miembro del Colegio de Abogados del Distrito de Columbia.    <\/p>\n","protected":false},"excerpt":{"rendered":"<p>Andrea se incorpor\u00f3 al Programa de Derechos Civiles y Justicia Racial del LAJC en febrero de 2025. Antes de incorporarse al LAJC, Andrea fue Becaria Jur\u00eddica Dunn de Derechos de los Presos en la ACLU de Virginia, donde litig\u00f3 en nombre de los virginianos encarcelados. Antes de su trabajo en Virginia, Andrea fue abogada de [&hellip;]<\/p>\n","protected":false},"author":4,"featured_media":18699,"template":"","format":"standard","meta":{"footnotes":""},"lajc-tax-roles":[88],"lajc-tax-issues":[82],"lajc-tax-locations":[85],"lajc-tax-profile-type":[],"class_list":["post-19843","lajc_profiles","type-lajc_profiles","status-publish","format-standard","has-post-thumbnail","hentry","lajc-tax-roles-legal-es","lajc-tax-issues-criminal-legal-system-es","lajc-tax-locations-richmond-es"],"acf":[],"yoast_head":"<!-- This site is optimized with the Yoast SEO plugin v27.5 - https:\/\/yoast.com\/product\/yoast-seo-wordpress\/ -->\n<title>Andrea Fenster - Legal Aid Justice Center<\/title>\n<meta name=\"robots\" content=\"index, follow, max-snippet:-1, max-image-preview:large, max-video-preview:-1\" \/>\n<link rel=\"canonical\" href=\"https:\/\/www.justice4all.org\/es\/staff\/andrea-fenster\/\" \/>\n<meta property=\"og:locale\" content=\"es_ES\" \/>\n<meta property=\"og:type\" content=\"article\" \/>\n<meta property=\"og:title\" content=\"Andrea Fenster - Legal Aid Justice Center\" \/>\n<meta property=\"og:description\" content=\"Andrea se incorpor\u00f3 al Programa de Derechos Civiles y Justicia Racial del LAJC en febrero de 2025. Antes de incorporarse al LAJC, Andrea fue Becaria Jur\u00eddica Dunn de Derechos de los Presos en la ACLU de Virginia, donde litig\u00f3 en nombre de los virginianos encarcelados. Antes de su trabajo en Virginia, Andrea fue abogada de [&hellip;]\" \/>\n<meta property=\"og:url\" content=\"https:\/\/www.justice4all.org\/es\/staff\/andrea-fenster\/\" \/>\n<meta property=\"og:site_name\" content=\"Legal Aid Justice Center\" \/>\n<meta property=\"article:modified_time\" content=\"2026-02-05T03:02:49+00:00\" \/>\n<meta property=\"og:image\" content=\"https:\/\/www.justice4all.org\/wp-content\/uploads\/2025\/03\/Andrea-Fenster.jpg\" \/>\n\t<meta property=\"og:image:width\" content=\"573\" \/>\n\t<meta property=\"og:image:height\" content=\"846\" \/>\n\t<meta property=\"og:image:type\" content=\"image\/jpeg\" \/>\n<meta name=\"twitter:card\" content=\"summary_large_image\" \/>\n<meta name=\"twitter:label1\" content=\"Tiempo de lectura\" \/>\n\t<meta name=\"twitter:data1\" content=\"1 minuto\" \/>\n<script type=\"application\/ld+json\" class=\"yoast-schema-graph\">{\"@context\":\"https:\\\/\\\/schema.org\",\"@graph\":[{\"@type\":\"WebPage\",\"@id\":\"https:\\\/\\\/www.justice4all.org\\\/es\\\/staff\\\/andrea-fenster\\\/\",\"url\":\"https:\\\/\\\/www.justice4all.org\\\/es\\\/staff\\\/andrea-fenster\\\/\",\"name\":\"Andrea Fenster - Legal Aid Justice Center\",\"isPartOf\":{\"@id\":\"https:\\\/\\\/www.justice4all.org\\\/es\\\/#website\"},\"primaryImageOfPage\":{\"@id\":\"https:\\\/\\\/www.justice4all.org\\\/es\\\/staff\\\/andrea-fenster\\\/#primaryimage\"},\"image\":{\"@id\":\"https:\\\/\\\/www.justice4all.org\\\/es\\\/staff\\\/andrea-fenster\\\/#primaryimage\"},\"thumbnailUrl\":\"https:\\\/\\\/www.justice4all.org\\\/wp-content\\\/uploads\\\/2025\\\/03\\\/Andrea-Fenster.jpg\",\"datePublished\":\"2025-03-12T17:06:31+00:00\",\"dateModified\":\"2026-02-05T03:02:49+00:00\",\"breadcrumb\":{\"@id\":\"https:\\\/\\\/www.justice4all.org\\\/es\\\/staff\\\/andrea-fenster\\\/#breadcrumb\"},\"inLanguage\":\"es\",\"potentialAction\":[{\"@type\":\"ReadAction\",\"target\":[\"https:\\\/\\\/www.justice4all.org\\\/es\\\/staff\\\/andrea-fenster\\\/\"]}]},{\"@type\":\"ImageObject\",\"inLanguage\":\"es\",\"@id\":\"https:\\\/\\\/www.justice4all.org\\\/es\\\/staff\\\/andrea-fenster\\\/#primaryimage\",\"url\":\"https:\\\/\\\/www.justice4all.org\\\/wp-content\\\/uploads\\\/2025\\\/03\\\/Andrea-Fenster.jpg\",\"contentUrl\":\"https:\\\/\\\/www.justice4all.org\\\/wp-content\\\/uploads\\\/2025\\\/03\\\/Andrea-Fenster.jpg\",\"width\":573,\"height\":846},{\"@type\":\"BreadcrumbList\",\"@id\":\"https:\\\/\\\/www.justice4all.org\\\/es\\\/staff\\\/andrea-fenster\\\/#breadcrumb\",\"itemListElement\":[{\"@type\":\"ListItem\",\"position\":1,\"name\":\"Home\",\"item\":\"https:\\\/\\\/www.justice4all.org\\\/es\\\/\"},{\"@type\":\"ListItem\",\"position\":2,\"name\":\"Andrea Fenster\"}]},{\"@type\":\"WebSite\",\"@id\":\"https:\\\/\\\/www.justice4all.org\\\/es\\\/#website\",\"url\":\"https:\\\/\\\/www.justice4all.org\\\/es\\\/\",\"name\":\"Legal Aid Justice Center\",\"description\":\"\",\"potentialAction\":[{\"@type\":\"SearchAction\",\"target\":{\"@type\":\"EntryPoint\",\"urlTemplate\":\"https:\\\/\\\/www.justice4all.org\\\/es\\\/?s={search_term_string}\"},\"query-input\":{\"@type\":\"PropertyValueSpecification\",\"valueRequired\":true,\"valueName\":\"search_term_string\"}}],\"inLanguage\":\"es\"}]}<\/script>\n<!-- \/ Yoast SEO plugin. -->","yoast_head_json":{"title":"Andrea Fenster - Legal Aid Justice Center","robots":{"index":"index","follow":"follow","max-snippet":"max-snippet:-1","max-image-preview":"max-image-preview:large","max-video-preview":"max-video-preview:-1"},"canonical":"https:\/\/www.justice4all.org\/es\/staff\/andrea-fenster\/","og_locale":"es_ES","og_type":"article","og_title":"Andrea Fenster - Legal Aid Justice Center","og_description":"Andrea se incorpor\u00f3 al Programa de Derechos Civiles y Justicia Racial del LAJC en febrero de 2025. Antes de incorporarse al LAJC, Andrea fue Becaria Jur\u00eddica Dunn de Derechos de los Presos en la ACLU de Virginia, donde litig\u00f3 en nombre de los virginianos encarcelados. Antes de su trabajo en Virginia, Andrea fue abogada de [&hellip;]","og_url":"https:\/\/www.justice4all.org\/es\/staff\/andrea-fenster\/","og_site_name":"Legal Aid Justice Center","article_modified_time":"2026-02-05T03:02:49+00:00","og_image":[{"width":573,"height":846,"url":"https:\/\/www.justice4all.org\/wp-content\/uploads\/2025\/03\/Andrea-Fenster.jpg","type":"image\/jpeg"}],"twitter_card":"summary_large_image","twitter_misc":{"Tiempo de lectura":"1 minuto"},"schema":{"@context":"https:\/\/schema.org","@graph":[{"@type":"WebPage","@id":"https:\/\/www.justice4all.org\/es\/staff\/andrea-fenster\/","url":"https:\/\/www.justice4all.org\/es\/staff\/andrea-fenster\/","name":"Andrea Fenster - Legal Aid Justice Center","isPartOf":{"@id":"https:\/\/www.justice4all.org\/es\/#website"},"primaryImageOfPage":{"@id":"https:\/\/www.justice4all.org\/es\/staff\/andrea-fenster\/#primaryimage"},"image":{"@id":"https:\/\/www.justice4all.org\/es\/staff\/andrea-fenster\/#primaryimage"},"thumbnailUrl":"https:\/\/www.justice4all.org\/wp-content\/uploads\/2025\/03\/Andrea-Fenster.jpg","datePublished":"2025-03-12T17:06:31+00:00","dateModified":"2026-02-05T03:02:49+00:00","breadcrumb":{"@id":"https:\/\/www.justice4all.org\/es\/staff\/andrea-fenster\/#breadcrumb"},"inLanguage":"es","potentialAction":[{"@type":"ReadAction","target":["https:\/\/www.justice4all.org\/es\/staff\/andrea-fenster\/"]}]},{"@type":"ImageObject","inLanguage":"es","@id":"https:\/\/www.justice4all.org\/es\/staff\/andrea-fenster\/#primaryimage","url":"https:\/\/www.justice4all.org\/wp-content\/uploads\/2025\/03\/Andrea-Fenster.jpg","contentUrl":"https:\/\/www.justice4all.org\/wp-content\/uploads\/2025\/03\/Andrea-Fenster.jpg","width":573,"height":846},{"@type":"BreadcrumbList","@id":"https:\/\/www.justice4all.org\/es\/staff\/andrea-fenster\/#breadcrumb","itemListElement":[{"@type":"ListItem","position":1,"name":"Home","item":"https:\/\/www.justice4all.org\/es\/"},{"@type":"ListItem","position":2,"name":"Andrea Fenster"}]},{"@type":"WebSite","@id":"https:\/\/www.justice4all.org\/es\/#website","url":"https:\/\/www.justice4all.org\/es\/","name":"Legal Aid Justice Center","description":"","potentialAction":[{"@type":"SearchAction","target":{"@type":"EntryPoint","urlTemplate":"https:\/\/www.justice4all.org\/es\/?s={search_term_string}"},"query-input":{"@type":"PropertyValueSpecification","valueRequired":true,"valueName":"search_term_string"}}],"inLanguage":"es"}]}},"_links":{"self":[{"href":"https:\/\/www.justice4all.org\/es\/wp-json\/wp\/v2\/lajc_profiles\/19843","targetHints":{"allow":["GET"]}}],"collection":[{"href":"https:\/\/www.justice4all.org\/es\/wp-json\/wp\/v2\/lajc_profiles"}],"about":[{"href":"https:\/\/www.justice4all.org\/es\/wp-json\/wp\/v2\/types\/lajc_profiles"}],"author":[{"embeddable":true,"href":"https:\/\/www.justice4all.org\/es\/wp-json\/wp\/v2\/users\/4"}],"version-history":[{"count":0,"href":"https:\/\/www.justice4all.org\/es\/wp-json\/wp\/v2\/lajc_profiles\/19843\/revisions"}],"wp:featuredmedia":[{"embeddable":true,"href":"https:\/\/www.justice4all.org\/es\/wp-json\/wp\/v2\/media\/18699"}],"wp:attachment":[{"href":"https:\/\/www.justice4all.org\/es\/wp-json\/wp\/v2\/media?parent=19843"}],"wp:term":[{"taxonomy":"lajc-tax-roles","embeddable":true,"href":"https:\/\/www.justice4all.org\/es\/wp-json\/wp\/v2\/lajc-tax-roles?post=19843"},{"taxonomy":"lajc-tax-issues","embeddable":true,"href":"https:\/\/www.justice4all.org\/es\/wp-json\/wp\/v2\/lajc-tax-issues?post=19843"},{"taxonomy":"lajc-tax-locations","embeddable":true,"href":"https:\/\/www.justice4all.org\/es\/wp-json\/wp\/v2\/lajc-tax-locations?post=19843"},{"taxonomy":"lajc-tax-profile-type","embeddable":true,"href":"https:\/\/www.justice4all.org\/es\/wp-json\/wp\/v2\/lajc-tax-profile-type?post=19843"}],"curies":[{"name":"wp","href":"https:\/\/api.w.org\/{rel}","templated":true}]}}

<p>Andrea se incorporó al Programa de Derechos Civiles y Justicia Racial del LAJC en febrero de 2025. Antes de incorporarse al LAJC, Andrea fue Becaria Jurídica Dunn de Derechos de los Presos en la ACLU de Virginia, donde litigó en nombre de los virginianos encarcelados. Antes de su trabajo en Virginia, Andrea fue abogada de plantilla en la Iniciativa de Política Penitenciaria, donde trabajó en las campañas para acabar con el gerrymandering penitenciario y para reducir el coste de las llamadas a casa desde prisiones y cárceles. Andrea se licenció en Derecho por el Centro de Derecho de la Universidad de Georgetown y en Derecho y Sociedad por la American University. Andrea es miembro del Colegio de Abogados del Distrito de Columbia.    </p>

<p>Andrea se incorporó al Programa de Derechos Civiles y Justicia Racial del LAJC en febrero de 2025. Antes de incorporarse al LAJC, Andrea fue Becaria Jurídica Dunn de Derechos de los Presos en la ACLU de Virginia, donde litigó en nombre de los virginianos encarcelados. Antes de su trabajo en Virginia, Andrea fue abogada de [&hellip;]</p>

<!-- This site is optimized with the Yoast SEO plugin v27.5 - https://yoast.com/product/yoast-seo-wordpress/ -->
<title>Andrea Fenster - Legal Aid Justice Center</title>
<meta name="robots" content="index, follow, max-snippet:-1, max-image-preview:large, max-video-preview:-1" />
<link rel="canonical" href="https://www.justice4all.org/es/staff/andrea-fenster/" />
<meta property="og:locale" content="es_ES" />
<meta property="og:type" content="article" />
<meta property="og:title" content="Andrea Fenster - Legal Aid Justice Center" />
<meta property="og:description" content="Andrea se incorporó al Programa de Derechos Civiles y Justicia Racial del LAJC en febrero de 2025. Antes de incorporarse al LAJC, Andrea fue Becaria Jurídica Dunn de Derechos de los Presos en la ACLU de Virginia, donde litigó en nombre de los virginianos encarcelados. Antes de su trabajo en Virginia, Andrea fue abogada de [&hellip;]" />
<meta property="og:url" content="https://www.justice4all.org/es/staff/andrea-fenster/" />
<meta property="og:site_name" content="Legal Aid Justice Center" />
<meta property="article:modified_time" content="2026-02-05T03:02:49+00:00" />
<meta property="og:image" content="https://www.justice4all.org/wp-content/uploads/2025/03/Andrea-Fenster.jpg" />
	<meta property="og:image:width" content="573" />
	<meta property="og:image:height" content="846" />
	<meta property="og:image:type" content="image/jpeg" />
<meta name="twitter:card" content="summary_large_image" />
<meta name="twitter:label1" content="Tiempo de lectura" />
	<meta name="twitter:data1" content="1 minuto" />
<script type="application/ld+json" class="yoast-schema-graph">{"@context":"https:\/\/schema.org","@graph":[{"@type":"WebPage","@id":"https:\/\/www.justice4all.org\/es\/staff\/andrea-fenster\/","url":"https:\/\/www.justice4all.org\/es\/staff\/andrea-fenster\/","name":"Andrea Fenster - Legal Aid Justice Center","isPartOf":{"@id":"https:\/\/www.justice4all.org\/es\/#website"},"primaryImageOfPage":{"@id":"https:\/\/www.justice4all.org\/es\/staff\/andrea-fenster\/#primaryimage"},"image":{"@id":"https:\/\/www.justice4all.org\/es\/staff\/andrea-fenster\/#primaryimage"},"thumbnailUrl":"https:\/\/www.justice4all.org\/wp-content\/uploads\/2025\/03\/Andrea-Fenster.jpg","datePublished":"2025-03-12T17:06:31+00:00","dateModified":"2026-02-05T03:02:49+00:00","breadcrumb":{"@id":"https:\/\/www.justice4all.org\/es\/staff\/andrea-fenster\/#breadcrumb"},"inLanguage":"es","potentialAction":[{"@type":"ReadAction","target":["https:\/\/www.justice4all.org\/es\/staff\/andrea-fenster\/"]}]},{"@type":"ImageObject","inLanguage":"es","@id":"https:\/\/www.justice4all.org\/es\/staff\/andrea-fenster\/#primaryimage","url":"https:\/\/www.justice4all.org\/wp-content\/uploads\/2025\/03\/Andrea-Fenster.jpg","contentUrl":"https:\/\/www.justice4all.org\/wp-content\/uploads\/2025\/03\/Andrea-Fenster.jpg","width":573,"height":846},{"@type":"BreadcrumbList","@id":"https:\/\/www.justice4all.org\/es\/staff\/andrea-fenster\/#breadcrumb","itemListElement":[{"@type":"ListItem","position":1,"name":"Home","item":"https:\/\/www.justice4all.org\/es\/"},{"@type":"ListItem","position":2,"name":"Andrea Fenster"}]},{"@type":"WebSite","@id":"https:\/\/www.justice4all.org\/es\/#website","url":"https:\/\/www.justice4all.org\/es\/","name":"Legal Aid Justice Center","description":"","potentialAction":[{"@type":"SearchAction","target":{"@type":"EntryPoint","urlTemplate":"https:\/\/www.justice4all.org\/es\/?s={search_term_string}"},"query-input":{"@type":"PropertyValueSpecification","valueRequired":true,"valueName":"search_term_string"}}],"inLanguage":"es"}]}</script>
<!-- / Yoast SEO plugin. -->

Andrea se incorporó al Programa de Derechos Civiles y Justicia Racial del LAJC en febrero de 2025. Antes de incorporarse al LAJC, Andrea fue Becaria Jurídica Dunn de Derechos de los Presos en la ACLU de Virginia, donde litigó en nombre de los virginianos encarcelados. Antes de su trabajo en Virginia, Andrea fue abogada de [&hellip;]
