{"id":19842,"date":"2025-04-11T18:38:52","date_gmt":"2025-04-11T18:38:52","guid":{"rendered":"https:\/\/www.justice4all.org\/staff\/amber-banks\/"},"modified":"2026-02-05T03:02:44","modified_gmt":"2026-02-05T03:02:44","slug":"amber-banks","status":"publish","type":"lajc_profiles","link":"https:\/\/www.justice4all.org\/es\/staff\/amber-banks\/","title":{"rendered":"Amber Banks"},"content":{"rendered":"\n<p>Amber se incorpor\u00f3 al Programa de Justicia Juvenil del Centro de Asistencia Jur\u00eddica como abogada en 2023, donde se ocupa de la defensa legal de los j\u00f3venes y las familias, centr\u00e1ndose en el cambio sist\u00e9mico para apoyar a los j\u00f3venes a permanecer con sus familias, en la escuela y fuera del sistema jur\u00eddico penal. En su funci\u00f3n, Amber proporciona asesoramiento jur\u00eddico sobre cuestiones educativas, representa a j\u00f3venes y familias en procedimientos escolares, administrativos y judiciales, y aboga por pol\u00edticas y leyes que protejan y capaciten a los j\u00f3venes. Tambi\u00e9n participa en la abogac\u00eda del movimiento, la educaci\u00f3n comunitaria y otras formas de defensa para lograr una reforma sist\u00e9mica, y es copresidenta del Grupo de Trabajo sobre Derecho Educativo de Virginia.  <\/p>\n\n<p>Antes de unirse al Centro de Justicia de Asistencia Jur\u00eddica, Amber fue abogada en Texas RioGrande Legal Aid (TRLA), donde represent\u00f3 a personas en casos de educaci\u00f3n, derechos civiles, LGBTQ+ y tutela. Es licenciada por la Facultad de Derecho de Vanderbilt, donde fue Becaria Garrison de Justicia Social para la promoci\u00f3n de 2020 y recibi\u00f3 el Premio Regional de Inter\u00e9s P\u00fablico Equal Justice Works. Como estudiante de Derecho, Amber trabaj\u00f3 como asistente jur\u00eddica en el Proyecto de Derechos Civiles de Texas, el Centro Jur\u00eddico contra la Pobreza del Sur y la ACLU de Tennessee. Antes de estudiar Derecho, Amber trabaj\u00f3 con organizaciones sin \u00e1nimo de lucro dedicadas a los derechos reproductivos, la salud y la justicia, centr\u00e1ndose en la pol\u00edtica, la educaci\u00f3n y la divulgaci\u00f3n comunitaria. Es licenciada por la Universidad de Virginia.    <\/p>\n","protected":false},"excerpt":{"rendered":"<p>Amber se incorpor\u00f3 al Programa de Justicia Juvenil del Centro de Asistencia Jur\u00eddica como abogada en 2023, donde se ocupa de la defensa legal de los j\u00f3venes y las familias, centr\u00e1ndose en el cambio sist\u00e9mico para apoyar a los j\u00f3venes a permanecer con sus familias, en la escuela y fuera del sistema jur\u00eddico penal. En [&hellip;]<\/p>\n","protected":false},"author":4,"featured_media":0,"template":"","format":"standard","meta":{"footnotes":""},"lajc-tax-roles":[88],"lajc-tax-issues":[83],"lajc-tax-locations":[85],"lajc-tax-profile-type":[],"class_list":["post-19842","lajc_profiles","type-lajc_profiles","status-publish","format-standard","hentry","lajc-tax-roles-legal-es","lajc-tax-issues-youth-family-schools-es","lajc-tax-locations-richmond-es"],"acf":[],"yoast_head":"<!-- This site is optimized with the Yoast SEO plugin v27.5 - https:\/\/yoast.com\/product\/yoast-seo-wordpress\/ -->\n<title>Amber Banks - Legal Aid Justice Center<\/title>\n<meta name=\"robots\" content=\"index, follow, max-snippet:-1, max-image-preview:large, max-video-preview:-1\" \/>\n<link rel=\"canonical\" href=\"https:\/\/www.justice4all.org\/es\/staff\/amber-banks\/\" \/>\n<meta property=\"og:locale\" content=\"es_ES\" \/>\n<meta property=\"og:type\" content=\"article\" \/>\n<meta property=\"og:title\" content=\"Amber Banks - Legal Aid Justice Center\" \/>\n<meta property=\"og:description\" content=\"Amber se incorpor\u00f3 al Programa de Justicia Juvenil del Centro de Asistencia Jur\u00eddica como abogada en 2023, donde se ocupa de la defensa legal de los j\u00f3venes y las familias, centr\u00e1ndose en el cambio sist\u00e9mico para apoyar a los j\u00f3venes a permanecer con sus familias, en la escuela y fuera del sistema jur\u00eddico penal. En [&hellip;]\" \/>\n<meta property=\"og:url\" content=\"https:\/\/www.justice4all.org\/es\/staff\/amber-banks\/\" \/>\n<meta property=\"og:site_name\" content=\"Legal Aid Justice Center\" \/>\n<meta property=\"article:modified_time\" content=\"2026-02-05T03:02:44+00:00\" \/>\n<meta name=\"twitter:card\" content=\"summary_large_image\" \/>\n<meta name=\"twitter:label1\" content=\"Tiempo de lectura\" \/>\n\t<meta name=\"twitter:data1\" content=\"1 minuto\" \/>\n<script type=\"application\/ld+json\" class=\"yoast-schema-graph\">{\"@context\":\"https:\\\/\\\/schema.org\",\"@graph\":[{\"@type\":\"WebPage\",\"@id\":\"https:\\\/\\\/www.justice4all.org\\\/es\\\/staff\\\/amber-banks\\\/\",\"url\":\"https:\\\/\\\/www.justice4all.org\\\/es\\\/staff\\\/amber-banks\\\/\",\"name\":\"Amber Banks - Legal Aid Justice Center\",\"isPartOf\":{\"@id\":\"https:\\\/\\\/www.justice4all.org\\\/es\\\/#website\"},\"datePublished\":\"2025-04-11T18:38:52+00:00\",\"dateModified\":\"2026-02-05T03:02:44+00:00\",\"breadcrumb\":{\"@id\":\"https:\\\/\\\/www.justice4all.org\\\/es\\\/staff\\\/amber-banks\\\/#breadcrumb\"},\"inLanguage\":\"es\",\"potentialAction\":[{\"@type\":\"ReadAction\",\"target\":[\"https:\\\/\\\/www.justice4all.org\\\/es\\\/staff\\\/amber-banks\\\/\"]}]},{\"@type\":\"BreadcrumbList\",\"@id\":\"https:\\\/\\\/www.justice4all.org\\\/es\\\/staff\\\/amber-banks\\\/#breadcrumb\",\"itemListElement\":[{\"@type\":\"ListItem\",\"position\":1,\"name\":\"Home\",\"item\":\"https:\\\/\\\/www.justice4all.org\\\/es\\\/\"},{\"@type\":\"ListItem\",\"position\":2,\"name\":\"Amber Banks\"}]},{\"@type\":\"WebSite\",\"@id\":\"https:\\\/\\\/www.justice4all.org\\\/es\\\/#website\",\"url\":\"https:\\\/\\\/www.justice4all.org\\\/es\\\/\",\"name\":\"Legal Aid Justice Center\",\"description\":\"\",\"potentialAction\":[{\"@type\":\"SearchAction\",\"target\":{\"@type\":\"EntryPoint\",\"urlTemplate\":\"https:\\\/\\\/www.justice4all.org\\\/es\\\/?s={search_term_string}\"},\"query-input\":{\"@type\":\"PropertyValueSpecification\",\"valueRequired\":true,\"valueName\":\"search_term_string\"}}],\"inLanguage\":\"es\"}]}<\/script>\n<!-- \/ Yoast SEO plugin. -->","yoast_head_json":{"title":"Amber Banks - Legal Aid Justice Center","robots":{"index":"index","follow":"follow","max-snippet":"max-snippet:-1","max-image-preview":"max-image-preview:large","max-video-preview":"max-video-preview:-1"},"canonical":"https:\/\/www.justice4all.org\/es\/staff\/amber-banks\/","og_locale":"es_ES","og_type":"article","og_title":"Amber Banks - Legal Aid Justice Center","og_description":"Amber se incorpor\u00f3 al Programa de Justicia Juvenil del Centro de Asistencia Jur\u00eddica como abogada en 2023, donde se ocupa de la defensa legal de los j\u00f3venes y las familias, centr\u00e1ndose en el cambio sist\u00e9mico para apoyar a los j\u00f3venes a permanecer con sus familias, en la escuela y fuera del sistema jur\u00eddico penal. En [&hellip;]","og_url":"https:\/\/www.justice4all.org\/es\/staff\/amber-banks\/","og_site_name":"Legal Aid Justice Center","article_modified_time":"2026-02-05T03:02:44+00:00","twitter_card":"summary_large_image","twitter_misc":{"Tiempo de lectura":"1 minuto"},"schema":{"@context":"https:\/\/schema.org","@graph":[{"@type":"WebPage","@id":"https:\/\/www.justice4all.org\/es\/staff\/amber-banks\/","url":"https:\/\/www.justice4all.org\/es\/staff\/amber-banks\/","name":"Amber Banks - Legal Aid Justice Center","isPartOf":{"@id":"https:\/\/www.justice4all.org\/es\/#website"},"datePublished":"2025-04-11T18:38:52+00:00","dateModified":"2026-02-05T03:02:44+00:00","breadcrumb":{"@id":"https:\/\/www.justice4all.org\/es\/staff\/amber-banks\/#breadcrumb"},"inLanguage":"es","potentialAction":[{"@type":"ReadAction","target":["https:\/\/www.justice4all.org\/es\/staff\/amber-banks\/"]}]},{"@type":"BreadcrumbList","@id":"https:\/\/www.justice4all.org\/es\/staff\/amber-banks\/#breadcrumb","itemListElement":[{"@type":"ListItem","position":1,"name":"Home","item":"https:\/\/www.justice4all.org\/es\/"},{"@type":"ListItem","position":2,"name":"Amber Banks"}]},{"@type":"WebSite","@id":"https:\/\/www.justice4all.org\/es\/#website","url":"https:\/\/www.justice4all.org\/es\/","name":"Legal Aid Justice Center","description":"","potentialAction":[{"@type":"SearchAction","target":{"@type":"EntryPoint","urlTemplate":"https:\/\/www.justice4all.org\/es\/?s={search_term_string}"},"query-input":{"@type":"PropertyValueSpecification","valueRequired":true,"valueName":"search_term_string"}}],"inLanguage":"es"}]}},"_links":{"self":[{"href":"https:\/\/www.justice4all.org\/es\/wp-json\/wp\/v2\/lajc_profiles\/19842","targetHints":{"allow":["GET"]}}],"collection":[{"href":"https:\/\/www.justice4all.org\/es\/wp-json\/wp\/v2\/lajc_profiles"}],"about":[{"href":"https:\/\/www.justice4all.org\/es\/wp-json\/wp\/v2\/types\/lajc_profiles"}],"author":[{"embeddable":true,"href":"https:\/\/www.justice4all.org\/es\/wp-json\/wp\/v2\/users\/4"}],"version-history":[{"count":0,"href":"https:\/\/www.justice4all.org\/es\/wp-json\/wp\/v2\/lajc_profiles\/19842\/revisions"}],"wp:attachment":[{"href":"https:\/\/www.justice4all.org\/es\/wp-json\/wp\/v2\/media?parent=19842"}],"wp:term":[{"taxonomy":"lajc-tax-roles","embeddable":true,"href":"https:\/\/www.justice4all.org\/es\/wp-json\/wp\/v2\/lajc-tax-roles?post=19842"},{"taxonomy":"lajc-tax-issues","embeddable":true,"href":"https:\/\/www.justice4all.org\/es\/wp-json\/wp\/v2\/lajc-tax-issues?post=19842"},{"taxonomy":"lajc-tax-locations","embeddable":true,"href":"https:\/\/www.justice4all.org\/es\/wp-json\/wp\/v2\/lajc-tax-locations?post=19842"},{"taxonomy":"lajc-tax-profile-type","embeddable":true,"href":"https:\/\/www.justice4all.org\/es\/wp-json\/wp\/v2\/lajc-tax-profile-type?post=19842"}],"curies":[{"name":"wp","href":"https:\/\/api.w.org\/{rel}","templated":true}]}}

<p>Amber se incorporó al Programa de Justicia Juvenil del Centro de Asistencia Jurídica como abogada en 2023, donde se ocupa de la defensa legal de los jóvenes y las familias, centrándose en el cambio sistémico para apoyar a los jóvenes a permanecer con sus familias, en la escuela y fuera del sistema jurídico penal. En su función, Amber proporciona asesoramiento jurídico sobre cuestiones educativas, representa a jóvenes y familias en procedimientos escolares, administrativos y judiciales, y aboga por políticas y leyes que protejan y capaciten a los jóvenes. También participa en la abogacía del movimiento, la educación comunitaria y otras formas de defensa para lograr una reforma sistémica, y es copresidenta del Grupo de Trabajo sobre Derecho Educativo de Virginia.  </p>

<p>Antes de unirse al Centro de Justicia de Asistencia Jurídica, Amber fue abogada en Texas RioGrande Legal Aid (TRLA), donde representó a personas en casos de educación, derechos civiles, LGBTQ+ y tutela. Es licenciada por la Facultad de Derecho de Vanderbilt, donde fue Becaria Garrison de Justicia Social para la promoción de 2020 y recibió el Premio Regional de Interés Público Equal Justice Works. Como estudiante de Derecho, Amber trabajó como asistente jurídica en el Proyecto de Derechos Civiles de Texas, el Centro Jurídico contra la Pobreza del Sur y la ACLU de Tennessee. Antes de estudiar Derecho, Amber trabajó con organizaciones sin ánimo de lucro dedicadas a los derechos reproductivos, la salud y la justicia, centrándose en la política, la educación y la divulgación comunitaria. Es licenciada por la Universidad de Virginia.    </p>

<p>Amber se incorporó al Programa de Justicia Juvenil del Centro de Asistencia Jurídica como abogada en 2023, donde se ocupa de la defensa legal de los jóvenes y las familias, centrándose en el cambio sistémico para apoyar a los jóvenes a permanecer con sus familias, en la escuela y fuera del sistema jurídico penal. En [&hellip;]</p>

<!-- This site is optimized with the Yoast SEO plugin v27.5 - https://yoast.com/product/yoast-seo-wordpress/ -->
<title>Amber Banks - Legal Aid Justice Center</title>
<meta name="robots" content="index, follow, max-snippet:-1, max-image-preview:large, max-video-preview:-1" />
<link rel="canonical" href="https://www.justice4all.org/es/staff/amber-banks/" />
<meta property="og:locale" content="es_ES" />
<meta property="og:type" content="article" />
<meta property="og:title" content="Amber Banks - Legal Aid Justice Center" />
<meta property="og:description" content="Amber se incorporó al Programa de Justicia Juvenil del Centro de Asistencia Jurídica como abogada en 2023, donde se ocupa de la defensa legal de los jóvenes y las familias, centrándose en el cambio sistémico para apoyar a los jóvenes a permanecer con sus familias, en la escuela y fuera del sistema jurídico penal. En [&hellip;]" />
<meta property="og:url" content="https://www.justice4all.org/es/staff/amber-banks/" />
<meta property="og:site_name" content="Legal Aid Justice Center" />
<meta property="article:modified_time" content="2026-02-05T03:02:44+00:00" />
<meta name="twitter:card" content="summary_large_image" />
<meta name="twitter:label1" content="Tiempo de lectura" />
	<meta name="twitter:data1" content="1 minuto" />
<script type="application/ld+json" class="yoast-schema-graph">{"@context":"https:\/\/schema.org","@graph":[{"@type":"WebPage","@id":"https:\/\/www.justice4all.org\/es\/staff\/amber-banks\/","url":"https:\/\/www.justice4all.org\/es\/staff\/amber-banks\/","name":"Amber Banks - Legal Aid Justice Center","isPartOf":{"@id":"https:\/\/www.justice4all.org\/es\/#website"},"datePublished":"2025-04-11T18:38:52+00:00","dateModified":"2026-02-05T03:02:44+00:00","breadcrumb":{"@id":"https:\/\/www.justice4all.org\/es\/staff\/amber-banks\/#breadcrumb"},"inLanguage":"es","potentialAction":[{"@type":"ReadAction","target":["https:\/\/www.justice4all.org\/es\/staff\/amber-banks\/"]}]},{"@type":"BreadcrumbList","@id":"https:\/\/www.justice4all.org\/es\/staff\/amber-banks\/#breadcrumb","itemListElement":[{"@type":"ListItem","position":1,"name":"Home","item":"https:\/\/www.justice4all.org\/es\/"},{"@type":"ListItem","position":2,"name":"Amber Banks"}]},{"@type":"WebSite","@id":"https:\/\/www.justice4all.org\/es\/#website","url":"https:\/\/www.justice4all.org\/es\/","name":"Legal Aid Justice Center","description":"","potentialAction":[{"@type":"SearchAction","target":{"@type":"EntryPoint","urlTemplate":"https:\/\/www.justice4all.org\/es\/?s={search_term_string}"},"query-input":{"@type":"PropertyValueSpecification","valueRequired":true,"valueName":"search_term_string"}}],"inLanguage":"es"}]}</script>
<!-- / Yoast SEO plugin. -->

Amber se incorporó al Programa de Justicia Juvenil del Centro de Asistencia Jurídica como abogada en 2023, donde se ocupa de la defensa legal de los jóvenes y las familias, centrándose en el cambio sistémico para apoyar a los jóvenes a permanecer con sus familias, en la escuela y fuera del sistema jurídico penal. En [&hellip;]
