{"id":17644,"date":"2023-12-08T15:49:48","date_gmt":"2023-12-08T15:49:48","guid":{"rendered":"https:\/\/www.justice4all.org\/staff\/amanda-shelton\/"},"modified":"2026-08-06T17:40:21","modified_gmt":"2026-08-06T17:40:21","slug":"amanda-shelton","status":"publish","type":"lajc_profiles","link":"https:\/\/www.justice4all.org\/es\/staff\/amanda-shelton\/","title":{"rendered":"Amanda Elliott"},"content":{"rendered":"\n<p class=\"wp-block-paragraph\">Amanda Elliott es de Richmond, Virginia, y es veterana de la Marina de los EE. UU. Durante su estancia en la Marina, Amanda trabaj\u00f3 como orientadora profesional y responsable de formaci\u00f3n. En el desempe\u00f1o de estas funciones, Amanda desarroll\u00f3 una gran pasi\u00f3n por ayudar a los dem\u00e1s a alcanzar sus metas profesionales y personales, as\u00ed como un deseo de defender sus intereses. Tras dejar el ej\u00e9rcito, Amanda trabaj\u00f3 en varios organismos p\u00fablicos y empresas privadas, donde imparti\u00f3 formaci\u00f3n, elabor\u00f3 pol\u00edticas corporativas y ayud\u00f3 a abogados con la gesti\u00f3n de casos y asuntos legales. En la comunidad, Amanda form\u00f3 parte del Comit\u00e9 de Empoderamiento Financiero bajo el liderazgo de la se\u00f1ora Nichole Armstead, tesorera de la ciudad de Richmond. Este comit\u00e9 se dedicaba al empoderamiento financiero de hombres y mujeres pertenecientes a minor\u00edas. Adem\u00e1s, Amanda fue nombrada \u00abVeteranas en Acci\u00f3n\u00bb de 2018, un t\u00edtulo otorgado por la Administraci\u00f3n de Veteranos McGuire por su incansable y desinteresado trabajo ayudando a los veteranos sin hogar y poni\u00e9ndolos en contacto con recursos y ayudas. Amanda es licenciada en Empresariales por la Universidad ECPI, donde se gradu\u00f3 con matr\u00edcula de honor (Summa Cum Laude). Amanda est\u00e1 muy ilusionada por unirse al equipo de Legal Aid Justice, donde seguir\u00e1 marcando la diferencia y defendiendo a los miembros de su comunidad.        <\/p>\n\n<p class=\"wp-block-paragraph\"><\/p>\n","protected":false},"excerpt":{"rendered":"<p>Amanda Elliott es de Richmond, Virginia, y es veterana de la Marina de los EE. UU. Durante su estancia en la Marina, Amanda trabaj\u00f3 como orientadora profesional y responsable de formaci\u00f3n. En el desempe\u00f1o de estas funciones, Amanda desarroll\u00f3 una gran pasi\u00f3n por ayudar a los dem\u00e1s a alcanzar sus metas profesionales y personales, as\u00ed [&hellip;]<\/p>\n","protected":false},"author":4,"featured_media":17487,"template":"","format":"standard","meta":{"footnotes":""},"lajc-tax-roles":[88],"lajc-tax-issues":[],"lajc-tax-locations":[93],"lajc-tax-profile-type":[],"class_list":["post-17644","lajc_profiles","type-lajc_profiles","status-publish","format-standard","has-post-thumbnail","hentry","lajc-tax-roles-legal-es","lajc-tax-locations-petersburgo"],"acf":[],"yoast_head":"<!-- This site is optimized with the Yoast SEO plugin v28.4 - https:\/\/yoast.com\/product\/yoast-seo-wordpress\/ -->\n<title>Amanda Elliott - Legal Aid Justice Center<\/title>\n<meta name=\"robots\" content=\"index, follow, max-snippet:-1, max-image-preview:large, max-video-preview:-1\" \/>\n<link rel=\"canonical\" href=\"https:\/\/www.justice4all.org\/es\/staff\/amanda-shelton\/\" \/>\n<meta property=\"og:locale\" content=\"es_ES\" \/>\n<meta property=\"og:type\" content=\"article\" \/>\n<meta property=\"og:title\" content=\"Amanda Elliott - Legal Aid Justice Center\" \/>\n<meta property=\"og:description\" content=\"Amanda Elliott es de Richmond, Virginia, y es veterana de la Marina de los EE. UU. Durante su estancia en la Marina, Amanda trabaj\u00f3 como orientadora profesional y responsable de formaci\u00f3n. En el desempe\u00f1o de estas funciones, Amanda desarroll\u00f3 una gran pasi\u00f3n por ayudar a los dem\u00e1s a alcanzar sus metas profesionales y personales, as\u00ed [&hellip;]\" \/>\n<meta property=\"og:url\" content=\"https:\/\/www.justice4all.org\/es\/staff\/amanda-shelton\/\" \/>\n<meta property=\"og:site_name\" content=\"Legal Aid Justice Center\" \/>\n<meta property=\"article:modified_time\" content=\"2026-08-06T17:40:21+00:00\" \/>\n<meta property=\"og:image\" content=\"https:\/\/www.justice4all.org\/wp-content\/uploads\/2023\/12\/Amanda-Pic.jpg\" \/>\n\t<meta property=\"og:image:width\" content=\"800\" \/>\n\t<meta property=\"og:image:height\" content=\"1000\" \/>\n\t<meta property=\"og:image:type\" content=\"image\/jpeg\" \/>\n<meta name=\"twitter:card\" content=\"summary_large_image\" \/>\n<meta name=\"twitter:label1\" content=\"Tiempo de lectura\" \/>\n\t<meta name=\"twitter:data1\" content=\"1 minuto\" \/>\n<script type=\"application\/ld+json\" class=\"yoast-schema-graph\">{\"@context\":\"https:\\\/\\\/schema.org\",\"@graph\":[{\"@type\":\"WebPage\",\"@id\":\"https:\\\/\\\/www.justice4all.org\\\/es\\\/staff\\\/amanda-shelton\\\/\",\"url\":\"https:\\\/\\\/www.justice4all.org\\\/es\\\/staff\\\/amanda-shelton\\\/\",\"name\":\"Amanda Elliott - Legal Aid Justice Center\",\"isPartOf\":{\"@id\":\"https:\\\/\\\/www.justice4all.org\\\/es\\\/#website\"},\"primaryImageOfPage\":{\"@id\":\"https:\\\/\\\/www.justice4all.org\\\/es\\\/staff\\\/amanda-shelton\\\/#primaryimage\"},\"image\":{\"@id\":\"https:\\\/\\\/www.justice4all.org\\\/es\\\/staff\\\/amanda-shelton\\\/#primaryimage\"},\"thumbnailUrl\":\"https:\\\/\\\/www.justice4all.org\\\/wp-content\\\/uploads\\\/2023\\\/12\\\/Amanda-Pic.jpg\",\"datePublished\":\"2023-12-08T15:49:48+00:00\",\"dateModified\":\"2026-08-06T17:40:21+00:00\",\"breadcrumb\":{\"@id\":\"https:\\\/\\\/www.justice4all.org\\\/es\\\/staff\\\/amanda-shelton\\\/#breadcrumb\"},\"inLanguage\":\"es\",\"potentialAction\":[{\"@type\":\"ReadAction\",\"target\":[\"https:\\\/\\\/www.justice4all.org\\\/es\\\/staff\\\/amanda-shelton\\\/\"]}]},{\"@type\":\"ImageObject\",\"inLanguage\":\"es\",\"@id\":\"https:\\\/\\\/www.justice4all.org\\\/es\\\/staff\\\/amanda-shelton\\\/#primaryimage\",\"url\":\"https:\\\/\\\/www.justice4all.org\\\/wp-content\\\/uploads\\\/2023\\\/12\\\/Amanda-Pic.jpg\",\"contentUrl\":\"https:\\\/\\\/www.justice4all.org\\\/wp-content\\\/uploads\\\/2023\\\/12\\\/Amanda-Pic.jpg\",\"width\":800,\"height\":1000},{\"@type\":\"BreadcrumbList\",\"@id\":\"https:\\\/\\\/www.justice4all.org\\\/es\\\/staff\\\/amanda-shelton\\\/#breadcrumb\",\"itemListElement\":[{\"@type\":\"ListItem\",\"position\":1,\"name\":\"Home\",\"item\":\"https:\\\/\\\/www.justice4all.org\\\/es\\\/\"},{\"@type\":\"ListItem\",\"position\":2,\"name\":\"Amanda Elliott\"}]},{\"@type\":\"WebSite\",\"@id\":\"https:\\\/\\\/www.justice4all.org\\\/es\\\/#website\",\"url\":\"https:\\\/\\\/www.justice4all.org\\\/es\\\/\",\"name\":\"Legal Aid Justice Center\",\"description\":\"\",\"potentialAction\":[{\"@type\":\"SearchAction\",\"target\":{\"@type\":\"EntryPoint\",\"urlTemplate\":\"https:\\\/\\\/www.justice4all.org\\\/es\\\/?s={search_term_string}\"},\"query-input\":{\"@type\":\"PropertyValueSpecification\",\"valueRequired\":true,\"valueName\":\"search_term_string\"}}],\"inLanguage\":\"es\"}]}<\/script>\n<!-- \/ Yoast SEO plugin. -->","yoast_head_json":{"title":"Amanda Elliott - Legal Aid Justice Center","robots":{"index":"index","follow":"follow","max-snippet":"max-snippet:-1","max-image-preview":"max-image-preview:large","max-video-preview":"max-video-preview:-1"},"canonical":"https:\/\/www.justice4all.org\/es\/staff\/amanda-shelton\/","og_locale":"es_ES","og_type":"article","og_title":"Amanda Elliott - Legal Aid Justice Center","og_description":"Amanda Elliott es de Richmond, Virginia, y es veterana de la Marina de los EE. UU. Durante su estancia en la Marina, Amanda trabaj\u00f3 como orientadora profesional y responsable de formaci\u00f3n. En el desempe\u00f1o de estas funciones, Amanda desarroll\u00f3 una gran pasi\u00f3n por ayudar a los dem\u00e1s a alcanzar sus metas profesionales y personales, as\u00ed [&hellip;]","og_url":"https:\/\/www.justice4all.org\/es\/staff\/amanda-shelton\/","og_site_name":"Legal Aid Justice Center","article_modified_time":"2026-08-06T17:40:21+00:00","og_image":[{"width":800,"height":1000,"url":"https:\/\/www.justice4all.org\/wp-content\/uploads\/2023\/12\/Amanda-Pic.jpg","type":"image\/jpeg"}],"twitter_card":"summary_large_image","twitter_misc":{"Tiempo de lectura":"1 minuto"},"schema":{"@context":"https:\/\/schema.org","@graph":[{"@type":"WebPage","@id":"https:\/\/www.justice4all.org\/es\/staff\/amanda-shelton\/","url":"https:\/\/www.justice4all.org\/es\/staff\/amanda-shelton\/","name":"Amanda Elliott - Legal Aid Justice Center","isPartOf":{"@id":"https:\/\/www.justice4all.org\/es\/#website"},"primaryImageOfPage":{"@id":"https:\/\/www.justice4all.org\/es\/staff\/amanda-shelton\/#primaryimage"},"image":{"@id":"https:\/\/www.justice4all.org\/es\/staff\/amanda-shelton\/#primaryimage"},"thumbnailUrl":"https:\/\/www.justice4all.org\/wp-content\/uploads\/2023\/12\/Amanda-Pic.jpg","datePublished":"2023-12-08T15:49:48+00:00","dateModified":"2026-08-06T17:40:21+00:00","breadcrumb":{"@id":"https:\/\/www.justice4all.org\/es\/staff\/amanda-shelton\/#breadcrumb"},"inLanguage":"es","potentialAction":[{"@type":"ReadAction","target":["https:\/\/www.justice4all.org\/es\/staff\/amanda-shelton\/"]}]},{"@type":"ImageObject","inLanguage":"es","@id":"https:\/\/www.justice4all.org\/es\/staff\/amanda-shelton\/#primaryimage","url":"https:\/\/www.justice4all.org\/wp-content\/uploads\/2023\/12\/Amanda-Pic.jpg","contentUrl":"https:\/\/www.justice4all.org\/wp-content\/uploads\/2023\/12\/Amanda-Pic.jpg","width":800,"height":1000},{"@type":"BreadcrumbList","@id":"https:\/\/www.justice4all.org\/es\/staff\/amanda-shelton\/#breadcrumb","itemListElement":[{"@type":"ListItem","position":1,"name":"Home","item":"https:\/\/www.justice4all.org\/es\/"},{"@type":"ListItem","position":2,"name":"Amanda Elliott"}]},{"@type":"WebSite","@id":"https:\/\/www.justice4all.org\/es\/#website","url":"https:\/\/www.justice4all.org\/es\/","name":"Legal Aid Justice Center","description":"","potentialAction":[{"@type":"SearchAction","target":{"@type":"EntryPoint","urlTemplate":"https:\/\/www.justice4all.org\/es\/?s={search_term_string}"},"query-input":{"@type":"PropertyValueSpecification","valueRequired":true,"valueName":"search_term_string"}}],"inLanguage":"es"}]}},"_links":{"self":[{"href":"https:\/\/www.justice4all.org\/es\/wp-json\/wp\/v2\/lajc_profiles\/17644","targetHints":{"allow":["GET"]}}],"collection":[{"href":"https:\/\/www.justice4all.org\/es\/wp-json\/wp\/v2\/lajc_profiles"}],"about":[{"href":"https:\/\/www.justice4all.org\/es\/wp-json\/wp\/v2\/types\/lajc_profiles"}],"author":[{"embeddable":true,"href":"https:\/\/www.justice4all.org\/es\/wp-json\/wp\/v2\/users\/4"}],"version-history":[{"count":2,"href":"https:\/\/www.justice4all.org\/es\/wp-json\/wp\/v2\/lajc_profiles\/17644\/revisions"}],"predecessor-version":[{"id":21221,"href":"https:\/\/www.justice4all.org\/es\/wp-json\/wp\/v2\/lajc_profiles\/17644\/revisions\/21221"}],"wp:featuredmedia":[{"embeddable":true,"href":"https:\/\/www.justice4all.org\/es\/wp-json\/wp\/v2\/media\/17487"}],"wp:attachment":[{"href":"https:\/\/www.justice4all.org\/es\/wp-json\/wp\/v2\/media?parent=17644"}],"wp:term":[{"taxonomy":"lajc-tax-roles","embeddable":true,"href":"https:\/\/www.justice4all.org\/es\/wp-json\/wp\/v2\/lajc-tax-roles?post=17644"},{"taxonomy":"lajc-tax-issues","embeddable":true,"href":"https:\/\/www.justice4all.org\/es\/wp-json\/wp\/v2\/lajc-tax-issues?post=17644"},{"taxonomy":"lajc-tax-locations","embeddable":true,"href":"https:\/\/www.justice4all.org\/es\/wp-json\/wp\/v2\/lajc-tax-locations?post=17644"},{"taxonomy":"lajc-tax-profile-type","embeddable":true,"href":"https:\/\/www.justice4all.org\/es\/wp-json\/wp\/v2\/lajc-tax-profile-type?post=17644"}],"curies":[{"name":"wp","href":"https:\/\/api.w.org\/{rel}","templated":true}]}}

<p class="wp-block-paragraph">Amanda Elliott es de Richmond, Virginia, y es veterana de la Marina de los EE. UU. Durante su estancia en la Marina, Amanda trabajó como orientadora profesional y responsable de formación. En el desempeño de estas funciones, Amanda desarrolló una gran pasión por ayudar a los demás a alcanzar sus metas profesionales y personales, así como un deseo de defender sus intereses. Tras dejar el ejército, Amanda trabajó en varios organismos públicos y empresas privadas, donde impartió formación, elaboró políticas corporativas y ayudó a abogados con la gestión de casos y asuntos legales. En la comunidad, Amanda formó parte del Comité de Empoderamiento Financiero bajo el liderazgo de la señora Nichole Armstead, tesorera de la ciudad de Richmond. Este comité se dedicaba al empoderamiento financiero de hombres y mujeres pertenecientes a minorías. Además, Amanda fue nombrada «Veteranas en Acción» de 2018, un título otorgado por la Administración de Veteranos McGuire por su incansable y desinteresado trabajo ayudando a los veteranos sin hogar y poniéndolos en contacto con recursos y ayudas. Amanda es licenciada en Empresariales por la Universidad ECPI, donde se graduó con matrícula de honor (Summa Cum Laude). Amanda está muy ilusionada por unirse al equipo de Legal Aid Justice, donde seguirá marcando la diferencia y defendiendo a los miembros de su comunidad.        </p>

<p class="wp-block-paragraph"></p>

<p>Amanda Elliott es de Richmond, Virginia, y es veterana de la Marina de los EE. UU. Durante su estancia en la Marina, Amanda trabajó como orientadora profesional y responsable de formación. En el desempeño de estas funciones, Amanda desarrolló una gran pasión por ayudar a los demás a alcanzar sus metas profesionales y personales, así [&hellip;]</p>

<!-- This site is optimized with the Yoast SEO plugin v28.4 - https://yoast.com/product/yoast-seo-wordpress/ -->
<title>Amanda Elliott - Legal Aid Justice Center</title>
<meta name="robots" content="index, follow, max-snippet:-1, max-image-preview:large, max-video-preview:-1" />
<link rel="canonical" href="https://www.justice4all.org/es/staff/amanda-shelton/" />
<meta property="og:locale" content="es_ES" />
<meta property="og:type" content="article" />
<meta property="og:title" content="Amanda Elliott - Legal Aid Justice Center" />
<meta property="og:description" content="Amanda Elliott es de Richmond, Virginia, y es veterana de la Marina de los EE. UU. Durante su estancia en la Marina, Amanda trabajó como orientadora profesional y responsable de formación. En el desempeño de estas funciones, Amanda desarrolló una gran pasión por ayudar a los demás a alcanzar sus metas profesionales y personales, así [&hellip;]" />
<meta property="og:url" content="https://www.justice4all.org/es/staff/amanda-shelton/" />
<meta property="og:site_name" content="Legal Aid Justice Center" />
<meta property="article:modified_time" content="2026-08-06T17:40:21+00:00" />
<meta property="og:image" content="https://www.justice4all.org/wp-content/uploads/2023/12/Amanda-Pic.jpg" />
	<meta property="og:image:width" content="800" />
	<meta property="og:image:height" content="1000" />
	<meta property="og:image:type" content="image/jpeg" />
<meta name="twitter:card" content="summary_large_image" />
<meta name="twitter:label1" content="Tiempo de lectura" />
	<meta name="twitter:data1" content="1 minuto" />
<script type="application/ld+json" class="yoast-schema-graph">{"@context":"https:\/\/schema.org","@graph":[{"@type":"WebPage","@id":"https:\/\/www.justice4all.org\/es\/staff\/amanda-shelton\/","url":"https:\/\/www.justice4all.org\/es\/staff\/amanda-shelton\/","name":"Amanda Elliott - Legal Aid Justice Center","isPartOf":{"@id":"https:\/\/www.justice4all.org\/es\/#website"},"primaryImageOfPage":{"@id":"https:\/\/www.justice4all.org\/es\/staff\/amanda-shelton\/#primaryimage"},"image":{"@id":"https:\/\/www.justice4all.org\/es\/staff\/amanda-shelton\/#primaryimage"},"thumbnailUrl":"https:\/\/www.justice4all.org\/wp-content\/uploads\/2023\/12\/Amanda-Pic.jpg","datePublished":"2023-12-08T15:49:48+00:00","dateModified":"2026-08-06T17:40:21+00:00","breadcrumb":{"@id":"https:\/\/www.justice4all.org\/es\/staff\/amanda-shelton\/#breadcrumb"},"inLanguage":"es","potentialAction":[{"@type":"ReadAction","target":["https:\/\/www.justice4all.org\/es\/staff\/amanda-shelton\/"]}]},{"@type":"ImageObject","inLanguage":"es","@id":"https:\/\/www.justice4all.org\/es\/staff\/amanda-shelton\/#primaryimage","url":"https:\/\/www.justice4all.org\/wp-content\/uploads\/2023\/12\/Amanda-Pic.jpg","contentUrl":"https:\/\/www.justice4all.org\/wp-content\/uploads\/2023\/12\/Amanda-Pic.jpg","width":800,"height":1000},{"@type":"BreadcrumbList","@id":"https:\/\/www.justice4all.org\/es\/staff\/amanda-shelton\/#breadcrumb","itemListElement":[{"@type":"ListItem","position":1,"name":"Home","item":"https:\/\/www.justice4all.org\/es\/"},{"@type":"ListItem","position":2,"name":"Amanda Elliott"}]},{"@type":"WebSite","@id":"https:\/\/www.justice4all.org\/es\/#website","url":"https:\/\/www.justice4all.org\/es\/","name":"Legal Aid Justice Center","description":"","potentialAction":[{"@type":"SearchAction","target":{"@type":"EntryPoint","urlTemplate":"https:\/\/www.justice4all.org\/es\/?s={search_term_string}"},"query-input":{"@type":"PropertyValueSpecification","valueRequired":true,"valueName":"search_term_string"}}],"inLanguage":"es"}]}</script>
<!-- / Yoast SEO plugin. -->

Amanda Elliott es de Richmond, Virginia, y es veterana de la Marina de los EE. UU. Durante su estancia en la Marina, Amanda trabajó como orientadora profesional y responsable de formación. En el desempeño de estas funciones, Amanda desarrolló una gran pasión por ayudar a los demás a alcanzar sus metas profesionales y personales, así [&hellip;]
