{"id":13352,"date":"2015-01-08T14:53:49","date_gmt":"2015-01-08T14:53:49","guid":{"rendered":"https:\/\/www.justice4all.org\/staff\/amy-walters\/"},"modified":"2026-02-05T03:02:58","modified_gmt":"2026-02-05T03:02:58","slug":"amy-walters","status":"publish","type":"lajc_profiles","link":"https:\/\/www.justice4all.org\/es\/staff\/amy-walters\/","title":{"rendered":"Amy Walters"},"content":{"rendered":"<p>Amy se incorpor\u00f3 al Centro de Justicia de Asistencia Jur\u00eddica en el verano de 2014 para supervisar a los estudiantes de las cl\u00ednicas de la Facultad de Derecho de la Universidad de Virginia en la cl\u00ednica de derecho sanitario y la cl\u00ednica de defensa del menor. Anteriormente trabaj\u00f3 en el Maryland Disability Law Center, donde se incorpor\u00f3 como becaria de Skadden tras haber sido secretaria del juez F. Bradford Stillman. Se licenci\u00f3 y se licenci\u00f3 en Derecho en la Universidad de Virginia, donde recibi\u00f3 el Premio Claire Corcoran al Servicio P\u00fablico.<\/p>\n","protected":false},"excerpt":{"rendered":"<p>Amy se incorpor\u00f3 al Centro de Justicia de Asistencia Jur\u00eddica en el verano de 2014 para supervisar a los estudiantes de las cl\u00ednicas de la Facultad de Derecho de la Universidad de Virginia en la cl\u00ednica de derecho sanitario y la cl\u00ednica de defensa del menor. Anteriormente trabaj\u00f3 en el Maryland Disability Law Center, donde [&hellip;]<\/p>\n","protected":false},"author":4,"featured_media":14633,"template":"","format":"standard","meta":{"footnotes":""},"lajc-tax-roles":[88],"lajc-tax-issues":[83,90],"lajc-tax-locations":[92],"lajc-tax-profile-type":[],"class_list":["post-13352","lajc_profiles","type-lajc_profiles","status-publish","format-standard","has-post-thumbnail","hentry","lajc-tax-roles-legal-es","lajc-tax-issues-youth-family-schools-es","lajc-tax-issues-sanidad-y-prestaciones-publicas","lajc-tax-locations-charlottesville-es"],"acf":[],"yoast_head":"<!-- This site is optimized with the Yoast SEO plugin v27.4 - https:\/\/yoast.com\/product\/yoast-seo-wordpress\/ -->\n<title>Amy Walters - Legal Aid Justice Center<\/title>\n<meta name=\"robots\" content=\"index, follow, max-snippet:-1, max-image-preview:large, max-video-preview:-1\" \/>\n<link rel=\"canonical\" href=\"https:\/\/www.justice4all.org\/es\/staff\/amy-walters\/\" \/>\n<meta property=\"og:locale\" content=\"es_ES\" \/>\n<meta property=\"og:type\" content=\"article\" \/>\n<meta property=\"og:title\" content=\"Amy Walters - Legal Aid Justice Center\" \/>\n<meta property=\"og:description\" content=\"Amy se incorpor\u00f3 al Centro de Justicia de Asistencia Jur\u00eddica en el verano de 2014 para supervisar a los estudiantes de las cl\u00ednicas de la Facultad de Derecho de la Universidad de Virginia en la cl\u00ednica de derecho sanitario y la cl\u00ednica de defensa del menor. Anteriormente trabaj\u00f3 en el Maryland Disability Law Center, donde [&hellip;]\" \/>\n<meta property=\"og:url\" content=\"https:\/\/www.justice4all.org\/es\/staff\/amy-walters\/\" \/>\n<meta property=\"og:site_name\" content=\"Legal Aid Justice Center\" \/>\n<meta property=\"article:modified_time\" content=\"2026-02-05T03:02:58+00:00\" \/>\n<meta property=\"og:image\" content=\"https:\/\/www.justice4all.org\/wp-content\/uploads\/2015\/01\/MicrosoftTeams-image-scaled-1.jpg\" \/>\n\t<meta property=\"og:image:width\" content=\"1707\" \/>\n\t<meta property=\"og:image:height\" content=\"2560\" \/>\n\t<meta property=\"og:image:type\" content=\"image\/jpeg\" \/>\n<meta name=\"twitter:card\" content=\"summary_large_image\" \/>\n<meta name=\"twitter:label1\" content=\"Tiempo de lectura\" \/>\n\t<meta name=\"twitter:data1\" content=\"1 minuto\" \/>\n<script type=\"application\/ld+json\" class=\"yoast-schema-graph\">{\"@context\":\"https:\\\/\\\/schema.org\",\"@graph\":[{\"@type\":\"WebPage\",\"@id\":\"https:\\\/\\\/www.justice4all.org\\\/es\\\/staff\\\/amy-walters\\\/\",\"url\":\"https:\\\/\\\/www.justice4all.org\\\/es\\\/staff\\\/amy-walters\\\/\",\"name\":\"Amy Walters - Legal Aid Justice Center\",\"isPartOf\":{\"@id\":\"https:\\\/\\\/www.justice4all.org\\\/es\\\/#website\"},\"primaryImageOfPage\":{\"@id\":\"https:\\\/\\\/www.justice4all.org\\\/es\\\/staff\\\/amy-walters\\\/#primaryimage\"},\"image\":{\"@id\":\"https:\\\/\\\/www.justice4all.org\\\/es\\\/staff\\\/amy-walters\\\/#primaryimage\"},\"thumbnailUrl\":\"https:\\\/\\\/www.justice4all.org\\\/wp-content\\\/uploads\\\/2015\\\/01\\\/MicrosoftTeams-image-scaled-1.jpg\",\"datePublished\":\"2015-01-08T14:53:49+00:00\",\"dateModified\":\"2026-02-05T03:02:58+00:00\",\"breadcrumb\":{\"@id\":\"https:\\\/\\\/www.justice4all.org\\\/es\\\/staff\\\/amy-walters\\\/#breadcrumb\"},\"inLanguage\":\"es\",\"potentialAction\":[{\"@type\":\"ReadAction\",\"target\":[\"https:\\\/\\\/www.justice4all.org\\\/es\\\/staff\\\/amy-walters\\\/\"]}]},{\"@type\":\"ImageObject\",\"inLanguage\":\"es\",\"@id\":\"https:\\\/\\\/www.justice4all.org\\\/es\\\/staff\\\/amy-walters\\\/#primaryimage\",\"url\":\"https:\\\/\\\/www.justice4all.org\\\/wp-content\\\/uploads\\\/2015\\\/01\\\/MicrosoftTeams-image-scaled-1.jpg\",\"contentUrl\":\"https:\\\/\\\/www.justice4all.org\\\/wp-content\\\/uploads\\\/2015\\\/01\\\/MicrosoftTeams-image-scaled-1.jpg\",\"width\":1707,\"height\":2560},{\"@type\":\"BreadcrumbList\",\"@id\":\"https:\\\/\\\/www.justice4all.org\\\/es\\\/staff\\\/amy-walters\\\/#breadcrumb\",\"itemListElement\":[{\"@type\":\"ListItem\",\"position\":1,\"name\":\"Home\",\"item\":\"https:\\\/\\\/www.justice4all.org\\\/es\\\/\"},{\"@type\":\"ListItem\",\"position\":2,\"name\":\"Amy Walters\"}]},{\"@type\":\"WebSite\",\"@id\":\"https:\\\/\\\/www.justice4all.org\\\/es\\\/#website\",\"url\":\"https:\\\/\\\/www.justice4all.org\\\/es\\\/\",\"name\":\"Legal Aid Justice Center\",\"description\":\"\",\"potentialAction\":[{\"@type\":\"SearchAction\",\"target\":{\"@type\":\"EntryPoint\",\"urlTemplate\":\"https:\\\/\\\/www.justice4all.org\\\/es\\\/?s={search_term_string}\"},\"query-input\":{\"@type\":\"PropertyValueSpecification\",\"valueRequired\":true,\"valueName\":\"search_term_string\"}}],\"inLanguage\":\"es\"}]}<\/script>\n<!-- \/ Yoast SEO plugin. -->","yoast_head_json":{"title":"Amy Walters - Legal Aid Justice Center","robots":{"index":"index","follow":"follow","max-snippet":"max-snippet:-1","max-image-preview":"max-image-preview:large","max-video-preview":"max-video-preview:-1"},"canonical":"https:\/\/www.justice4all.org\/es\/staff\/amy-walters\/","og_locale":"es_ES","og_type":"article","og_title":"Amy Walters - Legal Aid Justice Center","og_description":"Amy se incorpor\u00f3 al Centro de Justicia de Asistencia Jur\u00eddica en el verano de 2014 para supervisar a los estudiantes de las cl\u00ednicas de la Facultad de Derecho de la Universidad de Virginia en la cl\u00ednica de derecho sanitario y la cl\u00ednica de defensa del menor. Anteriormente trabaj\u00f3 en el Maryland Disability Law Center, donde [&hellip;]","og_url":"https:\/\/www.justice4all.org\/es\/staff\/amy-walters\/","og_site_name":"Legal Aid Justice Center","article_modified_time":"2026-02-05T03:02:58+00:00","og_image":[{"width":1707,"height":2560,"url":"https:\/\/www.justice4all.org\/wp-content\/uploads\/2015\/01\/MicrosoftTeams-image-scaled-1.jpg","type":"image\/jpeg"}],"twitter_card":"summary_large_image","twitter_misc":{"Tiempo de lectura":"1 minuto"},"schema":{"@context":"https:\/\/schema.org","@graph":[{"@type":"WebPage","@id":"https:\/\/www.justice4all.org\/es\/staff\/amy-walters\/","url":"https:\/\/www.justice4all.org\/es\/staff\/amy-walters\/","name":"Amy Walters - Legal Aid Justice Center","isPartOf":{"@id":"https:\/\/www.justice4all.org\/es\/#website"},"primaryImageOfPage":{"@id":"https:\/\/www.justice4all.org\/es\/staff\/amy-walters\/#primaryimage"},"image":{"@id":"https:\/\/www.justice4all.org\/es\/staff\/amy-walters\/#primaryimage"},"thumbnailUrl":"https:\/\/www.justice4all.org\/wp-content\/uploads\/2015\/01\/MicrosoftTeams-image-scaled-1.jpg","datePublished":"2015-01-08T14:53:49+00:00","dateModified":"2026-02-05T03:02:58+00:00","breadcrumb":{"@id":"https:\/\/www.justice4all.org\/es\/staff\/amy-walters\/#breadcrumb"},"inLanguage":"es","potentialAction":[{"@type":"ReadAction","target":["https:\/\/www.justice4all.org\/es\/staff\/amy-walters\/"]}]},{"@type":"ImageObject","inLanguage":"es","@id":"https:\/\/www.justice4all.org\/es\/staff\/amy-walters\/#primaryimage","url":"https:\/\/www.justice4all.org\/wp-content\/uploads\/2015\/01\/MicrosoftTeams-image-scaled-1.jpg","contentUrl":"https:\/\/www.justice4all.org\/wp-content\/uploads\/2015\/01\/MicrosoftTeams-image-scaled-1.jpg","width":1707,"height":2560},{"@type":"BreadcrumbList","@id":"https:\/\/www.justice4all.org\/es\/staff\/amy-walters\/#breadcrumb","itemListElement":[{"@type":"ListItem","position":1,"name":"Home","item":"https:\/\/www.justice4all.org\/es\/"},{"@type":"ListItem","position":2,"name":"Amy Walters"}]},{"@type":"WebSite","@id":"https:\/\/www.justice4all.org\/es\/#website","url":"https:\/\/www.justice4all.org\/es\/","name":"Legal Aid Justice Center","description":"","potentialAction":[{"@type":"SearchAction","target":{"@type":"EntryPoint","urlTemplate":"https:\/\/www.justice4all.org\/es\/?s={search_term_string}"},"query-input":{"@type":"PropertyValueSpecification","valueRequired":true,"valueName":"search_term_string"}}],"inLanguage":"es"}]}},"_links":{"self":[{"href":"https:\/\/www.justice4all.org\/es\/wp-json\/wp\/v2\/lajc_profiles\/13352","targetHints":{"allow":["GET"]}}],"collection":[{"href":"https:\/\/www.justice4all.org\/es\/wp-json\/wp\/v2\/lajc_profiles"}],"about":[{"href":"https:\/\/www.justice4all.org\/es\/wp-json\/wp\/v2\/types\/lajc_profiles"}],"author":[{"embeddable":true,"href":"https:\/\/www.justice4all.org\/es\/wp-json\/wp\/v2\/users\/4"}],"version-history":[{"count":0,"href":"https:\/\/www.justice4all.org\/es\/wp-json\/wp\/v2\/lajc_profiles\/13352\/revisions"}],"wp:featuredmedia":[{"embeddable":true,"href":"https:\/\/www.justice4all.org\/es\/wp-json\/wp\/v2\/media\/14633"}],"wp:attachment":[{"href":"https:\/\/www.justice4all.org\/es\/wp-json\/wp\/v2\/media?parent=13352"}],"wp:term":[{"taxonomy":"lajc-tax-roles","embeddable":true,"href":"https:\/\/www.justice4all.org\/es\/wp-json\/wp\/v2\/lajc-tax-roles?post=13352"},{"taxonomy":"lajc-tax-issues","embeddable":true,"href":"https:\/\/www.justice4all.org\/es\/wp-json\/wp\/v2\/lajc-tax-issues?post=13352"},{"taxonomy":"lajc-tax-locations","embeddable":true,"href":"https:\/\/www.justice4all.org\/es\/wp-json\/wp\/v2\/lajc-tax-locations?post=13352"},{"taxonomy":"lajc-tax-profile-type","embeddable":true,"href":"https:\/\/www.justice4all.org\/es\/wp-json\/wp\/v2\/lajc-tax-profile-type?post=13352"}],"curies":[{"name":"wp","href":"https:\/\/api.w.org\/{rel}","templated":true}]}}

<p>Amy se incorporó al Centro de Justicia de Asistencia Jurídica en el verano de 2014 para supervisar a los estudiantes de las clínicas de la Facultad de Derecho de la Universidad de Virginia en la clínica de derecho sanitario y la clínica de defensa del menor. Anteriormente trabajó en el Maryland Disability Law Center, donde se incorporó como becaria de Skadden tras haber sido secretaria del juez F. Bradford Stillman. Se licenció y se licenció en Derecho en la Universidad de Virginia, donde recibió el Premio Claire Corcoran al Servicio Público.</p>

<p>Amy se incorporó al Centro de Justicia de Asistencia Jurídica en el verano de 2014 para supervisar a los estudiantes de las clínicas de la Facultad de Derecho de la Universidad de Virginia en la clínica de derecho sanitario y la clínica de defensa del menor. Anteriormente trabajó en el Maryland Disability Law Center, donde [&hellip;]</p>

<!-- This site is optimized with the Yoast SEO plugin v27.4 - https://yoast.com/product/yoast-seo-wordpress/ -->
<title>Amy Walters - Legal Aid Justice Center</title>
<meta name="robots" content="index, follow, max-snippet:-1, max-image-preview:large, max-video-preview:-1" />
<link rel="canonical" href="https://www.justice4all.org/es/staff/amy-walters/" />
<meta property="og:locale" content="es_ES" />
<meta property="og:type" content="article" />
<meta property="og:title" content="Amy Walters - Legal Aid Justice Center" />
<meta property="og:description" content="Amy se incorporó al Centro de Justicia de Asistencia Jurídica en el verano de 2014 para supervisar a los estudiantes de las clínicas de la Facultad de Derecho de la Universidad de Virginia en la clínica de derecho sanitario y la clínica de defensa del menor. Anteriormente trabajó en el Maryland Disability Law Center, donde [&hellip;]" />
<meta property="og:url" content="https://www.justice4all.org/es/staff/amy-walters/" />
<meta property="og:site_name" content="Legal Aid Justice Center" />
<meta property="article:modified_time" content="2026-02-05T03:02:58+00:00" />
<meta property="og:image" content="https://www.justice4all.org/wp-content/uploads/2015/01/MicrosoftTeams-image-scaled-1.jpg" />
	<meta property="og:image:width" content="1707" />
	<meta property="og:image:height" content="2560" />
	<meta property="og:image:type" content="image/jpeg" />
<meta name="twitter:card" content="summary_large_image" />
<meta name="twitter:label1" content="Tiempo de lectura" />
	<meta name="twitter:data1" content="1 minuto" />
<script type="application/ld+json" class="yoast-schema-graph">{"@context":"https:\/\/schema.org","@graph":[{"@type":"WebPage","@id":"https:\/\/www.justice4all.org\/es\/staff\/amy-walters\/","url":"https:\/\/www.justice4all.org\/es\/staff\/amy-walters\/","name":"Amy Walters - Legal Aid Justice Center","isPartOf":{"@id":"https:\/\/www.justice4all.org\/es\/#website"},"primaryImageOfPage":{"@id":"https:\/\/www.justice4all.org\/es\/staff\/amy-walters\/#primaryimage"},"image":{"@id":"https:\/\/www.justice4all.org\/es\/staff\/amy-walters\/#primaryimage"},"thumbnailUrl":"https:\/\/www.justice4all.org\/wp-content\/uploads\/2015\/01\/MicrosoftTeams-image-scaled-1.jpg","datePublished":"2015-01-08T14:53:49+00:00","dateModified":"2026-02-05T03:02:58+00:00","breadcrumb":{"@id":"https:\/\/www.justice4all.org\/es\/staff\/amy-walters\/#breadcrumb"},"inLanguage":"es","potentialAction":[{"@type":"ReadAction","target":["https:\/\/www.justice4all.org\/es\/staff\/amy-walters\/"]}]},{"@type":"ImageObject","inLanguage":"es","@id":"https:\/\/www.justice4all.org\/es\/staff\/amy-walters\/#primaryimage","url":"https:\/\/www.justice4all.org\/wp-content\/uploads\/2015\/01\/MicrosoftTeams-image-scaled-1.jpg","contentUrl":"https:\/\/www.justice4all.org\/wp-content\/uploads\/2015\/01\/MicrosoftTeams-image-scaled-1.jpg","width":1707,"height":2560},{"@type":"BreadcrumbList","@id":"https:\/\/www.justice4all.org\/es\/staff\/amy-walters\/#breadcrumb","itemListElement":[{"@type":"ListItem","position":1,"name":"Home","item":"https:\/\/www.justice4all.org\/es\/"},{"@type":"ListItem","position":2,"name":"Amy Walters"}]},{"@type":"WebSite","@id":"https:\/\/www.justice4all.org\/es\/#website","url":"https:\/\/www.justice4all.org\/es\/","name":"Legal Aid Justice Center","description":"","potentialAction":[{"@type":"SearchAction","target":{"@type":"EntryPoint","urlTemplate":"https:\/\/www.justice4all.org\/es\/?s={search_term_string}"},"query-input":{"@type":"PropertyValueSpecification","valueRequired":true,"valueName":"search_term_string"}}],"inLanguage":"es"}]}</script>
<!-- / Yoast SEO plugin. -->

Amy se incorporó al Centro de Justicia de Asistencia Jurídica en el verano de 2014 para supervisar a los estudiantes de las clínicas de la Facultad de Derecho de la Universidad de Virginia en la clínica de derecho sanitario y la clínica de defensa del menor. Anteriormente trabajó en el Maryland Disability Law Center, donde [&hellip;]
