{"id":13343,"date":"2017-06-01T20:35:42","date_gmt":"2017-06-01T20:35:42","guid":{"rendered":"https:\/\/www.justice4all.org\/staff\/nady-peralta\/"},"modified":"2026-02-05T03:02:58","modified_gmt":"2026-02-05T03:02:58","slug":"nady-peralta","status":"publish","type":"lajc_profiles","link":"https:\/\/www.justice4all.org\/es\/staff\/nady-peralta\/","title":{"rendered":"Nady Peralta"},"content":{"rendered":"<p><span class=\"ui-provider bhw bhx bhy bhz bia bib bic bid bie bif big bih bii bij bik bil bim bin bio bip biq bir bis bit biu biv biw bix biy biz bja bjb bjc bjd bje\" dir=\"ltr\">Nady se incorpor\u00f3 al Centro de Justicia de Asistencia Jur\u00eddica en septiembre de 2016. Como becaria del Programa de Defensa de los Inmigrantes (ahora llamado Programa de Justicia para los Inmigrantes), su trabajo se centr\u00f3 en la defensa de los derechos de los virginianos indocumentados y subdocumentados en materia de inmigraci\u00f3n, educaci\u00f3n superior, vivienda y consumo. En julio de 2021, Nady se incorpor\u00f3 al Programa de Justicia Econ\u00f3mica, donde se centra en los derechos de los inquilinos, y trabaja para luchar contra los desahucios masivos y desmantelar las barreras legales y de otro tipo que impiden acceder a una vivienda segura y asequible. Nady se licenci\u00f3 en Historia por la Universidad de Nuevo M\u00e9xico y en Derecho por la Facultad de Derecho de la Universidad George Mason. En su tiempo libre, le gusta el teatro en vivo y las novelas hist\u00f3ricas.    <\/span><\/p>\n","protected":false},"excerpt":{"rendered":"<p>Nady se incorpor\u00f3 al Centro de Justicia de Asistencia Jur\u00eddica en septiembre de 2016. Como becaria del Programa de Defensa de los Inmigrantes (ahora llamado Programa de Justicia para los Inmigrantes), su trabajo se centr\u00f3 en la defensa de los derechos de los virginianos indocumentados y subdocumentados en materia de inmigraci\u00f3n, educaci\u00f3n superior, vivienda y [&hellip;]<\/p>\n","protected":false},"author":4,"featured_media":9537,"template":"","format":"standard","meta":{"footnotes":""},"lajc-tax-roles":[88],"lajc-tax-issues":[86],"lajc-tax-locations":[89],"lajc-tax-profile-type":[],"class_list":["post-13343","lajc_profiles","type-lajc_profiles","status-publish","format-standard","has-post-thumbnail","hentry","lajc-tax-roles-legal-es","lajc-tax-issues-vivienda","lajc-tax-locations-falls-church-es"],"acf":[],"yoast_head":"<!-- This site is optimized with the Yoast SEO plugin v27.5 - https:\/\/yoast.com\/product\/yoast-seo-wordpress\/ -->\n<title>Nady Peralta - Legal Aid Justice Center<\/title>\n<meta name=\"robots\" content=\"index, follow, max-snippet:-1, max-image-preview:large, max-video-preview:-1\" \/>\n<link rel=\"canonical\" href=\"https:\/\/www.justice4all.org\/es\/staff\/nady-peralta\/\" \/>\n<meta property=\"og:locale\" content=\"es_ES\" \/>\n<meta property=\"og:type\" content=\"article\" \/>\n<meta property=\"og:title\" content=\"Nady Peralta - Legal Aid Justice Center\" \/>\n<meta property=\"og:description\" content=\"Nady se incorpor\u00f3 al Centro de Justicia de Asistencia Jur\u00eddica en septiembre de 2016. Como becaria del Programa de Defensa de los Inmigrantes (ahora llamado Programa de Justicia para los Inmigrantes), su trabajo se centr\u00f3 en la defensa de los derechos de los virginianos indocumentados y subdocumentados en materia de inmigraci\u00f3n, educaci\u00f3n superior, vivienda y [&hellip;]\" \/>\n<meta property=\"og:url\" content=\"https:\/\/www.justice4all.org\/es\/staff\/nady-peralta\/\" \/>\n<meta property=\"og:site_name\" content=\"Legal Aid Justice Center\" \/>\n<meta property=\"article:modified_time\" content=\"2026-02-05T03:02:58+00:00\" \/>\n<meta property=\"og:image\" content=\"https:\/\/www.justice4all.org\/wp-content\/uploads\/2017\/06\/IMGS5324-scaled.jpg\" \/>\n\t<meta property=\"og:image:width\" content=\"1707\" \/>\n\t<meta property=\"og:image:height\" content=\"2560\" \/>\n\t<meta property=\"og:image:type\" content=\"image\/jpeg\" \/>\n<meta name=\"twitter:card\" content=\"summary_large_image\" \/>\n<meta name=\"twitter:label1\" content=\"Tiempo de lectura\" \/>\n\t<meta name=\"twitter:data1\" content=\"1 minuto\" \/>\n<script type=\"application\/ld+json\" class=\"yoast-schema-graph\">{\"@context\":\"https:\\\/\\\/schema.org\",\"@graph\":[{\"@type\":\"WebPage\",\"@id\":\"https:\\\/\\\/www.justice4all.org\\\/es\\\/staff\\\/nady-peralta\\\/\",\"url\":\"https:\\\/\\\/www.justice4all.org\\\/es\\\/staff\\\/nady-peralta\\\/\",\"name\":\"Nady Peralta - Legal Aid Justice Center\",\"isPartOf\":{\"@id\":\"https:\\\/\\\/www.justice4all.org\\\/es\\\/#website\"},\"primaryImageOfPage\":{\"@id\":\"https:\\\/\\\/www.justice4all.org\\\/es\\\/staff\\\/nady-peralta\\\/#primaryimage\"},\"image\":{\"@id\":\"https:\\\/\\\/www.justice4all.org\\\/es\\\/staff\\\/nady-peralta\\\/#primaryimage\"},\"thumbnailUrl\":\"https:\\\/\\\/www.justice4all.org\\\/wp-content\\\/uploads\\\/2017\\\/06\\\/IMGS5324-scaled.jpg\",\"datePublished\":\"2017-06-01T20:35:42+00:00\",\"dateModified\":\"2026-02-05T03:02:58+00:00\",\"breadcrumb\":{\"@id\":\"https:\\\/\\\/www.justice4all.org\\\/es\\\/staff\\\/nady-peralta\\\/#breadcrumb\"},\"inLanguage\":\"es\",\"potentialAction\":[{\"@type\":\"ReadAction\",\"target\":[\"https:\\\/\\\/www.justice4all.org\\\/es\\\/staff\\\/nady-peralta\\\/\"]}]},{\"@type\":\"ImageObject\",\"inLanguage\":\"es\",\"@id\":\"https:\\\/\\\/www.justice4all.org\\\/es\\\/staff\\\/nady-peralta\\\/#primaryimage\",\"url\":\"https:\\\/\\\/www.justice4all.org\\\/wp-content\\\/uploads\\\/2017\\\/06\\\/IMGS5324-scaled.jpg\",\"contentUrl\":\"https:\\\/\\\/www.justice4all.org\\\/wp-content\\\/uploads\\\/2017\\\/06\\\/IMGS5324-scaled.jpg\",\"width\":1707,\"height\":2560},{\"@type\":\"BreadcrumbList\",\"@id\":\"https:\\\/\\\/www.justice4all.org\\\/es\\\/staff\\\/nady-peralta\\\/#breadcrumb\",\"itemListElement\":[{\"@type\":\"ListItem\",\"position\":1,\"name\":\"Home\",\"item\":\"https:\\\/\\\/www.justice4all.org\\\/es\\\/\"},{\"@type\":\"ListItem\",\"position\":2,\"name\":\"Nady Peralta\"}]},{\"@type\":\"WebSite\",\"@id\":\"https:\\\/\\\/www.justice4all.org\\\/es\\\/#website\",\"url\":\"https:\\\/\\\/www.justice4all.org\\\/es\\\/\",\"name\":\"Legal Aid Justice Center\",\"description\":\"\",\"potentialAction\":[{\"@type\":\"SearchAction\",\"target\":{\"@type\":\"EntryPoint\",\"urlTemplate\":\"https:\\\/\\\/www.justice4all.org\\\/es\\\/?s={search_term_string}\"},\"query-input\":{\"@type\":\"PropertyValueSpecification\",\"valueRequired\":true,\"valueName\":\"search_term_string\"}}],\"inLanguage\":\"es\"}]}<\/script>\n<!-- \/ Yoast SEO plugin. -->","yoast_head_json":{"title":"Nady Peralta - Legal Aid Justice Center","robots":{"index":"index","follow":"follow","max-snippet":"max-snippet:-1","max-image-preview":"max-image-preview:large","max-video-preview":"max-video-preview:-1"},"canonical":"https:\/\/www.justice4all.org\/es\/staff\/nady-peralta\/","og_locale":"es_ES","og_type":"article","og_title":"Nady Peralta - Legal Aid Justice Center","og_description":"Nady se incorpor\u00f3 al Centro de Justicia de Asistencia Jur\u00eddica en septiembre de 2016. Como becaria del Programa de Defensa de los Inmigrantes (ahora llamado Programa de Justicia para los Inmigrantes), su trabajo se centr\u00f3 en la defensa de los derechos de los virginianos indocumentados y subdocumentados en materia de inmigraci\u00f3n, educaci\u00f3n superior, vivienda y [&hellip;]","og_url":"https:\/\/www.justice4all.org\/es\/staff\/nady-peralta\/","og_site_name":"Legal Aid Justice Center","article_modified_time":"2026-02-05T03:02:58+00:00","og_image":[{"width":1707,"height":2560,"url":"https:\/\/www.justice4all.org\/wp-content\/uploads\/2017\/06\/IMGS5324-scaled.jpg","type":"image\/jpeg"}],"twitter_card":"summary_large_image","twitter_misc":{"Tiempo de lectura":"1 minuto"},"schema":{"@context":"https:\/\/schema.org","@graph":[{"@type":"WebPage","@id":"https:\/\/www.justice4all.org\/es\/staff\/nady-peralta\/","url":"https:\/\/www.justice4all.org\/es\/staff\/nady-peralta\/","name":"Nady Peralta - Legal Aid Justice Center","isPartOf":{"@id":"https:\/\/www.justice4all.org\/es\/#website"},"primaryImageOfPage":{"@id":"https:\/\/www.justice4all.org\/es\/staff\/nady-peralta\/#primaryimage"},"image":{"@id":"https:\/\/www.justice4all.org\/es\/staff\/nady-peralta\/#primaryimage"},"thumbnailUrl":"https:\/\/www.justice4all.org\/wp-content\/uploads\/2017\/06\/IMGS5324-scaled.jpg","datePublished":"2017-06-01T20:35:42+00:00","dateModified":"2026-02-05T03:02:58+00:00","breadcrumb":{"@id":"https:\/\/www.justice4all.org\/es\/staff\/nady-peralta\/#breadcrumb"},"inLanguage":"es","potentialAction":[{"@type":"ReadAction","target":["https:\/\/www.justice4all.org\/es\/staff\/nady-peralta\/"]}]},{"@type":"ImageObject","inLanguage":"es","@id":"https:\/\/www.justice4all.org\/es\/staff\/nady-peralta\/#primaryimage","url":"https:\/\/www.justice4all.org\/wp-content\/uploads\/2017\/06\/IMGS5324-scaled.jpg","contentUrl":"https:\/\/www.justice4all.org\/wp-content\/uploads\/2017\/06\/IMGS5324-scaled.jpg","width":1707,"height":2560},{"@type":"BreadcrumbList","@id":"https:\/\/www.justice4all.org\/es\/staff\/nady-peralta\/#breadcrumb","itemListElement":[{"@type":"ListItem","position":1,"name":"Home","item":"https:\/\/www.justice4all.org\/es\/"},{"@type":"ListItem","position":2,"name":"Nady Peralta"}]},{"@type":"WebSite","@id":"https:\/\/www.justice4all.org\/es\/#website","url":"https:\/\/www.justice4all.org\/es\/","name":"Legal Aid Justice Center","description":"","potentialAction":[{"@type":"SearchAction","target":{"@type":"EntryPoint","urlTemplate":"https:\/\/www.justice4all.org\/es\/?s={search_term_string}"},"query-input":{"@type":"PropertyValueSpecification","valueRequired":true,"valueName":"search_term_string"}}],"inLanguage":"es"}]}},"_links":{"self":[{"href":"https:\/\/www.justice4all.org\/es\/wp-json\/wp\/v2\/lajc_profiles\/13343","targetHints":{"allow":["GET"]}}],"collection":[{"href":"https:\/\/www.justice4all.org\/es\/wp-json\/wp\/v2\/lajc_profiles"}],"about":[{"href":"https:\/\/www.justice4all.org\/es\/wp-json\/wp\/v2\/types\/lajc_profiles"}],"author":[{"embeddable":true,"href":"https:\/\/www.justice4all.org\/es\/wp-json\/wp\/v2\/users\/4"}],"version-history":[{"count":0,"href":"https:\/\/www.justice4all.org\/es\/wp-json\/wp\/v2\/lajc_profiles\/13343\/revisions"}],"wp:featuredmedia":[{"embeddable":true,"href":"https:\/\/www.justice4all.org\/es\/wp-json\/wp\/v2\/media\/9537"}],"wp:attachment":[{"href":"https:\/\/www.justice4all.org\/es\/wp-json\/wp\/v2\/media?parent=13343"}],"wp:term":[{"taxonomy":"lajc-tax-roles","embeddable":true,"href":"https:\/\/www.justice4all.org\/es\/wp-json\/wp\/v2\/lajc-tax-roles?post=13343"},{"taxonomy":"lajc-tax-issues","embeddable":true,"href":"https:\/\/www.justice4all.org\/es\/wp-json\/wp\/v2\/lajc-tax-issues?post=13343"},{"taxonomy":"lajc-tax-locations","embeddable":true,"href":"https:\/\/www.justice4all.org\/es\/wp-json\/wp\/v2\/lajc-tax-locations?post=13343"},{"taxonomy":"lajc-tax-profile-type","embeddable":true,"href":"https:\/\/www.justice4all.org\/es\/wp-json\/wp\/v2\/lajc-tax-profile-type?post=13343"}],"curies":[{"name":"wp","href":"https:\/\/api.w.org\/{rel}","templated":true}]}}

<p><span class="ui-provider bhw bhx bhy bhz bia bib bic bid bie bif big bih bii bij bik bil bim bin bio bip biq bir bis bit biu biv biw bix biy biz bja bjb bjc bjd bje" dir="ltr">Nady se incorporó al Centro de Justicia de Asistencia Jurídica en septiembre de 2016. Como becaria del Programa de Defensa de los Inmigrantes (ahora llamado Programa de Justicia para los Inmigrantes), su trabajo se centró en la defensa de los derechos de los virginianos indocumentados y subdocumentados en materia de inmigración, educación superior, vivienda y consumo. En julio de 2021, Nady se incorporó al Programa de Justicia Económica, donde se centra en los derechos de los inquilinos, y trabaja para luchar contra los desahucios masivos y desmantelar las barreras legales y de otro tipo que impiden acceder a una vivienda segura y asequible. Nady se licenció en Historia por la Universidad de Nuevo México y en Derecho por la Facultad de Derecho de la Universidad George Mason. En su tiempo libre, le gusta el teatro en vivo y las novelas históricas.    </span></p>

<p>Nady se incorporó al Centro de Justicia de Asistencia Jurídica en septiembre de 2016. Como becaria del Programa de Defensa de los Inmigrantes (ahora llamado Programa de Justicia para los Inmigrantes), su trabajo se centró en la defensa de los derechos de los virginianos indocumentados y subdocumentados en materia de inmigración, educación superior, vivienda y [&hellip;]</p>

<!-- This site is optimized with the Yoast SEO plugin v27.5 - https://yoast.com/product/yoast-seo-wordpress/ -->
<title>Nady Peralta - Legal Aid Justice Center</title>
<meta name="robots" content="index, follow, max-snippet:-1, max-image-preview:large, max-video-preview:-1" />
<link rel="canonical" href="https://www.justice4all.org/es/staff/nady-peralta/" />
<meta property="og:locale" content="es_ES" />
<meta property="og:type" content="article" />
<meta property="og:title" content="Nady Peralta - Legal Aid Justice Center" />
<meta property="og:description" content="Nady se incorporó al Centro de Justicia de Asistencia Jurídica en septiembre de 2016. Como becaria del Programa de Defensa de los Inmigrantes (ahora llamado Programa de Justicia para los Inmigrantes), su trabajo se centró en la defensa de los derechos de los virginianos indocumentados y subdocumentados en materia de inmigración, educación superior, vivienda y [&hellip;]" />
<meta property="og:url" content="https://www.justice4all.org/es/staff/nady-peralta/" />
<meta property="og:site_name" content="Legal Aid Justice Center" />
<meta property="article:modified_time" content="2026-02-05T03:02:58+00:00" />
<meta property="og:image" content="https://www.justice4all.org/wp-content/uploads/2017/06/IMGS5324-scaled.jpg" />
	<meta property="og:image:width" content="1707" />
	<meta property="og:image:height" content="2560" />
	<meta property="og:image:type" content="image/jpeg" />
<meta name="twitter:card" content="summary_large_image" />
<meta name="twitter:label1" content="Tiempo de lectura" />
	<meta name="twitter:data1" content="1 minuto" />
<script type="application/ld+json" class="yoast-schema-graph">{"@context":"https:\/\/schema.org","@graph":[{"@type":"WebPage","@id":"https:\/\/www.justice4all.org\/es\/staff\/nady-peralta\/","url":"https:\/\/www.justice4all.org\/es\/staff\/nady-peralta\/","name":"Nady Peralta - Legal Aid Justice Center","isPartOf":{"@id":"https:\/\/www.justice4all.org\/es\/#website"},"primaryImageOfPage":{"@id":"https:\/\/www.justice4all.org\/es\/staff\/nady-peralta\/#primaryimage"},"image":{"@id":"https:\/\/www.justice4all.org\/es\/staff\/nady-peralta\/#primaryimage"},"thumbnailUrl":"https:\/\/www.justice4all.org\/wp-content\/uploads\/2017\/06\/IMGS5324-scaled.jpg","datePublished":"2017-06-01T20:35:42+00:00","dateModified":"2026-02-05T03:02:58+00:00","breadcrumb":{"@id":"https:\/\/www.justice4all.org\/es\/staff\/nady-peralta\/#breadcrumb"},"inLanguage":"es","potentialAction":[{"@type":"ReadAction","target":["https:\/\/www.justice4all.org\/es\/staff\/nady-peralta\/"]}]},{"@type":"ImageObject","inLanguage":"es","@id":"https:\/\/www.justice4all.org\/es\/staff\/nady-peralta\/#primaryimage","url":"https:\/\/www.justice4all.org\/wp-content\/uploads\/2017\/06\/IMGS5324-scaled.jpg","contentUrl":"https:\/\/www.justice4all.org\/wp-content\/uploads\/2017\/06\/IMGS5324-scaled.jpg","width":1707,"height":2560},{"@type":"BreadcrumbList","@id":"https:\/\/www.justice4all.org\/es\/staff\/nady-peralta\/#breadcrumb","itemListElement":[{"@type":"ListItem","position":1,"name":"Home","item":"https:\/\/www.justice4all.org\/es\/"},{"@type":"ListItem","position":2,"name":"Nady Peralta"}]},{"@type":"WebSite","@id":"https:\/\/www.justice4all.org\/es\/#website","url":"https:\/\/www.justice4all.org\/es\/","name":"Legal Aid Justice Center","description":"","potentialAction":[{"@type":"SearchAction","target":{"@type":"EntryPoint","urlTemplate":"https:\/\/www.justice4all.org\/es\/?s={search_term_string}"},"query-input":{"@type":"PropertyValueSpecification","valueRequired":true,"valueName":"search_term_string"}}],"inLanguage":"es"}]}</script>
<!-- / Yoast SEO plugin. -->

Nady se incorporó al Centro de Justicia de Asistencia Jurídica en septiembre de 2016. Como becaria del Programa de Defensa de los Inmigrantes (ahora llamado Programa de Justicia para los Inmigrantes), su trabajo se centró en la defensa de los derechos de los virginianos indocumentados y subdocumentados en materia de inmigración, educación superior, vivienda y [&hellip;]
