{"id":13333,"date":"2021-10-14T14:10:57","date_gmt":"2021-10-14T14:10:57","guid":{"rendered":"https:\/\/www.justice4all.org\/staff\/gustavo-espinosa\/"},"modified":"2026-02-19T19:58:45","modified_gmt":"2026-02-19T19:58:45","slug":"gustavo-espinosa","status":"publish","type":"lajc_profiles","link":"https:\/\/www.justice4all.org\/es\/staff\/gustavo-espinosa\/","title":{"rendered":"Gustavo Espinosa"},"content":{"rendered":"<p><span class=\"markqwrbgxnv9\" data-markjs=\"true\" data-ogac=\"\" data-ogab=\"\" data-ogsc=\"\" data-ogsb=\"\">Gustavo<\/span>&nbsp;se incorpor\u00f3 a&nbsp;LAJC&nbsp;en el verano de 2021&nbsp;como Asistente de Ayuda al Alquiler\/Educador Comunitario. Sus padres son inmigrantes venezolanos&nbsp;,&nbsp;y&nbsp;\u00e9l&nbsp;se ha mudado muchas veces en su vida.&nbsp;\u00c9l&nbsp;est\u00e1&nbsp;comprometida con la justicia&nbsp;en todos los frentes,&nbsp;centr\u00e1ndose en&nbsp;la defensa de los inmigrantes y el acceso a la vivienda.&nbsp;Antes de incorporarse al LAJC, trabaj\u00f3 en&nbsp;consultado&nbsp;para&nbsp;un equipo de investigaci\u00f3n&nbsp;basado en&nbsp;de la Universidad de Miami y la Universidad de Texas en Austin sobre la creciente comunidad venezolana,&nbsp;y&nbsp;que escribi\u00f3&nbsp;&nbsp; su tesis de licenciatura sobre las necesidades legales, econ\u00f3micas y de vivienda de estos inmigrantes.&nbsp;<span class=\"markqwrbgxnv9\" data-markjs=\"true\" data-ogac=\"\" data-ogab=\"\" data-ogsc=\"\" data-ogsb=\"\">Gustavo<\/span>&nbsp;recibi\u00f3 su licenciatura&nbsp;&nbsp; en sociolog\u00eda y filosof\u00eda de William &amp; Mary en mayo de 2021.&nbsp;Tambi\u00e9n hizo pr\u00e1cticas para Habitat for Humanity Asia-Pacific&nbsp;y cofund\u00f3&nbsp;a&nbsp;H\u00e1bitat&nbsp;organizaci\u00f3n estudiantil&nbsp;que aboga por&nbsp;una vivienda digna\/asequible&nbsp;&nbsp; durante su carrera universitaria.&nbsp;Ahora, le entusiasma&nbsp;formar parte del&nbsp;LAJC&nbsp;equipo&nbsp;y&nbsp;para&nbsp;ayudar a&nbsp;los inquilinos&nbsp;a obtener la ayuda que&nbsp;necesitan y merecen.&nbsp;<\/p>\n","protected":false},"excerpt":{"rendered":"<p>Gustavo&nbsp;se incorpor\u00f3 a&nbsp;LAJC&nbsp;en el verano de 2021&nbsp;como Asistente de Ayuda al Alquiler\/Educador Comunitario. Sus padres son inmigrantes venezolanos&nbsp;,&nbsp;y&nbsp;\u00e9l&nbsp;se ha mudado muchas veces en su vida.&nbsp;\u00c9l&nbsp;est\u00e1&nbsp;comprometida con la justicia&nbsp;en todos los frentes,&nbsp;centr\u00e1ndose en&nbsp;la defensa de los inmigrantes y el acceso a la vivienda.&nbsp;Antes de incorporarse al LAJC, trabaj\u00f3 en&nbsp;consultado&nbsp;para&nbsp;un equipo de investigaci\u00f3n&nbsp;basado en&nbsp;de la Universidad de [&hellip;]<\/p>\n","protected":false},"author":4,"featured_media":19894,"template":"","format":"standard","meta":{"footnotes":""},"lajc-tax-roles":[87,125],"lajc-tax-issues":[86],"lajc-tax-locations":[85],"lajc-tax-profile-type":[],"class_list":["post-13333","lajc_profiles","type-lajc_profiles","status-publish","format-standard","has-post-thumbnail","hentry","lajc-tax-roles-organizacion","lajc-tax-roles-politica","lajc-tax-issues-vivienda","lajc-tax-locations-richmond-es"],"acf":[],"yoast_head":"<!-- This site is optimized with the Yoast SEO plugin v27.5 - https:\/\/yoast.com\/product\/yoast-seo-wordpress\/ -->\n<title>Gustavo Espinosa - Legal Aid Justice Center<\/title>\n<meta name=\"robots\" content=\"index, follow, max-snippet:-1, max-image-preview:large, max-video-preview:-1\" \/>\n<link rel=\"canonical\" href=\"https:\/\/www.justice4all.org\/es\/staff\/gustavo-espinosa\/\" \/>\n<meta property=\"og:locale\" content=\"es_ES\" \/>\n<meta property=\"og:type\" content=\"article\" \/>\n<meta property=\"og:title\" content=\"Gustavo Espinosa - Legal Aid Justice Center\" \/>\n<meta property=\"og:description\" content=\"Gustavo&nbsp;se incorpor\u00f3 a&nbsp;LAJC&nbsp;en el verano de 2021&nbsp;como Asistente de Ayuda al Alquiler\/Educador Comunitario. Sus padres son inmigrantes venezolanos&nbsp;,&nbsp;y&nbsp;\u00e9l&nbsp;se ha mudado muchas veces en su vida.&nbsp;\u00c9l&nbsp;est\u00e1&nbsp;comprometida con la justicia&nbsp;en todos los frentes,&nbsp;centr\u00e1ndose en&nbsp;la defensa de los inmigrantes y el acceso a la vivienda.&nbsp;Antes de incorporarse al LAJC, trabaj\u00f3 en&nbsp;consultado&nbsp;para&nbsp;un equipo de investigaci\u00f3n&nbsp;basado en&nbsp;de la Universidad de [&hellip;]\" \/>\n<meta property=\"og:url\" content=\"https:\/\/www.justice4all.org\/es\/staff\/gustavo-espinosa\/\" \/>\n<meta property=\"og:site_name\" content=\"Legal Aid Justice Center\" \/>\n<meta property=\"article:modified_time\" content=\"2026-02-19T19:58:45+00:00\" \/>\n<meta property=\"og:image\" content=\"https:\/\/www.justice4all.org\/wp-content\/uploads\/2021\/10\/gustavo-E-headshot-551x1024.png\" \/>\n\t<meta property=\"og:image:width\" content=\"551\" \/>\n\t<meta property=\"og:image:height\" content=\"1024\" \/>\n\t<meta property=\"og:image:type\" content=\"image\/png\" \/>\n<meta name=\"twitter:card\" content=\"summary_large_image\" \/>\n<meta name=\"twitter:label1\" content=\"Tiempo de lectura\" \/>\n\t<meta name=\"twitter:data1\" content=\"1 minuto\" \/>\n<script type=\"application\/ld+json\" class=\"yoast-schema-graph\">{\"@context\":\"https:\\\/\\\/schema.org\",\"@graph\":[{\"@type\":\"WebPage\",\"@id\":\"https:\\\/\\\/www.justice4all.org\\\/es\\\/staff\\\/gustavo-espinosa\\\/\",\"url\":\"https:\\\/\\\/www.justice4all.org\\\/es\\\/staff\\\/gustavo-espinosa\\\/\",\"name\":\"Gustavo Espinosa - Legal Aid Justice Center\",\"isPartOf\":{\"@id\":\"https:\\\/\\\/www.justice4all.org\\\/es\\\/#website\"},\"primaryImageOfPage\":{\"@id\":\"https:\\\/\\\/www.justice4all.org\\\/es\\\/staff\\\/gustavo-espinosa\\\/#primaryimage\"},\"image\":{\"@id\":\"https:\\\/\\\/www.justice4all.org\\\/es\\\/staff\\\/gustavo-espinosa\\\/#primaryimage\"},\"thumbnailUrl\":\"https:\\\/\\\/www.justice4all.org\\\/wp-content\\\/uploads\\\/2021\\\/10\\\/gustavo-E-headshot.png\",\"datePublished\":\"2021-10-14T14:10:57+00:00\",\"dateModified\":\"2026-02-19T19:58:45+00:00\",\"breadcrumb\":{\"@id\":\"https:\\\/\\\/www.justice4all.org\\\/es\\\/staff\\\/gustavo-espinosa\\\/#breadcrumb\"},\"inLanguage\":\"es\",\"potentialAction\":[{\"@type\":\"ReadAction\",\"target\":[\"https:\\\/\\\/www.justice4all.org\\\/es\\\/staff\\\/gustavo-espinosa\\\/\"]}]},{\"@type\":\"ImageObject\",\"inLanguage\":\"es\",\"@id\":\"https:\\\/\\\/www.justice4all.org\\\/es\\\/staff\\\/gustavo-espinosa\\\/#primaryimage\",\"url\":\"https:\\\/\\\/www.justice4all.org\\\/wp-content\\\/uploads\\\/2021\\\/10\\\/gustavo-E-headshot.png\",\"contentUrl\":\"https:\\\/\\\/www.justice4all.org\\\/wp-content\\\/uploads\\\/2021\\\/10\\\/gustavo-E-headshot.png\",\"width\":1181,\"height\":2193},{\"@type\":\"BreadcrumbList\",\"@id\":\"https:\\\/\\\/www.justice4all.org\\\/es\\\/staff\\\/gustavo-espinosa\\\/#breadcrumb\",\"itemListElement\":[{\"@type\":\"ListItem\",\"position\":1,\"name\":\"Home\",\"item\":\"https:\\\/\\\/www.justice4all.org\\\/es\\\/\"},{\"@type\":\"ListItem\",\"position\":2,\"name\":\"Gustavo Espinosa\"}]},{\"@type\":\"WebSite\",\"@id\":\"https:\\\/\\\/www.justice4all.org\\\/es\\\/#website\",\"url\":\"https:\\\/\\\/www.justice4all.org\\\/es\\\/\",\"name\":\"Legal Aid Justice Center\",\"description\":\"\",\"potentialAction\":[{\"@type\":\"SearchAction\",\"target\":{\"@type\":\"EntryPoint\",\"urlTemplate\":\"https:\\\/\\\/www.justice4all.org\\\/es\\\/?s={search_term_string}\"},\"query-input\":{\"@type\":\"PropertyValueSpecification\",\"valueRequired\":true,\"valueName\":\"search_term_string\"}}],\"inLanguage\":\"es\"}]}<\/script>\n<!-- \/ Yoast SEO plugin. -->","yoast_head_json":{"title":"Gustavo Espinosa - Legal Aid Justice Center","robots":{"index":"index","follow":"follow","max-snippet":"max-snippet:-1","max-image-preview":"max-image-preview:large","max-video-preview":"max-video-preview:-1"},"canonical":"https:\/\/www.justice4all.org\/es\/staff\/gustavo-espinosa\/","og_locale":"es_ES","og_type":"article","og_title":"Gustavo Espinosa - Legal Aid Justice Center","og_description":"Gustavo&nbsp;se incorpor\u00f3 a&nbsp;LAJC&nbsp;en el verano de 2021&nbsp;como Asistente de Ayuda al Alquiler\/Educador Comunitario. Sus padres son inmigrantes venezolanos&nbsp;,&nbsp;y&nbsp;\u00e9l&nbsp;se ha mudado muchas veces en su vida.&nbsp;\u00c9l&nbsp;est\u00e1&nbsp;comprometida con la justicia&nbsp;en todos los frentes,&nbsp;centr\u00e1ndose en&nbsp;la defensa de los inmigrantes y el acceso a la vivienda.&nbsp;Antes de incorporarse al LAJC, trabaj\u00f3 en&nbsp;consultado&nbsp;para&nbsp;un equipo de investigaci\u00f3n&nbsp;basado en&nbsp;de la Universidad de [&hellip;]","og_url":"https:\/\/www.justice4all.org\/es\/staff\/gustavo-espinosa\/","og_site_name":"Legal Aid Justice Center","article_modified_time":"2026-02-19T19:58:45+00:00","og_image":[{"width":551,"height":1024,"url":"https:\/\/www.justice4all.org\/wp-content\/uploads\/2021\/10\/gustavo-E-headshot-551x1024.png","type":"image\/png"}],"twitter_card":"summary_large_image","twitter_misc":{"Tiempo de lectura":"1 minuto"},"schema":{"@context":"https:\/\/schema.org","@graph":[{"@type":"WebPage","@id":"https:\/\/www.justice4all.org\/es\/staff\/gustavo-espinosa\/","url":"https:\/\/www.justice4all.org\/es\/staff\/gustavo-espinosa\/","name":"Gustavo Espinosa - Legal Aid Justice Center","isPartOf":{"@id":"https:\/\/www.justice4all.org\/es\/#website"},"primaryImageOfPage":{"@id":"https:\/\/www.justice4all.org\/es\/staff\/gustavo-espinosa\/#primaryimage"},"image":{"@id":"https:\/\/www.justice4all.org\/es\/staff\/gustavo-espinosa\/#primaryimage"},"thumbnailUrl":"https:\/\/www.justice4all.org\/wp-content\/uploads\/2021\/10\/gustavo-E-headshot.png","datePublished":"2021-10-14T14:10:57+00:00","dateModified":"2026-02-19T19:58:45+00:00","breadcrumb":{"@id":"https:\/\/www.justice4all.org\/es\/staff\/gustavo-espinosa\/#breadcrumb"},"inLanguage":"es","potentialAction":[{"@type":"ReadAction","target":["https:\/\/www.justice4all.org\/es\/staff\/gustavo-espinosa\/"]}]},{"@type":"ImageObject","inLanguage":"es","@id":"https:\/\/www.justice4all.org\/es\/staff\/gustavo-espinosa\/#primaryimage","url":"https:\/\/www.justice4all.org\/wp-content\/uploads\/2021\/10\/gustavo-E-headshot.png","contentUrl":"https:\/\/www.justice4all.org\/wp-content\/uploads\/2021\/10\/gustavo-E-headshot.png","width":1181,"height":2193},{"@type":"BreadcrumbList","@id":"https:\/\/www.justice4all.org\/es\/staff\/gustavo-espinosa\/#breadcrumb","itemListElement":[{"@type":"ListItem","position":1,"name":"Home","item":"https:\/\/www.justice4all.org\/es\/"},{"@type":"ListItem","position":2,"name":"Gustavo Espinosa"}]},{"@type":"WebSite","@id":"https:\/\/www.justice4all.org\/es\/#website","url":"https:\/\/www.justice4all.org\/es\/","name":"Legal Aid Justice Center","description":"","potentialAction":[{"@type":"SearchAction","target":{"@type":"EntryPoint","urlTemplate":"https:\/\/www.justice4all.org\/es\/?s={search_term_string}"},"query-input":{"@type":"PropertyValueSpecification","valueRequired":true,"valueName":"search_term_string"}}],"inLanguage":"es"}]}},"_links":{"self":[{"href":"https:\/\/www.justice4all.org\/es\/wp-json\/wp\/v2\/lajc_profiles\/13333","targetHints":{"allow":["GET"]}}],"collection":[{"href":"https:\/\/www.justice4all.org\/es\/wp-json\/wp\/v2\/lajc_profiles"}],"about":[{"href":"https:\/\/www.justice4all.org\/es\/wp-json\/wp\/v2\/types\/lajc_profiles"}],"author":[{"embeddable":true,"href":"https:\/\/www.justice4all.org\/es\/wp-json\/wp\/v2\/users\/4"}],"version-history":[{"count":0,"href":"https:\/\/www.justice4all.org\/es\/wp-json\/wp\/v2\/lajc_profiles\/13333\/revisions"}],"wp:featuredmedia":[{"embeddable":true,"href":"https:\/\/www.justice4all.org\/es\/wp-json\/wp\/v2\/media\/19894"}],"wp:attachment":[{"href":"https:\/\/www.justice4all.org\/es\/wp-json\/wp\/v2\/media?parent=13333"}],"wp:term":[{"taxonomy":"lajc-tax-roles","embeddable":true,"href":"https:\/\/www.justice4all.org\/es\/wp-json\/wp\/v2\/lajc-tax-roles?post=13333"},{"taxonomy":"lajc-tax-issues","embeddable":true,"href":"https:\/\/www.justice4all.org\/es\/wp-json\/wp\/v2\/lajc-tax-issues?post=13333"},{"taxonomy":"lajc-tax-locations","embeddable":true,"href":"https:\/\/www.justice4all.org\/es\/wp-json\/wp\/v2\/lajc-tax-locations?post=13333"},{"taxonomy":"lajc-tax-profile-type","embeddable":true,"href":"https:\/\/www.justice4all.org\/es\/wp-json\/wp\/v2\/lajc-tax-profile-type?post=13333"}],"curies":[{"name":"wp","href":"https:\/\/api.w.org\/{rel}","templated":true}]}}

<p><span class="markqwrbgxnv9" data-markjs="true" data-ogac="" data-ogab="" data-ogsc="" data-ogsb="">Gustavo</span>&nbsp;se incorporó a&nbsp;LAJC&nbsp;en el verano de 2021&nbsp;como Asistente de Ayuda al Alquiler/Educador Comunitario. Sus padres son inmigrantes venezolanos&nbsp;,&nbsp;y&nbsp;él&nbsp;se ha mudado muchas veces en su vida.&nbsp;Él&nbsp;está&nbsp;comprometida con la justicia&nbsp;en todos los frentes,&nbsp;centrándose en&nbsp;la defensa de los inmigrantes y el acceso a la vivienda.&nbsp;Antes de incorporarse al LAJC, trabajó en&nbsp;consultado&nbsp;para&nbsp;un equipo de investigación&nbsp;basado en&nbsp;de la Universidad de Miami y la Universidad de Texas en Austin sobre la creciente comunidad venezolana,&nbsp;y&nbsp;que escribió&nbsp;&nbsp; su tesis de licenciatura sobre las necesidades legales, económicas y de vivienda de estos inmigrantes.&nbsp;<span class="markqwrbgxnv9" data-markjs="true" data-ogac="" data-ogab="" data-ogsc="" data-ogsb="">Gustavo</span>&nbsp;recibió su licenciatura&nbsp;&nbsp; en sociología y filosofía de William &amp; Mary en mayo de 2021.&nbsp;También hizo prácticas para Habitat for Humanity Asia-Pacific&nbsp;y cofundó&nbsp;a&nbsp;Hábitat&nbsp;organización estudiantil&nbsp;que aboga por&nbsp;una vivienda digna/asequible&nbsp;&nbsp; durante su carrera universitaria.&nbsp;Ahora, le entusiasma&nbsp;formar parte del&nbsp;LAJC&nbsp;equipo&nbsp;y&nbsp;para&nbsp;ayudar a&nbsp;los inquilinos&nbsp;a obtener la ayuda que&nbsp;necesitan y merecen.&nbsp;</p>

<p>Gustavo&nbsp;se incorporó a&nbsp;LAJC&nbsp;en el verano de 2021&nbsp;como Asistente de Ayuda al Alquiler/Educador Comunitario. Sus padres son inmigrantes venezolanos&nbsp;,&nbsp;y&nbsp;él&nbsp;se ha mudado muchas veces en su vida.&nbsp;Él&nbsp;está&nbsp;comprometida con la justicia&nbsp;en todos los frentes,&nbsp;centrándose en&nbsp;la defensa de los inmigrantes y el acceso a la vivienda.&nbsp;Antes de incorporarse al LAJC, trabajó en&nbsp;consultado&nbsp;para&nbsp;un equipo de investigación&nbsp;basado en&nbsp;de la Universidad de [&hellip;]</p>

<!-- This site is optimized with the Yoast SEO plugin v27.5 - https://yoast.com/product/yoast-seo-wordpress/ -->
<title>Gustavo Espinosa - Legal Aid Justice Center</title>
<meta name="robots" content="index, follow, max-snippet:-1, max-image-preview:large, max-video-preview:-1" />
<link rel="canonical" href="https://www.justice4all.org/es/staff/gustavo-espinosa/" />
<meta property="og:locale" content="es_ES" />
<meta property="og:type" content="article" />
<meta property="og:title" content="Gustavo Espinosa - Legal Aid Justice Center" />
<meta property="og:description" content="Gustavo&nbsp;se incorporó a&nbsp;LAJC&nbsp;en el verano de 2021&nbsp;como Asistente de Ayuda al Alquiler/Educador Comunitario. Sus padres son inmigrantes venezolanos&nbsp;,&nbsp;y&nbsp;él&nbsp;se ha mudado muchas veces en su vida.&nbsp;Él&nbsp;está&nbsp;comprometida con la justicia&nbsp;en todos los frentes,&nbsp;centrándose en&nbsp;la defensa de los inmigrantes y el acceso a la vivienda.&nbsp;Antes de incorporarse al LAJC, trabajó en&nbsp;consultado&nbsp;para&nbsp;un equipo de investigación&nbsp;basado en&nbsp;de la Universidad de [&hellip;]" />
<meta property="og:url" content="https://www.justice4all.org/es/staff/gustavo-espinosa/" />
<meta property="og:site_name" content="Legal Aid Justice Center" />
<meta property="article:modified_time" content="2026-02-19T19:58:45+00:00" />
<meta property="og:image" content="https://www.justice4all.org/wp-content/uploads/2021/10/gustavo-E-headshot-551x1024.png" />
	<meta property="og:image:width" content="551" />
	<meta property="og:image:height" content="1024" />
	<meta property="og:image:type" content="image/png" />
<meta name="twitter:card" content="summary_large_image" />
<meta name="twitter:label1" content="Tiempo de lectura" />
	<meta name="twitter:data1" content="1 minuto" />
<script type="application/ld+json" class="yoast-schema-graph">{"@context":"https:\/\/schema.org","@graph":[{"@type":"WebPage","@id":"https:\/\/www.justice4all.org\/es\/staff\/gustavo-espinosa\/","url":"https:\/\/www.justice4all.org\/es\/staff\/gustavo-espinosa\/","name":"Gustavo Espinosa - Legal Aid Justice Center","isPartOf":{"@id":"https:\/\/www.justice4all.org\/es\/#website"},"primaryImageOfPage":{"@id":"https:\/\/www.justice4all.org\/es\/staff\/gustavo-espinosa\/#primaryimage"},"image":{"@id":"https:\/\/www.justice4all.org\/es\/staff\/gustavo-espinosa\/#primaryimage"},"thumbnailUrl":"https:\/\/www.justice4all.org\/wp-content\/uploads\/2021\/10\/gustavo-E-headshot.png","datePublished":"2021-10-14T14:10:57+00:00","dateModified":"2026-02-19T19:58:45+00:00","breadcrumb":{"@id":"https:\/\/www.justice4all.org\/es\/staff\/gustavo-espinosa\/#breadcrumb"},"inLanguage":"es","potentialAction":[{"@type":"ReadAction","target":["https:\/\/www.justice4all.org\/es\/staff\/gustavo-espinosa\/"]}]},{"@type":"ImageObject","inLanguage":"es","@id":"https:\/\/www.justice4all.org\/es\/staff\/gustavo-espinosa\/#primaryimage","url":"https:\/\/www.justice4all.org\/wp-content\/uploads\/2021\/10\/gustavo-E-headshot.png","contentUrl":"https:\/\/www.justice4all.org\/wp-content\/uploads\/2021\/10\/gustavo-E-headshot.png","width":1181,"height":2193},{"@type":"BreadcrumbList","@id":"https:\/\/www.justice4all.org\/es\/staff\/gustavo-espinosa\/#breadcrumb","itemListElement":[{"@type":"ListItem","position":1,"name":"Home","item":"https:\/\/www.justice4all.org\/es\/"},{"@type":"ListItem","position":2,"name":"Gustavo Espinosa"}]},{"@type":"WebSite","@id":"https:\/\/www.justice4all.org\/es\/#website","url":"https:\/\/www.justice4all.org\/es\/","name":"Legal Aid Justice Center","description":"","potentialAction":[{"@type":"SearchAction","target":{"@type":"EntryPoint","urlTemplate":"https:\/\/www.justice4all.org\/es\/?s={search_term_string}"},"query-input":{"@type":"PropertyValueSpecification","valueRequired":true,"valueName":"search_term_string"}}],"inLanguage":"es"}]}</script>
<!-- / Yoast SEO plugin. -->

Gustavo&nbsp;se incorporó a&nbsp;LAJC&nbsp;en el verano de 2021&nbsp;como Asistente de Ayuda al Alquiler/Educador Comunitario. Sus padres son inmigrantes venezolanos&nbsp;,&nbsp;y&nbsp;él&nbsp;se ha mudado muchas veces en su vida.&nbsp;Él&nbsp;está&nbsp;comprometida con la justicia&nbsp;en todos los frentes,&nbsp;centrándose en&nbsp;la defensa de los inmigrantes y el acceso a la vivienda.&nbsp;Antes de incorporarse al LAJC, trabajó en&nbsp;consultado&nbsp;para&nbsp;un equipo de investigación&nbsp;basado en&nbsp;de la Universidad de [&hellip;]
