{"id":13294,"date":"2022-11-11T09:53:33","date_gmt":"2022-11-11T09:53:33","guid":{"rendered":"https:\/\/www.justice4all.org\/staff\/emily-lopynski\/"},"modified":"2026-02-05T03:02:54","modified_gmt":"2026-02-05T03:02:54","slug":"emily-lopynski","status":"publish","type":"lajc_profiles","link":"https:\/\/www.justice4all.org\/es\/staff\/emily-lopynski\/","title":{"rendered":"Emily Lopynski"},"content":{"rendered":"<p>Emily se incorpor\u00f3 al Programa de Justicia para Inmigrantes en oto\u00f1o de 2022. Antes de unirse al equipo del LAJC, Emily trabaj\u00f3 como secretaria en el Tribunal de Apelaciones de Virginia y en el Tribunal de Circuito de Arlington. En la facultad de Derecho, Emily particip\u00f3 activamente en casos pro bono y en iniciativas a favor de los derechos de los inmigrantes.&nbsp;  Emily fue reconocida con el Oliver White Hill Law Student Pro Bono Award en 2020. Tambi\u00e9n fue galardonada con el Premio al Servicio Nina R. Kestin en 2020.  Emily es autora de \u00abRestorative Lawyering: A Toolbox That Will Change the Profession\u00bb (University of Richmond Law Review, Online, enero de 2021) y coautora de \u00abReckoning with Structural Racism: A Restorative Jurisprudence of Equal Protection\u00bb (Richmond Public Interest Law Review, Symposium Edition 2020).  Antes de estudiar Derecho, Emily estableci\u00f3 un programa de asistencia jur\u00eddica en materia de inmigraci\u00f3n, reconocido por el DOJ, en una organizaci\u00f3n sin \u00e1nimo de lucro de El Paso, Texas.  Emily se licenci\u00f3 en el College of William &amp; Mary y en la Facultad de Derecho de la Universidad de Richmond.&nbsp;&nbsp;<\/p>\n","protected":false},"excerpt":{"rendered":"<p>Emily se incorpor\u00f3 al Programa de Justicia para Inmigrantes en oto\u00f1o de 2022. Antes de unirse al equipo del LAJC, Emily trabaj\u00f3 como secretaria en el Tribunal de Apelaciones de Virginia y en el Tribunal de Circuito de Arlington. En la facultad de Derecho, Emily particip\u00f3 activamente en casos pro bono y en iniciativas a [&hellip;]<\/p>\n","protected":false},"author":4,"featured_media":14655,"template":"","format":"standard","meta":{"footnotes":""},"lajc-tax-roles":[88],"lajc-tax-issues":[81],"lajc-tax-locations":[89],"lajc-tax-profile-type":[],"class_list":["post-13294","lajc_profiles","type-lajc_profiles","status-publish","format-standard","has-post-thumbnail","hentry","lajc-tax-roles-legal-es","lajc-tax-issues-immigration-es","lajc-tax-locations-falls-church-es"],"acf":[],"yoast_head":"<!-- This site is optimized with the Yoast SEO plugin v27.5 - https:\/\/yoast.com\/product\/yoast-seo-wordpress\/ -->\n<title>Emily Lopynski - Legal Aid Justice Center<\/title>\n<meta name=\"robots\" content=\"index, follow, max-snippet:-1, max-image-preview:large, max-video-preview:-1\" \/>\n<link rel=\"canonical\" href=\"https:\/\/www.justice4all.org\/es\/staff\/emily-lopynski\/\" \/>\n<meta property=\"og:locale\" content=\"es_ES\" \/>\n<meta property=\"og:type\" content=\"article\" \/>\n<meta property=\"og:title\" content=\"Emily Lopynski - Legal Aid Justice Center\" \/>\n<meta property=\"og:description\" content=\"Emily se incorpor\u00f3 al Programa de Justicia para Inmigrantes en oto\u00f1o de 2022. Antes de unirse al equipo del LAJC, Emily trabaj\u00f3 como secretaria en el Tribunal de Apelaciones de Virginia y en el Tribunal de Circuito de Arlington. En la facultad de Derecho, Emily particip\u00f3 activamente en casos pro bono y en iniciativas a [&hellip;]\" \/>\n<meta property=\"og:url\" content=\"https:\/\/www.justice4all.org\/es\/staff\/emily-lopynski\/\" \/>\n<meta property=\"og:site_name\" content=\"Legal Aid Justice Center\" \/>\n<meta property=\"article:modified_time\" content=\"2026-02-05T03:02:54+00:00\" \/>\n<meta property=\"og:image\" content=\"https:\/\/www.justice4all.org\/wp-content\/uploads\/2022\/11\/emilylopynskiresized.png\" \/>\n\t<meta property=\"og:image:width\" content=\"202\" \/>\n\t<meta property=\"og:image:height\" content=\"303\" \/>\n\t<meta property=\"og:image:type\" content=\"image\/png\" \/>\n<meta name=\"twitter:card\" content=\"summary_large_image\" \/>\n<meta name=\"twitter:label1\" content=\"Tiempo de lectura\" \/>\n\t<meta name=\"twitter:data1\" content=\"1 minuto\" \/>\n<script type=\"application\/ld+json\" class=\"yoast-schema-graph\">{\"@context\":\"https:\\\/\\\/schema.org\",\"@graph\":[{\"@type\":\"WebPage\",\"@id\":\"https:\\\/\\\/www.justice4all.org\\\/es\\\/staff\\\/emily-lopynski\\\/\",\"url\":\"https:\\\/\\\/www.justice4all.org\\\/es\\\/staff\\\/emily-lopynski\\\/\",\"name\":\"Emily Lopynski - Legal Aid Justice Center\",\"isPartOf\":{\"@id\":\"https:\\\/\\\/www.justice4all.org\\\/es\\\/#website\"},\"primaryImageOfPage\":{\"@id\":\"https:\\\/\\\/www.justice4all.org\\\/es\\\/staff\\\/emily-lopynski\\\/#primaryimage\"},\"image\":{\"@id\":\"https:\\\/\\\/www.justice4all.org\\\/es\\\/staff\\\/emily-lopynski\\\/#primaryimage\"},\"thumbnailUrl\":\"https:\\\/\\\/www.justice4all.org\\\/wp-content\\\/uploads\\\/2022\\\/11\\\/emilylopynskiresized.png\",\"datePublished\":\"2022-11-11T09:53:33+00:00\",\"dateModified\":\"2026-02-05T03:02:54+00:00\",\"breadcrumb\":{\"@id\":\"https:\\\/\\\/www.justice4all.org\\\/es\\\/staff\\\/emily-lopynski\\\/#breadcrumb\"},\"inLanguage\":\"es\",\"potentialAction\":[{\"@type\":\"ReadAction\",\"target\":[\"https:\\\/\\\/www.justice4all.org\\\/es\\\/staff\\\/emily-lopynski\\\/\"]}]},{\"@type\":\"ImageObject\",\"inLanguage\":\"es\",\"@id\":\"https:\\\/\\\/www.justice4all.org\\\/es\\\/staff\\\/emily-lopynski\\\/#primaryimage\",\"url\":\"https:\\\/\\\/www.justice4all.org\\\/wp-content\\\/uploads\\\/2022\\\/11\\\/emilylopynskiresized.png\",\"contentUrl\":\"https:\\\/\\\/www.justice4all.org\\\/wp-content\\\/uploads\\\/2022\\\/11\\\/emilylopynskiresized.png\",\"width\":202,\"height\":303},{\"@type\":\"BreadcrumbList\",\"@id\":\"https:\\\/\\\/www.justice4all.org\\\/es\\\/staff\\\/emily-lopynski\\\/#breadcrumb\",\"itemListElement\":[{\"@type\":\"ListItem\",\"position\":1,\"name\":\"Home\",\"item\":\"https:\\\/\\\/www.justice4all.org\\\/es\\\/\"},{\"@type\":\"ListItem\",\"position\":2,\"name\":\"Emily Lopynski\"}]},{\"@type\":\"WebSite\",\"@id\":\"https:\\\/\\\/www.justice4all.org\\\/es\\\/#website\",\"url\":\"https:\\\/\\\/www.justice4all.org\\\/es\\\/\",\"name\":\"Legal Aid Justice Center\",\"description\":\"\",\"potentialAction\":[{\"@type\":\"SearchAction\",\"target\":{\"@type\":\"EntryPoint\",\"urlTemplate\":\"https:\\\/\\\/www.justice4all.org\\\/es\\\/?s={search_term_string}\"},\"query-input\":{\"@type\":\"PropertyValueSpecification\",\"valueRequired\":true,\"valueName\":\"search_term_string\"}}],\"inLanguage\":\"es\"}]}<\/script>\n<!-- \/ Yoast SEO plugin. -->","yoast_head_json":{"title":"Emily Lopynski - Legal Aid Justice Center","robots":{"index":"index","follow":"follow","max-snippet":"max-snippet:-1","max-image-preview":"max-image-preview:large","max-video-preview":"max-video-preview:-1"},"canonical":"https:\/\/www.justice4all.org\/es\/staff\/emily-lopynski\/","og_locale":"es_ES","og_type":"article","og_title":"Emily Lopynski - Legal Aid Justice Center","og_description":"Emily se incorpor\u00f3 al Programa de Justicia para Inmigrantes en oto\u00f1o de 2022. Antes de unirse al equipo del LAJC, Emily trabaj\u00f3 como secretaria en el Tribunal de Apelaciones de Virginia y en el Tribunal de Circuito de Arlington. En la facultad de Derecho, Emily particip\u00f3 activamente en casos pro bono y en iniciativas a [&hellip;]","og_url":"https:\/\/www.justice4all.org\/es\/staff\/emily-lopynski\/","og_site_name":"Legal Aid Justice Center","article_modified_time":"2026-02-05T03:02:54+00:00","og_image":[{"width":202,"height":303,"url":"https:\/\/www.justice4all.org\/wp-content\/uploads\/2022\/11\/emilylopynskiresized.png","type":"image\/png"}],"twitter_card":"summary_large_image","twitter_misc":{"Tiempo de lectura":"1 minuto"},"schema":{"@context":"https:\/\/schema.org","@graph":[{"@type":"WebPage","@id":"https:\/\/www.justice4all.org\/es\/staff\/emily-lopynski\/","url":"https:\/\/www.justice4all.org\/es\/staff\/emily-lopynski\/","name":"Emily Lopynski - Legal Aid Justice Center","isPartOf":{"@id":"https:\/\/www.justice4all.org\/es\/#website"},"primaryImageOfPage":{"@id":"https:\/\/www.justice4all.org\/es\/staff\/emily-lopynski\/#primaryimage"},"image":{"@id":"https:\/\/www.justice4all.org\/es\/staff\/emily-lopynski\/#primaryimage"},"thumbnailUrl":"https:\/\/www.justice4all.org\/wp-content\/uploads\/2022\/11\/emilylopynskiresized.png","datePublished":"2022-11-11T09:53:33+00:00","dateModified":"2026-02-05T03:02:54+00:00","breadcrumb":{"@id":"https:\/\/www.justice4all.org\/es\/staff\/emily-lopynski\/#breadcrumb"},"inLanguage":"es","potentialAction":[{"@type":"ReadAction","target":["https:\/\/www.justice4all.org\/es\/staff\/emily-lopynski\/"]}]},{"@type":"ImageObject","inLanguage":"es","@id":"https:\/\/www.justice4all.org\/es\/staff\/emily-lopynski\/#primaryimage","url":"https:\/\/www.justice4all.org\/wp-content\/uploads\/2022\/11\/emilylopynskiresized.png","contentUrl":"https:\/\/www.justice4all.org\/wp-content\/uploads\/2022\/11\/emilylopynskiresized.png","width":202,"height":303},{"@type":"BreadcrumbList","@id":"https:\/\/www.justice4all.org\/es\/staff\/emily-lopynski\/#breadcrumb","itemListElement":[{"@type":"ListItem","position":1,"name":"Home","item":"https:\/\/www.justice4all.org\/es\/"},{"@type":"ListItem","position":2,"name":"Emily Lopynski"}]},{"@type":"WebSite","@id":"https:\/\/www.justice4all.org\/es\/#website","url":"https:\/\/www.justice4all.org\/es\/","name":"Legal Aid Justice Center","description":"","potentialAction":[{"@type":"SearchAction","target":{"@type":"EntryPoint","urlTemplate":"https:\/\/www.justice4all.org\/es\/?s={search_term_string}"},"query-input":{"@type":"PropertyValueSpecification","valueRequired":true,"valueName":"search_term_string"}}],"inLanguage":"es"}]}},"_links":{"self":[{"href":"https:\/\/www.justice4all.org\/es\/wp-json\/wp\/v2\/lajc_profiles\/13294","targetHints":{"allow":["GET"]}}],"collection":[{"href":"https:\/\/www.justice4all.org\/es\/wp-json\/wp\/v2\/lajc_profiles"}],"about":[{"href":"https:\/\/www.justice4all.org\/es\/wp-json\/wp\/v2\/types\/lajc_profiles"}],"author":[{"embeddable":true,"href":"https:\/\/www.justice4all.org\/es\/wp-json\/wp\/v2\/users\/4"}],"version-history":[{"count":0,"href":"https:\/\/www.justice4all.org\/es\/wp-json\/wp\/v2\/lajc_profiles\/13294\/revisions"}],"wp:featuredmedia":[{"embeddable":true,"href":"https:\/\/www.justice4all.org\/es\/wp-json\/wp\/v2\/media\/14655"}],"wp:attachment":[{"href":"https:\/\/www.justice4all.org\/es\/wp-json\/wp\/v2\/media?parent=13294"}],"wp:term":[{"taxonomy":"lajc-tax-roles","embeddable":true,"href":"https:\/\/www.justice4all.org\/es\/wp-json\/wp\/v2\/lajc-tax-roles?post=13294"},{"taxonomy":"lajc-tax-issues","embeddable":true,"href":"https:\/\/www.justice4all.org\/es\/wp-json\/wp\/v2\/lajc-tax-issues?post=13294"},{"taxonomy":"lajc-tax-locations","embeddable":true,"href":"https:\/\/www.justice4all.org\/es\/wp-json\/wp\/v2\/lajc-tax-locations?post=13294"},{"taxonomy":"lajc-tax-profile-type","embeddable":true,"href":"https:\/\/www.justice4all.org\/es\/wp-json\/wp\/v2\/lajc-tax-profile-type?post=13294"}],"curies":[{"name":"wp","href":"https:\/\/api.w.org\/{rel}","templated":true}]}}

<p>Emily se incorporó al Programa de Justicia para Inmigrantes en otoño de 2022. Antes de unirse al equipo del LAJC, Emily trabajó como secretaria en el Tribunal de Apelaciones de Virginia y en el Tribunal de Circuito de Arlington. En la facultad de Derecho, Emily participó activamente en casos pro bono y en iniciativas a favor de los derechos de los inmigrantes.&nbsp;  Emily fue reconocida con el Oliver White Hill Law Student Pro Bono Award en 2020. También fue galardonada con el Premio al Servicio Nina R. Kestin en 2020.  Emily es autora de «Restorative Lawyering: A Toolbox That Will Change the Profession» (University of Richmond Law Review, Online, enero de 2021) y coautora de «Reckoning with Structural Racism: A Restorative Jurisprudence of Equal Protection» (Richmond Public Interest Law Review, Symposium Edition 2020).  Antes de estudiar Derecho, Emily estableció un programa de asistencia jurídica en materia de inmigración, reconocido por el DOJ, en una organización sin ánimo de lucro de El Paso, Texas.  Emily se licenció en el College of William &amp; Mary y en la Facultad de Derecho de la Universidad de Richmond.&nbsp;&nbsp;</p>

<p>Emily se incorporó al Programa de Justicia para Inmigrantes en otoño de 2022. Antes de unirse al equipo del LAJC, Emily trabajó como secretaria en el Tribunal de Apelaciones de Virginia y en el Tribunal de Circuito de Arlington. En la facultad de Derecho, Emily participó activamente en casos pro bono y en iniciativas a [&hellip;]</p>

<!-- This site is optimized with the Yoast SEO plugin v27.5 - https://yoast.com/product/yoast-seo-wordpress/ -->
<title>Emily Lopynski - Legal Aid Justice Center</title>
<meta name="robots" content="index, follow, max-snippet:-1, max-image-preview:large, max-video-preview:-1" />
<link rel="canonical" href="https://www.justice4all.org/es/staff/emily-lopynski/" />
<meta property="og:locale" content="es_ES" />
<meta property="og:type" content="article" />
<meta property="og:title" content="Emily Lopynski - Legal Aid Justice Center" />
<meta property="og:description" content="Emily se incorporó al Programa de Justicia para Inmigrantes en otoño de 2022. Antes de unirse al equipo del LAJC, Emily trabajó como secretaria en el Tribunal de Apelaciones de Virginia y en el Tribunal de Circuito de Arlington. En la facultad de Derecho, Emily participó activamente en casos pro bono y en iniciativas a [&hellip;]" />
<meta property="og:url" content="https://www.justice4all.org/es/staff/emily-lopynski/" />
<meta property="og:site_name" content="Legal Aid Justice Center" />
<meta property="article:modified_time" content="2026-02-05T03:02:54+00:00" />
<meta property="og:image" content="https://www.justice4all.org/wp-content/uploads/2022/11/emilylopynskiresized.png" />
	<meta property="og:image:width" content="202" />
	<meta property="og:image:height" content="303" />
	<meta property="og:image:type" content="image/png" />
<meta name="twitter:card" content="summary_large_image" />
<meta name="twitter:label1" content="Tiempo de lectura" />
	<meta name="twitter:data1" content="1 minuto" />
<script type="application/ld+json" class="yoast-schema-graph">{"@context":"https:\/\/schema.org","@graph":[{"@type":"WebPage","@id":"https:\/\/www.justice4all.org\/es\/staff\/emily-lopynski\/","url":"https:\/\/www.justice4all.org\/es\/staff\/emily-lopynski\/","name":"Emily Lopynski - Legal Aid Justice Center","isPartOf":{"@id":"https:\/\/www.justice4all.org\/es\/#website"},"primaryImageOfPage":{"@id":"https:\/\/www.justice4all.org\/es\/staff\/emily-lopynski\/#primaryimage"},"image":{"@id":"https:\/\/www.justice4all.org\/es\/staff\/emily-lopynski\/#primaryimage"},"thumbnailUrl":"https:\/\/www.justice4all.org\/wp-content\/uploads\/2022\/11\/emilylopynskiresized.png","datePublished":"2022-11-11T09:53:33+00:00","dateModified":"2026-02-05T03:02:54+00:00","breadcrumb":{"@id":"https:\/\/www.justice4all.org\/es\/staff\/emily-lopynski\/#breadcrumb"},"inLanguage":"es","potentialAction":[{"@type":"ReadAction","target":["https:\/\/www.justice4all.org\/es\/staff\/emily-lopynski\/"]}]},{"@type":"ImageObject","inLanguage":"es","@id":"https:\/\/www.justice4all.org\/es\/staff\/emily-lopynski\/#primaryimage","url":"https:\/\/www.justice4all.org\/wp-content\/uploads\/2022\/11\/emilylopynskiresized.png","contentUrl":"https:\/\/www.justice4all.org\/wp-content\/uploads\/2022\/11\/emilylopynskiresized.png","width":202,"height":303},{"@type":"BreadcrumbList","@id":"https:\/\/www.justice4all.org\/es\/staff\/emily-lopynski\/#breadcrumb","itemListElement":[{"@type":"ListItem","position":1,"name":"Home","item":"https:\/\/www.justice4all.org\/es\/"},{"@type":"ListItem","position":2,"name":"Emily Lopynski"}]},{"@type":"WebSite","@id":"https:\/\/www.justice4all.org\/es\/#website","url":"https:\/\/www.justice4all.org\/es\/","name":"Legal Aid Justice Center","description":"","potentialAction":[{"@type":"SearchAction","target":{"@type":"EntryPoint","urlTemplate":"https:\/\/www.justice4all.org\/es\/?s={search_term_string}"},"query-input":{"@type":"PropertyValueSpecification","valueRequired":true,"valueName":"search_term_string"}}],"inLanguage":"es"}]}</script>
<!-- / Yoast SEO plugin. -->

Emily se incorporó al Programa de Justicia para Inmigrantes en otoño de 2022. Antes de unirse al equipo del LAJC, Emily trabajó como secretaria en el Tribunal de Apelaciones de Virginia y en el Tribunal de Circuito de Arlington. En la facultad de Derecho, Emily participó activamente en casos pro bono y en iniciativas a [&hellip;]
