{"id":13293,"date":"2022-09-20T08:19:51","date_gmt":"2022-09-20T08:19:51","guid":{"rendered":"https:\/\/www.justice4all.org\/staff\/fallon-speaker\/"},"modified":"2023-07-27T05:46:25","modified_gmt":"2023-07-27T05:46:25","slug":"fallon-speaker","status":"publish","type":"lajc_profiles","link":"https:\/\/www.justice4all.org\/es\/staff\/fallon-speaker\/","title":{"rendered":"Fallon Speaker"},"content":{"rendered":"<p><span data-contrast=\"none\">Antes de unirse a LAJC como Directora Legal de nuestro Programa de Justicia Juvenil, Fallon trabaj\u00f3 como Profesora Cl\u00ednica Asistente de Derecho y Directora de la Cl\u00ednica de Derecho de Familia Jeanette Lipman en la Facultad de Derecho de la Universidad de Richmond, donde ense\u00f1\u00f3 a los estudiantes en una cl\u00ednica legal hol\u00edstica dedicada a trabajar con las comunidades afectadas por las relaciones dom\u00e9sticas, el bienestar infantil y los procedimientos de dependencia y las \u00e1reas interseccionales de la ley.  <\/span><span data-contrast=\"none\">como el consumo de sustancias, la salud mental, la vivienda, la inmigraci\u00f3n y los servicios sociales.<\/span><span data-contrast=\"none\">. <\/span> <span data-ccp-props=\"{}\">&nbsp;<\/span><\/p>\n<p><span data-contrast=\"none\">Antes de trasladarse a Richmond, Fallon trabaj\u00f3 como abogada y jefa de equipo en el departamento de defensa de la familia de The Bronx Defenders, donde represent\u00f3 a padres acusados de abuso o negligencia en procedimientos de protecci\u00f3n de menores. Durante el tiempo que desempe\u00f1\u00f3 ese cargo, Fallon se mostr\u00f3 muy activa en pol\u00edtica, grupos de presi\u00f3n, organizaci\u00f3n comunitaria y abogac\u00eda del movimiento.  <\/span><span data-ccp-props=\"{}\">&nbsp;<\/span><\/p>\n<p><span data-contrast=\"none\">Fallon tambi\u00e9n fue profesora adjunta en la Facultad de Derecho Cardozo y directora de la Cl\u00ednica Mainzer de Defensa de la Familia, donde ense\u00f1\u00f3 y supervis\u00f3 a estudiantes en audiencias de protecci\u00f3n de menores. Fallon se licenci\u00f3 y se doctor\u00f3 en Derecho por la Universidad de Carolina del Norte, Chapel Hill.<\/span><span data-ccp-props=\"{}\">&nbsp;<\/span><\/p>\n","protected":false},"excerpt":{"rendered":"<p>Antes de unirse a LAJC como Directora Legal de nuestro Programa de Justicia Juvenil, Fallon trabaj\u00f3 como Profesora Cl\u00ednica Asistente de Derecho y Directora de la Cl\u00ednica de Derecho de Familia Jeanette Lipman en la Facultad de Derecho de la Universidad de Richmond, donde ense\u00f1\u00f3 a los estudiantes en una cl\u00ednica legal hol\u00edstica dedicada a [&hellip;]<\/p>\n","protected":false},"author":4,"featured_media":14664,"template":"","format":"standard","meta":{"footnotes":""},"lajc-tax-roles":[88,94],"lajc-tax-issues":[83],"lajc-tax-locations":[85],"lajc-tax-profile-type":[],"class_list":["post-13293","lajc_profiles","type-lajc_profiles","status-publish","format-standard","has-post-thumbnail","hentry","lajc-tax-roles-legal-es","lajc-tax-roles-liderazgo","lajc-tax-issues-youth-family-schools-es","lajc-tax-locations-richmond-es"],"acf":[],"yoast_head":"<!-- This site is optimized with the Yoast SEO plugin v27.5 - https:\/\/yoast.com\/product\/yoast-seo-wordpress\/ -->\n<title>Fallon Speaker - Legal Aid Justice Center<\/title>\n<meta name=\"robots\" content=\"index, follow, max-snippet:-1, max-image-preview:large, max-video-preview:-1\" \/>\n<link rel=\"canonical\" href=\"https:\/\/www.justice4all.org\/es\/staff\/fallon-speaker\/\" \/>\n<meta property=\"og:locale\" content=\"es_ES\" \/>\n<meta property=\"og:type\" content=\"article\" \/>\n<meta property=\"og:title\" content=\"Fallon Speaker - Legal Aid Justice Center\" \/>\n<meta property=\"og:description\" content=\"Antes de unirse a LAJC como Directora Legal de nuestro Programa de Justicia Juvenil, Fallon trabaj\u00f3 como Profesora Cl\u00ednica Asistente de Derecho y Directora de la Cl\u00ednica de Derecho de Familia Jeanette Lipman en la Facultad de Derecho de la Universidad de Richmond, donde ense\u00f1\u00f3 a los estudiantes en una cl\u00ednica legal hol\u00edstica dedicada a [&hellip;]\" \/>\n<meta property=\"og:url\" content=\"https:\/\/www.justice4all.org\/es\/staff\/fallon-speaker\/\" \/>\n<meta property=\"og:site_name\" content=\"Legal Aid Justice Center\" \/>\n<meta property=\"article:modified_time\" content=\"2023-07-27T05:46:25+00:00\" \/>\n<meta property=\"og:image\" content=\"https:\/\/www.justice4all.org\/wp-content\/uploads\/2022\/09\/thumbnail_image2.jpeg\" \/>\n\t<meta property=\"og:image:width\" content=\"480\" \/>\n\t<meta property=\"og:image:height\" content=\"640\" \/>\n\t<meta property=\"og:image:type\" content=\"image\/jpeg\" \/>\n<meta name=\"twitter:card\" content=\"summary_large_image\" \/>\n<meta name=\"twitter:label1\" content=\"Tiempo de lectura\" \/>\n\t<meta name=\"twitter:data1\" content=\"1 minuto\" \/>\n<script type=\"application\/ld+json\" class=\"yoast-schema-graph\">{\"@context\":\"https:\\\/\\\/schema.org\",\"@graph\":[{\"@type\":\"WebPage\",\"@id\":\"https:\\\/\\\/www.justice4all.org\\\/es\\\/staff\\\/fallon-speaker\\\/\",\"url\":\"https:\\\/\\\/www.justice4all.org\\\/es\\\/staff\\\/fallon-speaker\\\/\",\"name\":\"Fallon Speaker - Legal Aid Justice Center\",\"isPartOf\":{\"@id\":\"https:\\\/\\\/www.justice4all.org\\\/es\\\/#website\"},\"primaryImageOfPage\":{\"@id\":\"https:\\\/\\\/www.justice4all.org\\\/es\\\/staff\\\/fallon-speaker\\\/#primaryimage\"},\"image\":{\"@id\":\"https:\\\/\\\/www.justice4all.org\\\/es\\\/staff\\\/fallon-speaker\\\/#primaryimage\"},\"thumbnailUrl\":\"https:\\\/\\\/www.justice4all.org\\\/wp-content\\\/uploads\\\/2022\\\/09\\\/thumbnail_image2.jpeg\",\"datePublished\":\"2022-09-20T08:19:51+00:00\",\"dateModified\":\"2023-07-27T05:46:25+00:00\",\"breadcrumb\":{\"@id\":\"https:\\\/\\\/www.justice4all.org\\\/es\\\/staff\\\/fallon-speaker\\\/#breadcrumb\"},\"inLanguage\":\"es\",\"potentialAction\":[{\"@type\":\"ReadAction\",\"target\":[\"https:\\\/\\\/www.justice4all.org\\\/es\\\/staff\\\/fallon-speaker\\\/\"]}]},{\"@type\":\"ImageObject\",\"inLanguage\":\"es\",\"@id\":\"https:\\\/\\\/www.justice4all.org\\\/es\\\/staff\\\/fallon-speaker\\\/#primaryimage\",\"url\":\"https:\\\/\\\/www.justice4all.org\\\/wp-content\\\/uploads\\\/2022\\\/09\\\/thumbnail_image2.jpeg\",\"contentUrl\":\"https:\\\/\\\/www.justice4all.org\\\/wp-content\\\/uploads\\\/2022\\\/09\\\/thumbnail_image2.jpeg\",\"width\":480,\"height\":640},{\"@type\":\"BreadcrumbList\",\"@id\":\"https:\\\/\\\/www.justice4all.org\\\/es\\\/staff\\\/fallon-speaker\\\/#breadcrumb\",\"itemListElement\":[{\"@type\":\"ListItem\",\"position\":1,\"name\":\"Home\",\"item\":\"https:\\\/\\\/www.justice4all.org\\\/es\\\/\"},{\"@type\":\"ListItem\",\"position\":2,\"name\":\"Fallon Speaker\"}]},{\"@type\":\"WebSite\",\"@id\":\"https:\\\/\\\/www.justice4all.org\\\/es\\\/#website\",\"url\":\"https:\\\/\\\/www.justice4all.org\\\/es\\\/\",\"name\":\"Legal Aid Justice Center\",\"description\":\"\",\"potentialAction\":[{\"@type\":\"SearchAction\",\"target\":{\"@type\":\"EntryPoint\",\"urlTemplate\":\"https:\\\/\\\/www.justice4all.org\\\/es\\\/?s={search_term_string}\"},\"query-input\":{\"@type\":\"PropertyValueSpecification\",\"valueRequired\":true,\"valueName\":\"search_term_string\"}}],\"inLanguage\":\"es\"}]}<\/script>\n<!-- \/ Yoast SEO plugin. -->","yoast_head_json":{"title":"Fallon Speaker - Legal Aid Justice Center","robots":{"index":"index","follow":"follow","max-snippet":"max-snippet:-1","max-image-preview":"max-image-preview:large","max-video-preview":"max-video-preview:-1"},"canonical":"https:\/\/www.justice4all.org\/es\/staff\/fallon-speaker\/","og_locale":"es_ES","og_type":"article","og_title":"Fallon Speaker - Legal Aid Justice Center","og_description":"Antes de unirse a LAJC como Directora Legal de nuestro Programa de Justicia Juvenil, Fallon trabaj\u00f3 como Profesora Cl\u00ednica Asistente de Derecho y Directora de la Cl\u00ednica de Derecho de Familia Jeanette Lipman en la Facultad de Derecho de la Universidad de Richmond, donde ense\u00f1\u00f3 a los estudiantes en una cl\u00ednica legal hol\u00edstica dedicada a [&hellip;]","og_url":"https:\/\/www.justice4all.org\/es\/staff\/fallon-speaker\/","og_site_name":"Legal Aid Justice Center","article_modified_time":"2023-07-27T05:46:25+00:00","og_image":[{"width":480,"height":640,"url":"https:\/\/www.justice4all.org\/wp-content\/uploads\/2022\/09\/thumbnail_image2.jpeg","type":"image\/jpeg"}],"twitter_card":"summary_large_image","twitter_misc":{"Tiempo de lectura":"1 minuto"},"schema":{"@context":"https:\/\/schema.org","@graph":[{"@type":"WebPage","@id":"https:\/\/www.justice4all.org\/es\/staff\/fallon-speaker\/","url":"https:\/\/www.justice4all.org\/es\/staff\/fallon-speaker\/","name":"Fallon Speaker - Legal Aid Justice Center","isPartOf":{"@id":"https:\/\/www.justice4all.org\/es\/#website"},"primaryImageOfPage":{"@id":"https:\/\/www.justice4all.org\/es\/staff\/fallon-speaker\/#primaryimage"},"image":{"@id":"https:\/\/www.justice4all.org\/es\/staff\/fallon-speaker\/#primaryimage"},"thumbnailUrl":"https:\/\/www.justice4all.org\/wp-content\/uploads\/2022\/09\/thumbnail_image2.jpeg","datePublished":"2022-09-20T08:19:51+00:00","dateModified":"2023-07-27T05:46:25+00:00","breadcrumb":{"@id":"https:\/\/www.justice4all.org\/es\/staff\/fallon-speaker\/#breadcrumb"},"inLanguage":"es","potentialAction":[{"@type":"ReadAction","target":["https:\/\/www.justice4all.org\/es\/staff\/fallon-speaker\/"]}]},{"@type":"ImageObject","inLanguage":"es","@id":"https:\/\/www.justice4all.org\/es\/staff\/fallon-speaker\/#primaryimage","url":"https:\/\/www.justice4all.org\/wp-content\/uploads\/2022\/09\/thumbnail_image2.jpeg","contentUrl":"https:\/\/www.justice4all.org\/wp-content\/uploads\/2022\/09\/thumbnail_image2.jpeg","width":480,"height":640},{"@type":"BreadcrumbList","@id":"https:\/\/www.justice4all.org\/es\/staff\/fallon-speaker\/#breadcrumb","itemListElement":[{"@type":"ListItem","position":1,"name":"Home","item":"https:\/\/www.justice4all.org\/es\/"},{"@type":"ListItem","position":2,"name":"Fallon Speaker"}]},{"@type":"WebSite","@id":"https:\/\/www.justice4all.org\/es\/#website","url":"https:\/\/www.justice4all.org\/es\/","name":"Legal Aid Justice Center","description":"","potentialAction":[{"@type":"SearchAction","target":{"@type":"EntryPoint","urlTemplate":"https:\/\/www.justice4all.org\/es\/?s={search_term_string}"},"query-input":{"@type":"PropertyValueSpecification","valueRequired":true,"valueName":"search_term_string"}}],"inLanguage":"es"}]}},"_links":{"self":[{"href":"https:\/\/www.justice4all.org\/es\/wp-json\/wp\/v2\/lajc_profiles\/13293","targetHints":{"allow":["GET"]}}],"collection":[{"href":"https:\/\/www.justice4all.org\/es\/wp-json\/wp\/v2\/lajc_profiles"}],"about":[{"href":"https:\/\/www.justice4all.org\/es\/wp-json\/wp\/v2\/types\/lajc_profiles"}],"author":[{"embeddable":true,"href":"https:\/\/www.justice4all.org\/es\/wp-json\/wp\/v2\/users\/4"}],"version-history":[{"count":0,"href":"https:\/\/www.justice4all.org\/es\/wp-json\/wp\/v2\/lajc_profiles\/13293\/revisions"}],"wp:featuredmedia":[{"embeddable":true,"href":"https:\/\/www.justice4all.org\/es\/wp-json\/wp\/v2\/media\/14664"}],"wp:attachment":[{"href":"https:\/\/www.justice4all.org\/es\/wp-json\/wp\/v2\/media?parent=13293"}],"wp:term":[{"taxonomy":"lajc-tax-roles","embeddable":true,"href":"https:\/\/www.justice4all.org\/es\/wp-json\/wp\/v2\/lajc-tax-roles?post=13293"},{"taxonomy":"lajc-tax-issues","embeddable":true,"href":"https:\/\/www.justice4all.org\/es\/wp-json\/wp\/v2\/lajc-tax-issues?post=13293"},{"taxonomy":"lajc-tax-locations","embeddable":true,"href":"https:\/\/www.justice4all.org\/es\/wp-json\/wp\/v2\/lajc-tax-locations?post=13293"},{"taxonomy":"lajc-tax-profile-type","embeddable":true,"href":"https:\/\/www.justice4all.org\/es\/wp-json\/wp\/v2\/lajc-tax-profile-type?post=13293"}],"curies":[{"name":"wp","href":"https:\/\/api.w.org\/{rel}","templated":true}]}}

<p><span data-contrast="none">Antes de unirse a LAJC como Directora Legal de nuestro Programa de Justicia Juvenil, Fallon trabajó como Profesora Clínica Asistente de Derecho y Directora de la Clínica de Derecho de Familia Jeanette Lipman en la Facultad de Derecho de la Universidad de Richmond, donde enseñó a los estudiantes en una clínica legal holística dedicada a trabajar con las comunidades afectadas por las relaciones domésticas, el bienestar infantil y los procedimientos de dependencia y las áreas interseccionales de la ley.  </span><span data-contrast="none">como el consumo de sustancias, la salud mental, la vivienda, la inmigración y los servicios sociales.</span><span data-contrast="none">. </span> <span data-ccp-props="{}">&nbsp;</span></p>
<p><span data-contrast="none">Antes de trasladarse a Richmond, Fallon trabajó como abogada y jefa de equipo en el departamento de defensa de la familia de The Bronx Defenders, donde representó a padres acusados de abuso o negligencia en procedimientos de protección de menores. Durante el tiempo que desempeñó ese cargo, Fallon se mostró muy activa en política, grupos de presión, organización comunitaria y abogacía del movimiento.  </span><span data-ccp-props="{}">&nbsp;</span></p>
<p><span data-contrast="none">Fallon también fue profesora adjunta en la Facultad de Derecho Cardozo y directora de la Clínica Mainzer de Defensa de la Familia, donde enseñó y supervisó a estudiantes en audiencias de protección de menores. Fallon se licenció y se doctoró en Derecho por la Universidad de Carolina del Norte, Chapel Hill.</span><span data-ccp-props="{}">&nbsp;</span></p>

<p>Antes de unirse a LAJC como Directora Legal de nuestro Programa de Justicia Juvenil, Fallon trabajó como Profesora Clínica Asistente de Derecho y Directora de la Clínica de Derecho de Familia Jeanette Lipman en la Facultad de Derecho de la Universidad de Richmond, donde enseñó a los estudiantes en una clínica legal holística dedicada a [&hellip;]</p>

<!-- This site is optimized with the Yoast SEO plugin v27.5 - https://yoast.com/product/yoast-seo-wordpress/ -->
<title>Fallon Speaker - Legal Aid Justice Center</title>
<meta name="robots" content="index, follow, max-snippet:-1, max-image-preview:large, max-video-preview:-1" />
<link rel="canonical" href="https://www.justice4all.org/es/staff/fallon-speaker/" />
<meta property="og:locale" content="es_ES" />
<meta property="og:type" content="article" />
<meta property="og:title" content="Fallon Speaker - Legal Aid Justice Center" />
<meta property="og:description" content="Antes de unirse a LAJC como Directora Legal de nuestro Programa de Justicia Juvenil, Fallon trabajó como Profesora Clínica Asistente de Derecho y Directora de la Clínica de Derecho de Familia Jeanette Lipman en la Facultad de Derecho de la Universidad de Richmond, donde enseñó a los estudiantes en una clínica legal holística dedicada a [&hellip;]" />
<meta property="og:url" content="https://www.justice4all.org/es/staff/fallon-speaker/" />
<meta property="og:site_name" content="Legal Aid Justice Center" />
<meta property="article:modified_time" content="2023-07-27T05:46:25+00:00" />
<meta property="og:image" content="https://www.justice4all.org/wp-content/uploads/2022/09/thumbnail_image2.jpeg" />
	<meta property="og:image:width" content="480" />
	<meta property="og:image:height" content="640" />
	<meta property="og:image:type" content="image/jpeg" />
<meta name="twitter:card" content="summary_large_image" />
<meta name="twitter:label1" content="Tiempo de lectura" />
	<meta name="twitter:data1" content="1 minuto" />
<script type="application/ld+json" class="yoast-schema-graph">{"@context":"https:\/\/schema.org","@graph":[{"@type":"WebPage","@id":"https:\/\/www.justice4all.org\/es\/staff\/fallon-speaker\/","url":"https:\/\/www.justice4all.org\/es\/staff\/fallon-speaker\/","name":"Fallon Speaker - Legal Aid Justice Center","isPartOf":{"@id":"https:\/\/www.justice4all.org\/es\/#website"},"primaryImageOfPage":{"@id":"https:\/\/www.justice4all.org\/es\/staff\/fallon-speaker\/#primaryimage"},"image":{"@id":"https:\/\/www.justice4all.org\/es\/staff\/fallon-speaker\/#primaryimage"},"thumbnailUrl":"https:\/\/www.justice4all.org\/wp-content\/uploads\/2022\/09\/thumbnail_image2.jpeg","datePublished":"2022-09-20T08:19:51+00:00","dateModified":"2023-07-27T05:46:25+00:00","breadcrumb":{"@id":"https:\/\/www.justice4all.org\/es\/staff\/fallon-speaker\/#breadcrumb"},"inLanguage":"es","potentialAction":[{"@type":"ReadAction","target":["https:\/\/www.justice4all.org\/es\/staff\/fallon-speaker\/"]}]},{"@type":"ImageObject","inLanguage":"es","@id":"https:\/\/www.justice4all.org\/es\/staff\/fallon-speaker\/#primaryimage","url":"https:\/\/www.justice4all.org\/wp-content\/uploads\/2022\/09\/thumbnail_image2.jpeg","contentUrl":"https:\/\/www.justice4all.org\/wp-content\/uploads\/2022\/09\/thumbnail_image2.jpeg","width":480,"height":640},{"@type":"BreadcrumbList","@id":"https:\/\/www.justice4all.org\/es\/staff\/fallon-speaker\/#breadcrumb","itemListElement":[{"@type":"ListItem","position":1,"name":"Home","item":"https:\/\/www.justice4all.org\/es\/"},{"@type":"ListItem","position":2,"name":"Fallon Speaker"}]},{"@type":"WebSite","@id":"https:\/\/www.justice4all.org\/es\/#website","url":"https:\/\/www.justice4all.org\/es\/","name":"Legal Aid Justice Center","description":"","potentialAction":[{"@type":"SearchAction","target":{"@type":"EntryPoint","urlTemplate":"https:\/\/www.justice4all.org\/es\/?s={search_term_string}"},"query-input":{"@type":"PropertyValueSpecification","valueRequired":true,"valueName":"search_term_string"}}],"inLanguage":"es"}]}</script>
<!-- / Yoast SEO plugin. -->

Antes de unirse a LAJC como Directora Legal de nuestro Programa de Justicia Juvenil, Fallon trabajó como Profesora Clínica Asistente de Derecho y Directora de la Clínica de Derecho de Familia Jeanette Lipman en la Facultad de Derecho de la Universidad de Richmond, donde enseñó a los estudiantes en una clínica legal holística dedicada a [&hellip;]
