{"version":"1.0","provider_name":"Legal Aid Justice Center","provider_url":"https:\/\/www.justice4all.org\/es\/","author_name":"Kenzie Marier","author_url":false,"title":"Kathy Nu\u00f1es Arebalo - Legal Aid Justice Center","type":"rich","width":600,"height":338,"html":"<blockquote class=\"wp-embedded-content\" data-secret=\"nwMpaMRSqI\"><a href=\"https:\/\/www.justice4all.org\/es\/staff\/kathy-nunes-arebalo\/\">Kathy Nu\u00f1es Arebalo<\/a><\/blockquote><iframe sandbox=\"allow-scripts\" security=\"restricted\" src=\"https:\/\/www.justice4all.org\/es\/staff\/kathy-nunes-arebalo\/embed\/#?secret=nwMpaMRSqI\" width=\"600\" height=\"338\" title=\"\u00abKathy Nu\u00f1es Arebalo\u00bb \u2014 Legal Aid Justice Center\" data-secret=\"nwMpaMRSqI\" frameborder=\"0\" marginwidth=\"0\" marginheight=\"0\" scrolling=\"no\" class=\"wp-embedded-content\"><\/iframe><script type=\"text\/javascript\">\n\/* <![CDATA[ *\/\n\/*! This file is auto-generated *\/\n!function(d,l){\"use strict\";l.querySelector&&d.addEventListener&&\"undefined\"!=typeof URL&&(d.wp=d.wp||{},d.wp.receiveEmbedMessage||(d.wp.receiveEmbedMessage=function(e){var t=e.data;if((t||t.secret||t.message||t.value)&&!\/[^a-zA-Z0-9]\/.test(t.secret)){for(var s,r,n,a=l.querySelectorAll('iframe[data-secret=\"'+t.secret+'\"]'),o=l.querySelectorAll('blockquote[data-secret=\"'+t.secret+'\"]'),c=new RegExp(\"^https?:$\",\"i\"),i=0;i<o.length;i++)o[i].style.display=\"none\";for(i=0;i<a.length;i++)s=a[i],e.source===s.contentWindow&&(s.removeAttribute(\"style\"),\"height\"===t.message?(1e3<(r=parseInt(t.value,10))?r=1e3:~~r<200&&(r=200),s.height=r):\"link\"===t.message&&(r=new URL(s.getAttribute(\"src\")),n=new URL(t.value),c.test(n.protocol))&&n.host===r.host&&l.activeElement===s&&(d.top.location.href=t.value))}},d.addEventListener(\"message\",d.wp.receiveEmbedMessage,!1),l.addEventListener(\"DOMContentLoaded\",function(){for(var e,t,s=l.querySelectorAll(\"iframe.wp-embedded-content\"),r=0;r<s.length;r++)(t=(e=s[r]).getAttribute(\"data-secret\"))||(t=Math.random().toString(36).substring(2,12),e.src+=\"#?secret=\"+t,e.setAttribute(\"data-secret\",t)),e.contentWindow.postMessage({message:\"ready\",secret:t},\"*\")},!1)))}(window,document);\n\/\/# sourceURL=https:\/\/www.justice4all.org\/wp-includes\/js\/wp-embed.min.js\n\/* ]]> *\/\n<\/script>\n","thumbnail_url":"https:\/\/www.justice4all.org\/wp-content\/uploads\/2019\/12\/photo-coming-soon.jpg","thumbnail_width":200,"thumbnail_height":300,"description":"Kathy se incorpor\u00f3 a Legal Aid Justice Center en 2021. Anteriormente trabaj\u00f3 como asistente jur\u00eddica en un bufete de abogados especializados en inmigraci\u00f3n. Como estudiante universitaria, Kathy trabaj\u00f3 con otros organizadores estudiantiles para crear coaliciones que promovieran las necesidades de los estudiantes desfavorecidos. En mayo de 2021 se licenciar\u00e1 en Asuntos Mundiales con especializaci\u00f3n en [&hellip;]"}

Kathy Nuñes Arebalo - Legal Aid Justice Center

<blockquote class="wp-embedded-content" data-secret="nwMpaMRSqI"><a href="https://www.justice4all.org/es/staff/kathy-nunes-arebalo/">Kathy Nuñes Arebalo</a></blockquote><iframe sandbox="allow-scripts" security="restricted" src="https://www.justice4all.org/es/staff/kathy-nunes-arebalo/embed/#?secret=nwMpaMRSqI" width="600" height="338" title="«Kathy Nuñes Arebalo» — Legal Aid Justice Center" data-secret="nwMpaMRSqI" frameborder="0" marginwidth="0" marginheight="0" scrolling="no" class="wp-embedded-content"></iframe><script type="text/javascript">
/* <![CDATA[ */
/*! This file is auto-generated */
!function(d,l){"use strict";l.querySelector&&d.addEventListener&&"undefined"!=typeof URL&&(d.wp=d.wp||{},d.wp.receiveEmbedMessage||(d.wp.receiveEmbedMessage=function(e){var t=e.data;if((t||t.secret||t.message||t.value)&&!/[^a-zA-Z0-9]/.test(t.secret)){for(var s,r,n,a=l.querySelectorAll('iframe[data-secret="'+t.secret+'"]'),o=l.querySelectorAll('blockquote[data-secret="'+t.secret+'"]'),c=new RegExp("^https?:$","i"),i=0;i<o.length;i++)o[i].style.display="none";for(i=0;i<a.length;i++)s=a[i],e.source===s.contentWindow&&(s.removeAttribute("style"),"height"===t.message?(1e3<(r=parseInt(t.value,10))?r=1e3:~~r<200&&(r=200),s.height=r):"link"===t.message&&(r=new URL(s.getAttribute("src")),n=new URL(t.value),c.test(n.protocol))&&n.host===r.host&&l.activeElement===s&&(d.top.location.href=t.value))}},d.addEventListener("message",d.wp.receiveEmbedMessage,!1),l.addEventListener("DOMContentLoaded",function(){for(var e,t,s=l.querySelectorAll("iframe.wp-embedded-content"),r=0;r<s.length;r++)(t=(e=s[r]).getAttribute("data-secret"))||(t=Math.random().toString(36).substring(2,12),e.src+="#?secret="+t,e.setAttribute("data-secret",t)),e.contentWindow.postMessage({message:"ready",secret:t},"*")},!1)))}(window,document);
//# sourceURL=https://www.justice4all.org/wp-includes/js/wp-embed.min.js
/* ]]> */
</script>

Kathy se incorporó a Legal Aid Justice Center en 2021. Anteriormente trabajó como asistente jurídica en un bufete de abogados especializados en inmigración. Como estudiante universitaria, Kathy trabajó con otros organizadores estudiantiles para crear coaliciones que promovieran las necesidades de los estudiantes desfavorecidos. En mayo de 2021 se licenciará en Asuntos Mundiales con especialización en [&hellip;]
