{"version":"1.0","provider_name":"Legal Aid Justice Center","provider_url":"https:\/\/www.justice4all.org\/es\/","author_name":"Jeff Jones","author_url":false,"title":"Amber Banks - Legal Aid Justice Center","type":"rich","width":600,"height":338,"html":"<blockquote class=\"wp-embedded-content\" data-secret=\"oC2aegD1DT\"><a href=\"https:\/\/www.justice4all.org\/es\/staff\/amber-banks\/\">Amber Banks<\/a><\/blockquote><iframe sandbox=\"allow-scripts\" security=\"restricted\" src=\"https:\/\/www.justice4all.org\/es\/staff\/amber-banks\/embed\/#?secret=oC2aegD1DT\" width=\"600\" height=\"338\" title=\"\u00abAmber Banks\u00bb \u2014 Legal Aid Justice Center\" data-secret=\"oC2aegD1DT\" frameborder=\"0\" marginwidth=\"0\" marginheight=\"0\" scrolling=\"no\" class=\"wp-embedded-content\"><\/iframe><script type=\"text\/javascript\">\n\/* <![CDATA[ *\/\n\/*! This file is auto-generated *\/\n!function(d,l){\"use strict\";l.querySelector&&d.addEventListener&&\"undefined\"!=typeof URL&&(d.wp=d.wp||{},d.wp.receiveEmbedMessage||(d.wp.receiveEmbedMessage=function(e){var t=e.data;if((t||t.secret||t.message||t.value)&&!\/[^a-zA-Z0-9]\/.test(t.secret)){for(var s,r,n,a=l.querySelectorAll('iframe[data-secret=\"'+t.secret+'\"]'),o=l.querySelectorAll('blockquote[data-secret=\"'+t.secret+'\"]'),c=new RegExp(\"^https?:$\",\"i\"),i=0;i<o.length;i++)o[i].style.display=\"none\";for(i=0;i<a.length;i++)s=a[i],e.source===s.contentWindow&&(s.removeAttribute(\"style\"),\"height\"===t.message?(1e3<(r=parseInt(t.value,10))?r=1e3:~~r<200&&(r=200),s.height=r):\"link\"===t.message&&(r=new URL(s.getAttribute(\"src\")),n=new URL(t.value),c.test(n.protocol))&&n.host===r.host&&l.activeElement===s&&(d.top.location.href=t.value))}},d.addEventListener(\"message\",d.wp.receiveEmbedMessage,!1),l.addEventListener(\"DOMContentLoaded\",function(){for(var e,t,s=l.querySelectorAll(\"iframe.wp-embedded-content\"),r=0;r<s.length;r++)(t=(e=s[r]).getAttribute(\"data-secret\"))||(t=Math.random().toString(36).substring(2,12),e.src+=\"#?secret=\"+t,e.setAttribute(\"data-secret\",t)),e.contentWindow.postMessage({message:\"ready\",secret:t},\"*\")},!1)))}(window,document);\n\/\/# sourceURL=https:\/\/www.justice4all.org\/wp-includes\/js\/wp-embed.min.js\n\/* ]]> *\/\n<\/script>\n","description":"Amber se incorpor\u00f3 al Programa de Justicia Juvenil del Centro de Asistencia Jur\u00eddica como abogada en 2023, donde se ocupa de la defensa legal de los j\u00f3venes y las familias, centr\u00e1ndose en el cambio sist\u00e9mico para apoyar a los j\u00f3venes a permanecer con sus familias, en la escuela y fuera del sistema jur\u00eddico penal. En [&hellip;]"}

Amber se incorporó al Programa de Justicia Juvenil del Centro de Asistencia Jurídica como abogada en 2023, donde se ocupa de la defensa legal de los jóvenes y las familias, centrándose en el cambio sistémico para apoyar a los jóvenes a permanecer con sus familias, en la escuela y fuera del sistema jurídico penal. En [&hellip;]
