{"version":"1.0","provider_name":"Legal Aid Justice Center","provider_url":"https:\/\/www.justice4all.org\/es\/","author_name":"Jeff Jones","author_url":false,"title":"Una sesi\u00f3n transformadora: abogar por el cambio - Legal Aid Justice Center","type":"rich","width":600,"height":338,"html":"<blockquote class=\"wp-embedded-content\" data-secret=\"vaBvtMtq8y\"><a href=\"https:\/\/www.justice4all.org\/es\/news\/una-sesion-transformadora-abogar-por-el-cambio\/\">Una sesi\u00f3n transformadora: abogar por el cambio<\/a><\/blockquote><iframe sandbox=\"allow-scripts\" security=\"restricted\" src=\"https:\/\/www.justice4all.org\/es\/news\/una-sesion-transformadora-abogar-por-el-cambio\/embed\/#?secret=vaBvtMtq8y\" width=\"600\" height=\"338\" title=\"\u00abUna sesi\u00f3n transformadora: abogar por el cambio\u00bb \u2014 Legal Aid Justice Center\" data-secret=\"vaBvtMtq8y\" frameborder=\"0\" marginwidth=\"0\" marginheight=\"0\" scrolling=\"no\" class=\"wp-embedded-content\"><\/iframe><script type=\"text\/javascript\">\n\/* <![CDATA[ *\/\n\/*! This file is auto-generated *\/\n!function(d,l){\"use strict\";l.querySelector&&d.addEventListener&&\"undefined\"!=typeof URL&&(d.wp=d.wp||{},d.wp.receiveEmbedMessage||(d.wp.receiveEmbedMessage=function(e){var t=e.data;if((t||t.secret||t.message||t.value)&&!\/[^a-zA-Z0-9]\/.test(t.secret)){for(var s,r,n,a=l.querySelectorAll('iframe[data-secret=\"'+t.secret+'\"]'),o=l.querySelectorAll('blockquote[data-secret=\"'+t.secret+'\"]'),c=new RegExp(\"^https?:$\",\"i\"),i=0;i<o.length;i++)o[i].style.display=\"none\";for(i=0;i<a.length;i++)s=a[i],e.source===s.contentWindow&&(s.removeAttribute(\"style\"),\"height\"===t.message?(1e3<(r=parseInt(t.value,10))?r=1e3:~~r<200&&(r=200),s.height=r):\"link\"===t.message&&(r=new URL(s.getAttribute(\"src\")),n=new URL(t.value),c.test(n.protocol))&&n.host===r.host&&l.activeElement===s&&(d.top.location.href=t.value))}},d.addEventListener(\"message\",d.wp.receiveEmbedMessage,!1),l.addEventListener(\"DOMContentLoaded\",function(){for(var e,t,s=l.querySelectorAll(\"iframe.wp-embedded-content\"),r=0;r<s.length;r++)(t=(e=s[r]).getAttribute(\"data-secret\"))||(t=Math.random().toString(36).substring(2,12),e.src+=\"#?secret=\"+t,e.setAttribute(\"data-secret\",t)),e.contentWindow.postMessage({message:\"ready\",secret:t},\"*\")},!1)))}(window,document);\n\/\/# sourceURL=https:\/\/www.justice4all.org\/wp-includes\/js\/wp-embed.min.js\n\/* ]]> *\/\n<\/script>\n","description":"En medio de una crisis, puede ser dif\u00edcil hablar de otra cosa, pero quer\u00edamos tomarnos un minuto y compartir con ustedes algunos resultados verdaderamente transformadores de nuestros esfuerzos de defensa en la sesi\u00f3n de la Asamblea General de Virginia 2020 que termin\u00f3 el 12 de marzo. Su apoyo ha hecho posible todo esto. Este a\u00f1o [&hellip;]","thumbnail_url":"https:\/\/www.justice4all.org\/wp-content\/uploads\/2020\/04\/end-of-session-banner-image-1024x439.png"}

Una sesión transformadora: abogar por el cambio - Legal Aid Justice Center

<blockquote class="wp-embedded-content" data-secret="vaBvtMtq8y"><a href="https://www.justice4all.org/es/news/una-sesion-transformadora-abogar-por-el-cambio/">Una sesión transformadora: abogar por el cambio</a></blockquote><iframe sandbox="allow-scripts" security="restricted" src="https://www.justice4all.org/es/news/una-sesion-transformadora-abogar-por-el-cambio/embed/#?secret=vaBvtMtq8y" width="600" height="338" title="«Una sesión transformadora: abogar por el cambio» — Legal Aid Justice Center" data-secret="vaBvtMtq8y" frameborder="0" marginwidth="0" marginheight="0" scrolling="no" class="wp-embedded-content"></iframe><script type="text/javascript">
/* <![CDATA[ */
/*! This file is auto-generated */
!function(d,l){"use strict";l.querySelector&&d.addEventListener&&"undefined"!=typeof URL&&(d.wp=d.wp||{},d.wp.receiveEmbedMessage||(d.wp.receiveEmbedMessage=function(e){var t=e.data;if((t||t.secret||t.message||t.value)&&!/[^a-zA-Z0-9]/.test(t.secret)){for(var s,r,n,a=l.querySelectorAll('iframe[data-secret="'+t.secret+'"]'),o=l.querySelectorAll('blockquote[data-secret="'+t.secret+'"]'),c=new RegExp("^https?:$","i"),i=0;i<o.length;i++)o[i].style.display="none";for(i=0;i<a.length;i++)s=a[i],e.source===s.contentWindow&&(s.removeAttribute("style"),"height"===t.message?(1e3<(r=parseInt(t.value,10))?r=1e3:~~r<200&&(r=200),s.height=r):"link"===t.message&&(r=new URL(s.getAttribute("src")),n=new URL(t.value),c.test(n.protocol))&&n.host===r.host&&l.activeElement===s&&(d.top.location.href=t.value))}},d.addEventListener("message",d.wp.receiveEmbedMessage,!1),l.addEventListener("DOMContentLoaded",function(){for(var e,t,s=l.querySelectorAll("iframe.wp-embedded-content"),r=0;r<s.length;r++)(t=(e=s[r]).getAttribute("data-secret"))||(t=Math.random().toString(36).substring(2,12),e.src+="#?secret="+t,e.setAttribute("data-secret",t)),e.contentWindow.postMessage({message:"ready",secret:t},"*")},!1)))}(window,document);
//# sourceURL=https://www.justice4all.org/wp-includes/js/wp-embed.min.js
/* ]]> */
</script>

En medio de una crisis, puede ser difícil hablar de otra cosa, pero queríamos tomarnos un minuto y compartir con ustedes algunos resultados verdaderamente transformadores de nuestros esfuerzos de defensa en la sesión de la Asamblea General de Virginia 2020 que terminó el 12 de marzo. Su apoyo ha hecho posible todo esto. Este año [&hellip;]
