{"version":"1.0","provider_name":"Legal Aid Justice Center","provider_url":"https:\/\/www.justice4all.org\/es\/","author_name":"Angela Ciolfi","author_url":false,"title":"Nuestras prioridades legislativas de VA para 2018 - Legal Aid Justice Center","type":"rich","width":600,"height":338,"html":"<blockquote class=\"wp-embedded-content\" data-secret=\"NRADvWW5ar\"><a href=\"https:\/\/www.justice4all.org\/es\/news\/nuestras-prioridades-legislativas-de-va-para-2018\/\">Nuestras prioridades legislativas de VA para 2018<\/a><\/blockquote><iframe sandbox=\"allow-scripts\" security=\"restricted\" src=\"https:\/\/www.justice4all.org\/es\/news\/nuestras-prioridades-legislativas-de-va-para-2018\/embed\/#?secret=NRADvWW5ar\" width=\"600\" height=\"338\" title=\"\u00abNuestras prioridades legislativas de VA para 2018\u00bb \u2014 Legal Aid Justice Center\" data-secret=\"NRADvWW5ar\" frameborder=\"0\" marginwidth=\"0\" marginheight=\"0\" scrolling=\"no\" class=\"wp-embedded-content\"><\/iframe><script type=\"text\/javascript\">\n\/* <![CDATA[ *\/\n\/*! This file is auto-generated *\/\n!function(d,l){\"use strict\";l.querySelector&&d.addEventListener&&\"undefined\"!=typeof URL&&(d.wp=d.wp||{},d.wp.receiveEmbedMessage||(d.wp.receiveEmbedMessage=function(e){var t=e.data;if((t||t.secret||t.message||t.value)&&!\/[^a-zA-Z0-9]\/.test(t.secret)){for(var s,r,n,a=l.querySelectorAll('iframe[data-secret=\"'+t.secret+'\"]'),o=l.querySelectorAll('blockquote[data-secret=\"'+t.secret+'\"]'),c=new RegExp(\"^https?:$\",\"i\"),i=0;i<o.length;i++)o[i].style.display=\"none\";for(i=0;i<a.length;i++)s=a[i],e.source===s.contentWindow&&(s.removeAttribute(\"style\"),\"height\"===t.message?(1e3<(r=parseInt(t.value,10))?r=1e3:~~r<200&&(r=200),s.height=r):\"link\"===t.message&&(r=new URL(s.getAttribute(\"src\")),n=new URL(t.value),c.test(n.protocol))&&n.host===r.host&&l.activeElement===s&&(d.top.location.href=t.value))}},d.addEventListener(\"message\",d.wp.receiveEmbedMessage,!1),l.addEventListener(\"DOMContentLoaded\",function(){for(var e,t,s=l.querySelectorAll(\"iframe.wp-embedded-content\"),r=0;r<s.length;r++)(t=(e=s[r]).getAttribute(\"data-secret\"))||(t=Math.random().toString(36).substring(2,12),e.src+=\"#?secret=\"+t,e.setAttribute(\"data-secret\",t)),e.contentWindow.postMessage({message:\"ready\",secret:t},\"*\")},!1)))}(window,document);\n\/\/# sourceURL=https:\/\/www.justice4all.org\/wp-includes\/js\/wp-embed.min.js\n\/* ]]> *\/\n<\/script>\n","description":"Queridos amigos de LAJC,&nbsp; &nbsp;&nbsp; \u00a1La sesi\u00f3n legislativa de Virginia de 2018 est\u00e1 en marcha! La sesi\u00f3n comenz\u00f3 el mi\u00e9rcoles10 de enero, mientras la legislatura trabajaba para organizarse en medio de muchas caras nuevas y un nuevo edificio: este a\u00f1o -y durante al menos tres sesiones m\u00e1s hasta que se termine un nuevo edificio- la [&hellip;]"}

Queridos amigos de LAJC,&nbsp; &nbsp;&nbsp; ¡La sesión legislativa de Virginia de 2018 está en marcha! La sesión comenzó el miércoles10 de enero, mientras la legislatura trabajaba para organizarse en medio de muchas caras nuevas y un nuevo edificio: este año -y durante al menos tres sesiones más hasta que se termine un nuevo edificio- la [&hellip;]
